{"id":3133,"date":"2025-09-17T09:45:35","date_gmt":"2025-09-17T12:45:35","guid":{"rendered":"http:\/\/localhost\/portal-ufmg\/?page_id=2630"},"modified":"2025-09-17T09:47:36","modified_gmt":"2025-09-17T12:47:36","slug":"montes-claros","status":"publish","type":"page","link":"http:\/\/150.164.63.212:9000\/portal-novo-dev\/a-universidade\/ufmg-e-a-cidade\/montes-claros\/","title":{"rendered":"Montes Claros"},"content":{"rendered":"\n<hr class=\"wp-block-separator has-alpha-channel-opacity\"\/>\n\n\n\n<details class=\"wp-block-ufmg-navigation-menu group py-4\" open><summary class=\"bg-neutral-100 text-primary-400 flex items-center gap-2 p-2 rounded [&amp;&gt;i]:text-[1rem] md:[&amp;&gt;i]:text-[1.25rem] group-open:[&amp;&gt;i]:-rotate-180 [&amp;&gt;i]:transition-transform cursor-pointer\"><span class=\"basis-full text-base md:text-lg font-semibold\">Outras cidades<\/span><i class=\"ti ti-chevrons-down\"><\/i><\/summary><ul class=\"[&amp;_li]:text-base md:[&amp;_li]:text-lg [&amp;_li]:border-b [&amp;_li]:border-b-neutral-200 [&amp;_li]:px-1 [&amp;_li]:py-2 [&amp;_li_a]:block [&amp;_li_a]:py-1 [&amp;_li_a]:pl-4 [&amp;_li_a]:text-neutral-600 [&amp;_li_a]:rounded aria-[current=page]:[&amp;_li_a]:bg-primary-300 aria-[current=page]:[&amp;_li_a]:text-neutral-50 hover:[&amp;_li_a]:bg-primary-300 hover:[&amp;_li_a]:text-neutral-50 [&amp;_li_a]:transition-colors\"><li class=\" wp-block-navigation-item wp-block-navigation-link\"><a class=\"wp-block-navigation-item__content\"  href=\"http:\/\/150.164.63.212:9000\/portal-novo-dev\/ufmg-e-a-cidade\/belo-horizonte\/\"><span class=\"wp-block-navigation-item__label\">Belo Horizonte<\/span><\/a><\/li>\n\n<li class=\" wp-block-navigation-item wp-block-navigation-link\"><a class=\"wp-block-navigation-item__content\"  href=\"http:\/\/150.164.63.212:9000\/portal-novo-dev\/ufmg-e-a-cidade\/diamantina\/\"><span class=\"wp-block-navigation-item__label\">Diamantina<\/span><\/a><\/li>\n\n<li class=\" wp-block-navigation-item wp-block-navigation-link\"><a class=\"wp-block-navigation-item__content\"  href=\"http:\/\/150.164.63.212:9000\/portal-novo-dev\/a-universidade\/ufmg-e-a-cidade\/montes-claros\/\"><span class=\"wp-block-navigation-item__label\">Montes Claros<\/span><\/a><\/li>\n\n<li class=\" wp-block-navigation-item wp-block-navigation-link\"><a class=\"wp-block-navigation-item__content\"  href=\"http:\/\/150.164.63.212:9000\/portal-novo-dev\/ufmg-e-a-cidade\/tiradentes\/\"><span class=\"wp-block-navigation-item__label\">Tiradentes<\/span><\/a><\/li><\/ul><\/details>\n\n\n\n<p>Polo influente na regi\u00e3o Norte de Minas Gerais, Montes Claros conta com a presen\u00e7a da UFMG em sua regi\u00e3o, por meio de campus regional, onde funciona o&nbsp;<a href=\"http:\/\/www.ica.ufmg.br\/\" target=\"_blank\" rel=\"noreferrer noopener\">Instituto de Ci\u00eancias Agr\u00e1rias<\/a>&nbsp;(ICA).<\/p>\n\n\n\n\n\t<figure data-size=\"large\"\n\t\tclass=\"group space-y-2 data-[size=small]:w-[21rem] sm:data-[size=medium]:w-[40rem] lg:data-[size=small]:float-left lg:data-[size=small]:mr-8 mx-auto\">\n\t\t\t\t\t<img loading=\"lazy\" decoding=\"async\" width=\"640\" height=\"400\" src=\"http:\/\/150.164.63.212:9000\/portal-novo-dev\/app\/uploads\/2025\/06\/8e9d1277fe12fb10cb09ad2b690af531_14900344338732_478141330-712x445.jpg\" class=\"group-data-[size=small]:w-[21rem] group-data-[size=small]:h-[29.75rem] sm:group-data-[size=medium]:w-[40rem] sm:group-data-[size=small]:h-[27.8125rem] lg:group-data-[size=medium]:h-[27.8125rem] group-data-[size=large]:w-full group-data-[size=large]:h-[9.875rem] md:group-data-[size=large]:h-[27.8125rem] rounded object-fill\" alt=\"\" \/>\t\t\t\t<div\n\t\t\tclass=\"group-data-[size=small]:w-[21rem] px-3 pt-3 pb-6 md:px-6 group-data-[size=small]:px-3 text-neutral-300 text-xs md:text-sm\">\n\t\t\t<figcaption title=\"Campus da UFMG em Montes Claros\" class=\"block line-clamp-4 md:line-clamp-3\">\n\t\t\t\tCampus da UFMG em Montes Claros\t\t\t<\/figcaption>\n\t\t\t<cite\n\t\t\t\tclass=\"relative block not-italic after:absolute after:left-0 after:right-0 after:-bottom-3 after:h-px after:bg-neutral-100\">\n\t\t\t\tLucas Braga | UFMG\t\t\t<\/cite>\n\t\t<\/div>\n\t<\/figure>\n\n\n\n<p>Para a unidade, a Universidade atrai alunos de todo o pa\u00eds, devido \u00e0 oferta de cursos de p\u00f3s-gradua\u00e7\u00e3o e de gradua\u00e7\u00e3o &#8211; Agronomia, Administra\u00e7\u00e3o. Engenharia de Alimentos, Engenharia Agr\u00edcola e Ambiental, Engenharia Florestal e Zootecnia.<\/p>\n\n\n\n<p>A presen\u00e7a da institui\u00e7\u00e3o na cidade vai al\u00e9m das salas de aula e de laborat\u00f3rios, promovendo atividades de extens\u00e3o, o resgate dos saberes tradicionais das popula\u00e7\u00f5es locais e colaborando para o desenvolvimento social e educacional da comunidade da regi\u00e3o.<\/p>\n\n\n\n\n\t<figure data-size=\"large\"\n\t\tclass=\"group space-y-2 data-[size=small]:w-[21rem] sm:data-[size=medium]:w-[40rem] lg:data-[size=small]:float-left lg:data-[size=small]:mr-8 mx-auto\">\n\t\t\t\t\t<img loading=\"lazy\" decoding=\"async\" width=\"640\" height=\"400\" src=\"http:\/\/150.164.63.212:9000\/portal-novo-dev\/app\/uploads\/2025\/06\/dfe0c257a45f847f1007094cb3215288_14901106510873_1412963252-712x445.jpg\" class=\"group-data-[size=small]:w-[21rem] group-data-[size=small]:h-[29.75rem] sm:group-data-[size=medium]:w-[40rem] sm:group-data-[size=small]:h-[27.8125rem] lg:group-data-[size=medium]:h-[27.8125rem] group-data-[size=large]:w-full group-data-[size=large]:h-[9.875rem] md:group-data-[size=large]:h-[27.8125rem] rounded object-fill\" alt=\"\" \/>\t\t\t\t<div\n\t\t\tclass=\"group-data-[size=small]:w-[21rem] px-3 pt-3 pb-6 md:px-6 group-data-[size=small]:px-3 text-neutral-300 text-xs md:text-sm\">\n\t\t\t<figcaption title=\"Projeto Iogurte de Coquinho do Cerrado\" class=\"block line-clamp-4 md:line-clamp-3\">\n\t\t\t\tProjeto Iogurte de Coquinho do Cerrado\t\t\t<\/figcaption>\n\t\t\t<cite\n\t\t\t\tclass=\"relative block not-italic after:absolute after:left-0 after:right-0 after:-bottom-3 after:h-px after:bg-neutral-100\">\n\t\t\t\tLucas Braga UFMG\t\t\t<\/cite>\n\t\t<\/div>\n\t<\/figure>\n\n\n\n<h2 class=\"wp-block-heading\">Bandeirantes<\/h2>\n\n\n\n<p>Consta que, at\u00e9 a d\u00e9cada de 1760, os povos ind\u00edgenas Anais e Tapuias habitavam a regi\u00e3o de Montes Claros. Por volta do ano de 1768, uma expedi\u00e7\u00e3o de bandeirantes chegou na regi\u00e3o em busca de pedras preciosas. A presen\u00e7a dos exploradores foi se consolidando por meio de outras atividades produtivas e, ao longo das d\u00e9cadas seguintes, formou-se uma vila em torno da chamada Fazenda Montes Claros. Em 1857, com dois mil habitantes, a vila foi elevada \u00e0 condi\u00e7\u00e3o de cidade com o nome Montes Claros.<\/p>\n\n\n\n\n\t<figure data-size=\"medium\"\n\t\tclass=\"group space-y-2 data-[size=small]:w-[21rem] sm:data-[size=medium]:w-[40rem] lg:data-[size=small]:float-left lg:data-[size=small]:mr-8 mx-auto\">\n\t\t\t\t\t<img loading=\"lazy\" decoding=\"async\" width=\"640\" height=\"445\" src=\"http:\/\/150.164.63.212:9000\/portal-novo-dev\/app\/uploads\/2025\/06\/9243dd2b5fa856723945cb1b8c6f284f_14900351630513_1827121852-640x445.jpg\" class=\"group-data-[size=small]:w-[21rem] group-data-[size=small]:h-[29.75rem] sm:group-data-[size=medium]:w-[40rem] sm:group-data-[size=small]:h-[27.8125rem] lg:group-data-[size=medium]:h-[27.8125rem] group-data-[size=large]:w-full group-data-[size=large]:h-[9.875rem] md:group-data-[size=large]:h-[27.8125rem] rounded object-fill\" alt=\"\" \/>\t\t\t\t<div\n\t\t\tclass=\"group-data-[size=small]:w-[21rem] px-3 pt-3 pb-6 md:px-6 group-data-[size=small]:px-3 text-neutral-300 text-xs md:text-sm\">\n\t\t\t<figcaption title=\"Cidade de Montes Claros\" class=\"block line-clamp-4 md:line-clamp-3\">\n\t\t\t\tCidade de Montes Claros\t\t\t<\/figcaption>\n\t\t\t<cite\n\t\t\t\tclass=\"relative block not-italic after:absolute after:left-0 after:right-0 after:-bottom-3 after:h-px after:bg-neutral-100\">\n\t\t\t\tLucas Braga UFMG\t\t\t<\/cite>\n\t\t<\/div>\n\t<\/figure>\n\n\n\n<p>Hoje, com popula\u00e7\u00e3o de 400 mil habitantes, o munic\u00edpio, \u201ccapital do pequi\u201d, se destaca pela variedade de suas atividades econ\u00f4micas \u2013 industriais, agropecu\u00e1rias, comerciais e extrativas. Tamb\u00e9m o setor de ensino superior \u00e9 expressivo: al\u00e9m da UFMG, a cidade conta com a Universidade Estadual de Montes Claros, o Instituto Federal do Norte de Minas Gerais e diversas faculdades particulares.<\/p>\n\n\n\n<p>Montes Claros possui atualmente infraestrutura diversificada para visitantes e investidores, contando com aeroporto, est\u00e1dio de futebol, feiras, museu, parques e importantes s\u00edtios arqueol\u00f3gicos.<\/p>\n\n\n\n\n\t<figure data-size=\"large\"\n\t\tclass=\"group space-y-2 data-[size=small]:w-[21rem] sm:data-[size=medium]:w-[40rem] lg:data-[size=small]:float-left lg:data-[size=small]:mr-8 mx-auto\">\n\t\t\t\t\t<img loading=\"lazy\" decoding=\"async\" width=\"640\" height=\"330\" src=\"http:\/\/150.164.63.212:9000\/portal-novo-dev\/app\/uploads\/2025\/06\/a384ba5b591aca758cb1a550b700b6ff_14900354234874_751387956-864x445.jpg\" class=\"group-data-[size=small]:w-[21rem] group-data-[size=small]:h-[29.75rem] sm:group-data-[size=medium]:w-[40rem] sm:group-data-[size=small]:h-[27.8125rem] lg:group-data-[size=medium]:h-[27.8125rem] group-data-[size=large]:w-full group-data-[size=large]:h-[9.875rem] md:group-data-[size=large]:h-[27.8125rem] rounded object-fill\" alt=\"\" \/>\t\t\t\t<div\n\t\t\tclass=\"group-data-[size=small]:w-[21rem] px-3 pt-3 pb-6 md:px-6 group-data-[size=small]:px-3 text-neutral-300 text-xs md:text-sm\">\n\t\t\t<figcaption title=\"Agricultura\" class=\"block line-clamp-4 md:line-clamp-3\">\n\t\t\t\tAgricultura\t\t\t<\/figcaption>\n\t\t\t<cite\n\t\t\t\tclass=\"relative block not-italic after:absolute after:left-0 after:right-0 after:-bottom-3 after:h-px after:bg-neutral-100\">\n\t\t\t\tLucas Braga UFMG\t\t\t<\/cite>\n\t\t<\/div>\n\t<\/figure>\n\n\n\n<h2 class=\"wp-block-heading\">Atra\u00e7\u00f5es<\/h2>\n\n\n\n<p>Segundo informa\u00e7\u00f5es da Prefeitura local, s\u00e3o 164 s\u00edtios catalogados, \u201ctendo como principal, o complexo espeleol\u00f3gico da Lapa Grande, dada a sua import\u00e2ncia arqueol\u00f3gica. De potencial tur\u00edstico os s\u00edtios Lapa D&#8217;\u00c1gua e Lapa da Nascente, guardam em seus sedimentos restos de animais f\u00f3sseis e possuem ornamenta\u00e7\u00f5es de grande beleza. Nesses s\u00edtios existem rios subterr\u00e2neos com mais de 1 km de extens\u00e3o.<\/p>\n\n\n\n<p>Com parques urbano e de prote\u00e7\u00e3o ambiental, Montes Claros oferece \u00e1rea verde aberta para atividades de lazer para todos. No Parque Municipal Milton Prates, o visitante pode usufruir de atra\u00e7\u00f5es como lagoa com pedalinhos, restaurante, play-ground, quadras de esportes com chuveiro, campo de futebol, pista de bicicross; Ao lado do Parque est\u00e1 o zool\u00f3gico da cidade.<\/p>\n\n\n\n<p>J\u00e1 o&nbsp;Parque da Sapucaia \u00e9 uma reserva florestal. Ideal para aeromodelismo e pistas para ultra-leves e v\u00f4os de Asa Delta, piqueniques, pr\u00e1ticas de montanhismo e corridas r\u00fasticas. Possui um telef\u00e9rico com capacidade para 90 pessoas. &nbsp;<\/p>\n\n\n\n<p>No Parque Guimar\u00e3es Rosa, localizado&nbsp;\u00e0s margens do C\u00f3rrego Carrapato, zona urbana, a popula\u00e7\u00e3o pode usufruir dos recursos naturais, com&nbsp;educacionais, cient\u00edficos, recreativos e tur\u00edsticos.<\/p>\n\n\n\n<h2 class=\"wp-block-heading\">Galeria de Montes Claros<\/h2>\n\n\n\n\n\t<figure data-size=\"large\"\n\t\tclass=\"group space-y-2 data-[size=small]:w-[21rem] sm:data-[size=medium]:w-[40rem] lg:data-[size=small]:float-left lg:data-[size=small]:mr-8 mx-auto\">\n\t\t\t\t\t<img loading=\"lazy\" decoding=\"async\" width=\"640\" height=\"330\" src=\"http:\/\/150.164.63.212:9000\/portal-novo-dev\/app\/uploads\/2025\/06\/37d80f97a8f60b714011c91346195469_14901057819409_825524708-864x445.jpg\" class=\"group-data-[size=small]:w-[21rem] group-data-[size=small]:h-[29.75rem] sm:group-data-[size=medium]:w-[40rem] sm:group-data-[size=small]:h-[27.8125rem] lg:group-data-[size=medium]:h-[27.8125rem] group-data-[size=large]:w-full group-data-[size=large]:h-[9.875rem] md:group-data-[size=large]:h-[27.8125rem] rounded object-fill\" alt=\"\" \/>\t\t\t\t<div\n\t\t\tclass=\"group-data-[size=small]:w-[21rem] px-3 pt-3 pb-6 md:px-6 group-data-[size=small]:px-3 text-neutral-300 text-xs md:text-sm\">\n\t\t\t<figcaption title=\"Flor de pequi\" class=\"block line-clamp-4 md:line-clamp-3\">\n\t\t\t\tFlor de pequi\t\t\t<\/figcaption>\n\t\t\t<cite\n\t\t\t\tclass=\"relative block not-italic after:absolute after:left-0 after:right-0 after:-bottom-3 after:h-px after:bg-neutral-100\">\n\t\t\t\tF\u00e1bio Mar\u00e7al\t\t\t<\/cite>\n\t\t<\/div>\n\t<\/figure>\n\n\n\n\n\t<figure data-size=\"large\"\n\t\tclass=\"group space-y-2 data-[size=small]:w-[21rem] sm:data-[size=medium]:w-[40rem] lg:data-[size=small]:float-left lg:data-[size=small]:mr-8 mx-auto\">\n\t\t\t\t\t<img loading=\"lazy\" decoding=\"async\" width=\"640\" height=\"330\" src=\"http:\/\/150.164.63.212:9000\/portal-novo-dev\/app\/uploads\/2025\/06\/94073e1919184ca0863ef8847f04a6ad_14901058902202_1605530421-864x445.jpg\" class=\"group-data-[size=small]:w-[21rem] group-data-[size=small]:h-[29.75rem] sm:group-data-[size=medium]:w-[40rem] sm:group-data-[size=small]:h-[27.8125rem] lg:group-data-[size=medium]:h-[27.8125rem] group-data-[size=large]:w-full group-data-[size=large]:h-[9.875rem] md:group-data-[size=large]:h-[27.8125rem] rounded object-fill\" alt=\"\" \/>\t\t\t\t<div\n\t\t\tclass=\"group-data-[size=small]:w-[21rem] px-3 pt-3 pb-6 md:px-6 group-data-[size=small]:px-3 text-neutral-300 text-xs md:text-sm\">\n\t\t\t<figcaption title=\"Parque Municipal\" class=\"block line-clamp-4 md:line-clamp-3\">\n\t\t\t\tParque Municipal\t\t\t<\/figcaption>\n\t\t\t<cite\n\t\t\t\tclass=\"relative block not-italic after:absolute after:left-0 after:right-0 after:-bottom-3 after:h-px after:bg-neutral-100\">\n\t\t\t\tF\u00e1bio Mar\u00e7al\t\t\t<\/cite>\n\t\t<\/div>\n\t<\/figure>\n\n\n\n\n\t<figure data-size=\"large\"\n\t\tclass=\"group space-y-2 data-[size=small]:w-[21rem] sm:data-[size=medium]:w-[40rem] lg:data-[size=small]:float-left lg:data-[size=small]:mr-8 mx-auto\">\n\t\t\t\t\t<img loading=\"lazy\" decoding=\"async\" width=\"640\" height=\"330\" src=\"http:\/\/150.164.63.212:9000\/portal-novo-dev\/app\/uploads\/2025\/06\/8febc633f90221d400239e030d1fca8c_1490106009889_22316538-864x445.jpg\" class=\"group-data-[size=small]:w-[21rem] group-data-[size=small]:h-[29.75rem] sm:group-data-[size=medium]:w-[40rem] sm:group-data-[size=small]:h-[27.8125rem] lg:group-data-[size=medium]:h-[27.8125rem] group-data-[size=large]:w-full group-data-[size=large]:h-[9.875rem] md:group-data-[size=large]:h-[27.8125rem] rounded object-fill\" alt=\"\" \/>\t\t\t\t<div\n\t\t\tclass=\"group-data-[size=small]:w-[21rem] px-3 pt-3 pb-6 md:px-6 group-data-[size=small]:px-3 text-neutral-300 text-xs md:text-sm\">\n\t\t\t<figcaption title=\"Ip\u00ea Amarelo, \u00e1rvore nativa do cerrado\" class=\"block line-clamp-4 md:line-clamp-3\">\n\t\t\t\tIp\u00ea Amarelo, \u00e1rvore nativa do cerrado\t\t\t<\/figcaption>\n\t\t\t<cite\n\t\t\t\tclass=\"relative block not-italic after:absolute after:left-0 after:right-0 after:-bottom-3 after:h-px after:bg-neutral-100\">\n\t\t\t\tF\u00e1bio Mar\u00e7al\t\t\t<\/cite>\n\t\t<\/div>\n\t<\/figure>\n\n\n\n\n\t<figure data-size=\"large\"\n\t\tclass=\"group space-y-2 data-[size=small]:w-[21rem] sm:data-[size=medium]:w-[40rem] lg:data-[size=small]:float-left lg:data-[size=small]:mr-8 mx-auto\">\n\t\t\t\t\t<img loading=\"lazy\" decoding=\"async\" width=\"640\" height=\"330\" src=\"http:\/\/150.164.63.212:9000\/portal-novo-dev\/app\/uploads\/2025\/06\/bb0b343fb91ca745d556471dac9861d3_14901064043269_1657347208-864x445.jpg\" class=\"group-data-[size=small]:w-[21rem] group-data-[size=small]:h-[29.75rem] sm:group-data-[size=medium]:w-[40rem] sm:group-data-[size=small]:h-[27.8125rem] lg:group-data-[size=medium]:h-[27.8125rem] group-data-[size=large]:w-full group-data-[size=large]:h-[9.875rem] md:group-data-[size=large]:h-[27.8125rem] rounded object-fill\" alt=\"\" \/>\t\t\t\t<div\n\t\t\tclass=\"group-data-[size=small]:w-[21rem] px-3 pt-3 pb-6 md:px-6 group-data-[size=small]:px-3 text-neutral-300 text-xs md:text-sm\">\n\t\t\t<figcaption title=\"Mercado Central de Montes Claros\" class=\"block line-clamp-4 md:line-clamp-3\">\n\t\t\t\tMercado Central de Montes Claros\t\t\t<\/figcaption>\n\t\t\t<cite\n\t\t\t\tclass=\"relative block not-italic after:absolute after:left-0 after:right-0 after:-bottom-3 after:h-px after:bg-neutral-100\">\n\t\t\t\tF\u00e1bio Mar\u00e7al\t\t\t<\/cite>\n\t\t<\/div>\n\t<\/figure>\n\n\n\n\n\t<figure data-size=\"large\"\n\t\tclass=\"group space-y-2 data-[size=small]:w-[21rem] sm:data-[size=medium]:w-[40rem] lg:data-[size=small]:float-left lg:data-[size=small]:mr-8 mx-auto\">\n\t\t\t\t\t<img loading=\"lazy\" decoding=\"async\" width=\"640\" height=\"330\" src=\"http:\/\/150.164.63.212:9000\/portal-novo-dev\/app\/uploads\/2025\/06\/57859e84ebc89e05d19206f3ad0a8c05_14901064764495_644288415-864x445.jpg\" class=\"group-data-[size=small]:w-[21rem] group-data-[size=small]:h-[29.75rem] sm:group-data-[size=medium]:w-[40rem] sm:group-data-[size=small]:h-[27.8125rem] lg:group-data-[size=medium]:h-[27.8125rem] group-data-[size=large]:w-full group-data-[size=large]:h-[9.875rem] md:group-data-[size=large]:h-[27.8125rem] rounded object-fill\" alt=\"\" \/>\t\t\t\t<div\n\t\t\tclass=\"group-data-[size=small]:w-[21rem] px-3 pt-3 pb-6 md:px-6 group-data-[size=small]:px-3 text-neutral-300 text-xs md:text-sm\">\n\t\t\t<figcaption title=\"Catop\u00eas de Montes Claros\" class=\"block line-clamp-4 md:line-clamp-3\">\n\t\t\t\tCatop\u00eas de Montes Claros\t\t\t<\/figcaption>\n\t\t\t<cite\n\t\t\t\tclass=\"relative block not-italic after:absolute after:left-0 after:right-0 after:-bottom-3 after:h-px after:bg-neutral-100\">\n\t\t\t\tF\u00e1bio Mar\u00e7al\t\t\t<\/cite>\n\t\t<\/div>\n\t<\/figure>\n\n\n\n\n\t<figure data-size=\"large\"\n\t\tclass=\"group space-y-2 data-[size=small]:w-[21rem] sm:data-[size=medium]:w-[40rem] lg:data-[size=small]:float-left lg:data-[size=small]:mr-8 mx-auto\">\n\t\t\t\t\t<img loading=\"lazy\" decoding=\"async\" width=\"640\" height=\"330\" src=\"http:\/\/150.164.63.212:9000\/portal-novo-dev\/app\/uploads\/2025\/06\/7e2522e85ad9565142ef879bcb44f56f_14901065974924_1311867014-864x445.jpg\" class=\"group-data-[size=small]:w-[21rem] group-data-[size=small]:h-[29.75rem] sm:group-data-[size=medium]:w-[40rem] sm:group-data-[size=small]:h-[27.8125rem] lg:group-data-[size=medium]:h-[27.8125rem] group-data-[size=large]:w-full group-data-[size=large]:h-[9.875rem] md:group-data-[size=large]:h-[27.8125rem] rounded object-fill\" alt=\"\" \/>\t\t\t\t<div\n\t\t\tclass=\"group-data-[size=small]:w-[21rem] px-3 pt-3 pb-6 md:px-6 group-data-[size=small]:px-3 text-neutral-300 text-xs md:text-sm\">\n\t\t\t<figcaption title=\"Gin\u00e1sio Poilesportivo Presidente Tancredo Neves\" class=\"block line-clamp-4 md:line-clamp-3\">\n\t\t\t\tGin\u00e1sio Poilesportivo Presidente Tancredo Neves\t\t\t<\/figcaption>\n\t\t\t<cite\n\t\t\t\tclass=\"relative block not-italic after:absolute after:left-0 after:right-0 after:-bottom-3 after:h-px after:bg-neutral-100\">\n\t\t\t\tF\u00e1bio Mar\u00e7al\t\t\t<\/cite>\n\t\t<\/div>\n\t<\/figure>\n\n\n\n\n\t<figure data-size=\"large\"\n\t\tclass=\"group space-y-2 data-[size=small]:w-[21rem] sm:data-[size=medium]:w-[40rem] lg:data-[size=small]:float-left lg:data-[size=small]:mr-8 mx-auto\">\n\t\t\t\t\t<img loading=\"lazy\" decoding=\"async\" width=\"640\" height=\"330\" src=\"http:\/\/150.164.63.212:9000\/portal-novo-dev\/app\/uploads\/2025\/06\/9c160b73af522014db4182df4770d37d_14901069022033_1916504526-864x445.jpg\" class=\"group-data-[size=small]:w-[21rem] group-data-[size=small]:h-[29.75rem] sm:group-data-[size=medium]:w-[40rem] sm:group-data-[size=small]:h-[27.8125rem] lg:group-data-[size=medium]:h-[27.8125rem] group-data-[size=large]:w-full group-data-[size=large]:h-[9.875rem] md:group-data-[size=large]:h-[27.8125rem] rounded object-fill\" alt=\"\" \/>\t\t\t\t<div\n\t\t\tclass=\"group-data-[size=small]:w-[21rem] px-3 pt-3 pb-6 md:px-6 group-data-[size=small]:px-3 text-neutral-300 text-xs md:text-sm\">\n\t\t\t<figcaption title=\"Inaugura\u00e7\u00e3o do Corredor Cultural\" class=\"block line-clamp-4 md:line-clamp-3\">\n\t\t\t\tInaugura\u00e7\u00e3o do Corredor Cultural\t\t\t<\/figcaption>\n\t\t\t<cite\n\t\t\t\tclass=\"relative block not-italic after:absolute after:left-0 after:right-0 after:-bottom-3 after:h-px after:bg-neutral-100\">\n\t\t\t\tF\u00e1bio Mar\u00e7al\t\t\t<\/cite>\n\t\t<\/div>\n\t<\/figure>\n\n\n\n<h2 class=\"wp-block-heading\">Informa\u00e7\u00f5es sobre Montes Claros<\/h2>\n\n\n\n<p><strong>Dist\u00e2ncia entre BH e Montes Claros:<\/strong>&nbsp;418 Km<\/p>\n\n\n\n<p><strong>Temperatura:<\/strong>&nbsp;clima quente e seco, na maior parte do ano<br><strong><br>Telefone da Prefeitura:<\/strong>&nbsp;(38) 3229-3000&nbsp;<\/p>\n\n\n\n<p><strong>Terminal rodovi\u00e1rio<\/strong>: localizado na Pra\u00e7a Tancredo Neve, s\/n, bairro Canelas. Telefone:&nbsp;&nbsp;(38) 3214-2722<\/p>\n\n\n\n<div class=\"wp-block-ufmg-cards grid grid-cols-1 lg:grid-cols-cards gap-8\">\n\t<div class=\"flex flex-col gap-6 p-6 md:py-8 border border-neutral-200 rounded-lg\">\n\n\t\t\t\t\t<h2 class=\"pl-2 border-l-2 border-l-primary-400 text-neutral-600 text-xl md:text-2xl font-semibold\">\n\t\t\t\tAeroporto M\u00e1rio Ribeiro\t\t\t<\/h2>\n\t\t\n\t\t\t\t\t<p class=\"flex-1 text-base md:text-lg text-neutral-500\">\n\t\t\t\tConsulte aqui todas as informa\u00e7\u00f5es sobre o Aeroporto M\u00e1rio Ribeiro\t\t\t<\/p>\n\t\t\n\t\t\t\t\t<a href=\"https:\/\/www4.infraero.gov.br\/aeroportos\/aeroporto-de-montes-claros-mario-ribeiro\/\" \t\t\t\tclass=\"w-fit ml-auto flex items-center gap-4 text-primary-300 font-lexend font-medium text-base md:text-lg\">\n\t\t\t\tSaiba mais\t\t\t\t<i class=\"ti ti-chevron-right text-[1rem] md:text-[1.25rem]\"><\/i>\n\t\t\t<\/a>\n\t\t\t<\/div>\n\n\n\n\t<div class=\"flex flex-col gap-6 p-6 md:py-8 border border-neutral-200 rounded-lg\">\n\n\t\t\t\t\t<h2 class=\"pl-2 border-l-2 border-l-primary-400 text-neutral-600 text-xl md:text-2xl font-semibold\">\n\t\t\t\tPrefeitura de Montes Claros\t\t\t<\/h2>\n\t\t\n\t\t\t\t\t<p class=\"flex-1 text-base md:text-lg text-neutral-500\">\n\t\t\t\tConsulte aqui todos os servi\u00e7os oferecidos na cidade de Montes Claros\t\t\t<\/p>\n\t\t\n\t\t\t\t\t<a href=\"https:\/\/www.montesclaros.mg.gov.br\/servicos\" \t\t\t\tclass=\"w-fit ml-auto flex items-center gap-4 text-primary-300 font-lexend font-medium text-base md:text-lg\">\n\t\t\t\tSaiba mais\t\t\t\t<i class=\"ti ti-chevron-right text-[1rem] md:text-[1.25rem]\"><\/i>\n\t\t\t<\/a>\n\t\t\t<\/div>\n<\/div>\n","protected":false},"excerpt":{"rendered":"<p>Polo influente na regi\u00e3o Norte de Minas Gerais, Montes Claros conta com a presen\u00e7a da UFMG em sua regi\u00e3o, por meio de campus regional, onde funciona o&nbsp;Instituto de Ci\u00eancias Agr\u00e1rias&nbsp;(ICA). Para a unidade, a Universidade atrai alunos de todo o pa\u00eds, devido \u00e0 oferta de cursos de p\u00f3s-gradua\u00e7\u00e3o e de gradua\u00e7\u00e3o &#8211; Agronomia, Administra\u00e7\u00e3o. Engenharia [&hellip;]<\/p>\n","protected":false},"author":1,"featured_media":3188,"parent":3167,"menu_order":0,"comment_status":"closed","ping_status":"closed","template":"","meta":{"_acf_changed":false,"footnotes":""},"class_list":["post-3133","page","type-page","status-publish","has-post-thumbnail","hentry"],"acf":[],"_links":{"self":[{"href":"http:\/\/150.164.63.212:9000\/portal-novo-dev\/wp-json\/wp\/v2\/pages\/3133","targetHints":{"allow":["GET"]}}],"collection":[{"href":"http:\/\/150.164.63.212:9000\/portal-novo-dev\/wp-json\/wp\/v2\/pages"}],"about":[{"href":"http:\/\/150.164.63.212:9000\/portal-novo-dev\/wp-json\/wp\/v2\/types\/page"}],"author":[{"embeddable":true,"href":"http:\/\/150.164.63.212:9000\/portal-novo-dev\/wp-json\/wp\/v2\/users\/1"}],"replies":[{"embeddable":true,"href":"http:\/\/150.164.63.212:9000\/portal-novo-dev\/wp-json\/wp\/v2\/comments?post=3133"}],"version-history":[{"count":0,"href":"http:\/\/150.164.63.212:9000\/portal-novo-dev\/wp-json\/wp\/v2\/pages\/3133\/revisions"}],"up":[{"embeddable":true,"href":"http:\/\/150.164.63.212:9000\/portal-novo-dev\/wp-json\/wp\/v2\/pages\/3167"}],"wp:featuredmedia":[{"embeddable":true,"href":"http:\/\/150.164.63.212:9000\/portal-novo-dev\/wp-json\/wp\/v2\/media\/3188"}],"wp:attachment":[{"href":"http:\/\/150.164.63.212:9000\/portal-novo-dev\/wp-json\/wp\/v2\/media?parent=3133"}],"curies":[{"name":"wp","href":"https:\/\/api.w.org\/{rel}","templated":true}]}}