{"id":3191,"date":"2025-09-17T09:45:35","date_gmt":"2025-09-17T12:45:35","guid":{"rendered":"http:\/\/150.164.63.212:9000\/portal-novo-dev\/?page_id=3191"},"modified":"2025-09-17T09:48:14","modified_gmt":"2025-09-17T12:48:14","slug":"tiradentes","status":"publish","type":"page","link":"http:\/\/150.164.63.212:9000\/portal-novo-dev\/a-universidade\/ufmg-e-a-cidade\/tiradentes\/","title":{"rendered":"Tiradentes"},"content":{"rendered":"\n<details class=\"wp-block-ufmg-navigation-menu group py-4\" open><summary class=\"bg-neutral-100 text-primary-400 flex items-center gap-2 p-2 rounded [&amp;&gt;i]:text-[1rem] md:[&amp;&gt;i]:text-[1.25rem] group-open:[&amp;&gt;i]:-rotate-180 [&amp;&gt;i]:transition-transform cursor-pointer\"><span class=\"basis-full text-base md:text-lg font-semibold\">Outras cidades<\/span><i class=\"ti ti-chevrons-down\"><\/i><\/summary><ul class=\"[&amp;_li]:text-base md:[&amp;_li]:text-lg [&amp;_li]:border-b [&amp;_li]:border-b-neutral-200 [&amp;_li]:px-1 [&amp;_li]:py-2 [&amp;_li_a]:block [&amp;_li_a]:py-1 [&amp;_li_a]:pl-4 [&amp;_li_a]:text-neutral-600 [&amp;_li_a]:rounded aria-[current=page]:[&amp;_li_a]:bg-primary-300 aria-[current=page]:[&amp;_li_a]:text-neutral-50 hover:[&amp;_li_a]:bg-primary-300 hover:[&amp;_li_a]:text-neutral-50 [&amp;_li_a]:transition-colors\"><li class=\" wp-block-navigation-item wp-block-navigation-link\"><a class=\"wp-block-navigation-item__content\"  href=\"http:\/\/150.164.63.212:9000\/portal-novo-dev\/ufmg-e-a-cidade\/belo-horizonte\/\"><span class=\"wp-block-navigation-item__label\">Belo Horizonte<\/span><\/a><\/li>\n\n<li class=\" wp-block-navigation-item wp-block-navigation-link\"><a class=\"wp-block-navigation-item__content\"  href=\"http:\/\/150.164.63.212:9000\/portal-novo-dev\/ufmg-e-a-cidade\/diamantina\/\"><span class=\"wp-block-navigation-item__label\">Diamantina<\/span><\/a><\/li>\n\n<li class=\" wp-block-navigation-item wp-block-navigation-link\"><a class=\"wp-block-navigation-item__content\"  href=\"http:\/\/150.164.63.212:9000\/portal-novo-dev\/ufmg-e-a-cidade\/montes-claros\/\"><span class=\"wp-block-navigation-item__label\">Montes Claros<\/span><\/a><\/li>\n\n<li class=\" wp-block-navigation-item wp-block-navigation-link\"><a class=\"wp-block-navigation-item__content\"  href=\"http:\/\/150.164.63.212:9000\/portal-novo-dev\/a-universidade\/ufmg-e-a-cidade\/tiradentes\/\"><span class=\"wp-block-navigation-item__label\">Tiradentes<\/span><\/a><\/li><\/ul><\/details>\n\n\n\n<p>Uma habita\u00e7\u00e3o hist\u00f3rica, a casa de Padre Toledo, na cidade de Tiradentes, abrigava encontros dos inconfidentes mineiros em 1789, liderados tamb\u00e9m pelo seu morador. A casa, hoje, Museu Casa de Padre Toledo, integra a Funda\u00e7\u00e3o Rodrigo Mello Franco de Andrade, vinculada \u00e0 UFMG. O pr\u00e9dio, datado do s\u00e9culo 18, \u00e9 uma das edifica\u00e7\u00f5es em Tiradentes, que comp\u00f5e o&nbsp;<a href=\"https:\/\/www.ufmg.br\/campustiradentes\" target=\"_blank\" rel=\"noreferrer noopener\">Campus Cultural UFMG<\/a>&nbsp;na cidade. Os outros espa\u00e7os s\u00e3o o&nbsp;Quatro Cantos Espa\u00e7o Cultural,&nbsp;o Centro de Estudos e a Biblioteca.<\/p>\n\n\n\n<p>Em todos esses espa\u00e7os, a cidade respira hist\u00f3ria. Um dos mais expressivos centros de arte e arquitetura barroca do pa\u00eds, Tiradentes \u00e9 Patrim\u00f4nio Hist\u00f3rico Nacional. Nela, aportam visitantes com interesse tur\u00edstico e cultural. Com essa tradi\u00e7\u00e3o, o projeto de um campus cultural, encontrou profunda afinidade com a hist\u00f3ria presente e passada do local.<\/p>\n\n\n\n<h2 class=\"wp-block-heading\">Atra\u00e7\u00f5es<\/h2>\n\n\n\n<p><\/p>\n\n\n\n<p>Data de 1702 a descoberta de lavras na cidade. Denominada ent\u00e3o como Vila de S\u00e3o Jos\u00e9 del-Rei, teve o seu nome alterado para Tiradentes em 1889, ap\u00f3s a proclama\u00e7\u00e3o da Rep\u00fablica, em homenagem ao Inconfidente Joaquim Jos\u00e9 da Silva Xavier.<\/p>\n\n\n\n<p>Quem procura a cidade em busca de turismo cultural encontra op\u00e7\u00f5es que abrangem sua gastronomia, artesanato, monumentos, casario, belezas naturais, passeio por Maria Fuma\u00e7a e agenda cultural expressiva, como o Festival de Cinema de Tiradentes. Tamb\u00e9m a UFMG oferece atra\u00e7\u00f5es que podem ser conferidas&nbsp;<a href=\"https:\/\/www.ufmg.br\/campustiradentes\" target=\"_blank\" rel=\"noreferrer noopener\">no site do Campus Cultural<\/a>.<\/p>\n\n\n\n<p>Tiradentes fica a 192 Km de Belo Horizonte, na regi\u00e3o Campo das Vertentes. O seu clima \u00e9 o tropical de altitude, com ver\u00f5es quentes e \u00famidos. A cidade possui cerca de 7 mil habitantes e oferece boa infraestrutura para visitantes.<\/p>\n\n\n\n<h2 class=\"wp-block-heading\">Campus<\/h2>\n\n\n\n<p>O Campus Cultural UFMG promove atividades de arte e cultura, por meio de projetos de ensino, de pesquisa, de extens\u00e3o e de coopera\u00e7\u00e3o com institui\u00e7\u00f5es p\u00fablicas e privadas de Tiradentes e de outras cidades da regi\u00e3o.<\/p>\n\n\n\n<p>Criado em 2011, a partir de um Termo de Coopera\u00e7\u00e3o entre a Universidade e a Funda\u00e7\u00e3o Rodrigo Mello Franco de Andrade, o projeto \u00e9 vinculado \u00e0 Diretoria de A\u00e7\u00e3o Cultural da UFMG. O contato com a equipe do Campus pode ser feito pelo e-mail campustiradentes@dac.ufmg.br.<\/p>\n\n\n\n<p><strong><a href=\"http:\/\/www.tiradentes.mg.gov.br\/\" target=\"_blank\" rel=\"noreferrer noopener\">Tiradentes<\/a><\/strong><\/p>\n\n\n\n<p>Telefone da Prefeitura: (32) 3355-1412<\/p>\n\n\n\n<p><\/p>\n","protected":false},"excerpt":{"rendered":"<p>Uma habita\u00e7\u00e3o hist\u00f3rica, a casa de Padre Toledo, na cidade de Tiradentes, abrigava encontros dos inconfidentes mineiros em 1789, liderados tamb\u00e9m pelo seu morador. A casa, hoje, Museu Casa de Padre Toledo, integra a Funda\u00e7\u00e3o Rodrigo Mello Franco de Andrade, vinculada \u00e0 UFMG. O pr\u00e9dio, datado do s\u00e9culo 18, \u00e9 uma das edifica\u00e7\u00f5es em Tiradentes, [&hellip;]<\/p>\n","protected":false},"author":1,"featured_media":3192,"parent":3167,"menu_order":0,"comment_status":"closed","ping_status":"closed","template":"","meta":{"_acf_changed":false,"footnotes":""},"class_list":["post-3191","page","type-page","status-publish","has-post-thumbnail","hentry"],"acf":[],"_links":{"self":[{"href":"http:\/\/150.164.63.212:9000\/portal-novo-dev\/wp-json\/wp\/v2\/pages\/3191","targetHints":{"allow":["GET"]}}],"collection":[{"href":"http:\/\/150.164.63.212:9000\/portal-novo-dev\/wp-json\/wp\/v2\/pages"}],"about":[{"href":"http:\/\/150.164.63.212:9000\/portal-novo-dev\/wp-json\/wp\/v2\/types\/page"}],"author":[{"embeddable":true,"href":"http:\/\/150.164.63.212:9000\/portal-novo-dev\/wp-json\/wp\/v2\/users\/1"}],"replies":[{"embeddable":true,"href":"http:\/\/150.164.63.212:9000\/portal-novo-dev\/wp-json\/wp\/v2\/comments?post=3191"}],"version-history":[{"count":0,"href":"http:\/\/150.164.63.212:9000\/portal-novo-dev\/wp-json\/wp\/v2\/pages\/3191\/revisions"}],"up":[{"embeddable":true,"href":"http:\/\/150.164.63.212:9000\/portal-novo-dev\/wp-json\/wp\/v2\/pages\/3167"}],"wp:featuredmedia":[{"embeddable":true,"href":"http:\/\/150.164.63.212:9000\/portal-novo-dev\/wp-json\/wp\/v2\/media\/3192"}],"wp:attachment":[{"href":"http:\/\/150.164.63.212:9000\/portal-novo-dev\/wp-json\/wp\/v2\/media?parent=3191"}],"curies":[{"name":"wp","href":"https:\/\/api.w.org\/{rel}","templated":true}]}}