{"id":2286,"date":"2025-05-13T10:21:27","date_gmt":"2025-05-13T13:21:27","guid":{"rendered":"http:\/\/150.164.63.212:9000\/portal-novo-test\/?page_id=2286"},"modified":"2025-10-10T14:02:47","modified_gmt":"2025-10-10T17:02:47","slug":"transporte","status":"publish","type":"page","link":"http:\/\/150.164.63.212:9000\/portal-novo-test\/transporte\/","title":{"rendered":"Transporte"},"content":{"rendered":"\n<h3 class=\"wp-block-heading\">Informa\u00e7\u00f5es, reclama\u00e7\u00f5es, d\u00favidas e sugest\u00f5es<\/h3>\n\n\n\n<p><strong>Divis\u00e3o de Transportes<\/strong><br>(31) 3409-4601<br><a href=\"mailto:sfrota@dsg.ufmg.br\">sfrota@dsg.ufmg.br<\/a><\/p>\n\n\n\n<h2 class=\"wp-block-heading\">\u00d4nibus das Moradias Universit\u00e1rias<\/h2>\n\n\n\n<p>Para os estudantes que residem nas moradias universit\u00e1rias de Belo Horizonte e Montes Claros, s\u00e3o disponibilizadas <a href=\"https:\/\/fump.ufmg.br\/infraestrutura\/\" target=\"_blank\" rel=\"noreferrer noopener\">linhas exclusivas de \u00f4nibus<\/a> para o campus Pampulha ou campus Montes Claros. Para utiliz\u00e1-las \u00e9 necess\u00e1rio apresentar o documento de identifica\u00e7\u00e3o estudantil da UFMG validado como estudante morador. O transporte \u00e9 gratuito e os hor\u00e1rios s\u00e3o disponibilizados nas portarias das moradias. Todos os \u00f4nibus s\u00e3o equipados com elevadores de forma a garantir acessibilidade aos usu\u00e1rios.<\/p>\n\n\n\n<p><strong>Informa\u00e7\u00f5es:<\/strong><br><a href=\"mailto:moradia.bh@fump.ufmg.br\">moradia.bh@fump.ufmg.br<\/a><br><a href=\"mailto:moradia.moc@fump.ufmg.br\">moradia.moc@fump.ufmg.br<\/a><br><a href=\"http:\/\/fump.ufmg.br\/contato\/\" target=\"_blank\" rel=\"noreferrer noopener\">fump.ufmg.br\/contato\/<\/a><\/p>\n\n\n\n<h2 class=\"wp-block-heading\">Carro Adaptado<\/h2>\n\n\n\n<p>O <a href=\"https:\/\/www.ufmg.br\/nai\/\" target=\"_blank\" rel=\"noreferrer noopener\">N\u00facleo de Acessibilidade e Inclus\u00e3o<\/a> (NAI) oferece servi\u00e7o de transporte adaptado no campus Pampulha que atende exclusivamente alunos e servidores com defici\u00eancia motora e com mobilidade reduzida. O autom\u00f3vel adaptado com elevador representa uma alternativa aos \u00f4nibus das linhas internas do campus pois oferecem facilidade de acesso a qualquer lugar \u2013 e n\u00e3o apenas aos pontos oficiais \u2013 e reduzem a dura\u00e7\u00e3o do percurso. Para o uso deste servi\u00e7o, as pessoas interessadas devem entrar em contato com o NAI para avalia\u00e7\u00e3o e cadastro.<\/p>\n\n\n\n<p><strong>Contato:<\/strong><br>(31) 3409-3927<br><a href=\"mailto:nai@ufmg.br\">nai@ufmg.br<\/a><\/p>\n\n\n\n<hr class=\"wp-block-separator has-alpha-channel-opacity\" \/>\n","protected":false},"excerpt":{"rendered":"<p>Informa\u00e7\u00f5es, reclama\u00e7\u00f5es, d\u00favidas e sugest\u00f5es Divis\u00e3o de Transportes(31) 3409-4601sfrota@dsg.ufmg.br \u00d4nibus das Moradias Universit\u00e1rias Para os estudantes que residem nas moradias universit\u00e1rias de Belo Horizonte e Montes Claros, s\u00e3o disponibilizadas linhas exclusivas de \u00f4nibus para o campus Pampulha ou campus Montes Claros. Para utiliz\u00e1-las \u00e9 necess\u00e1rio apresentar o documento de identifica\u00e7\u00e3o estudantil da UFMG validado como [&hellip;]<\/p>\n","protected":false},"author":1,"featured_media":0,"parent":0,"menu_order":0,"comment_status":"closed","ping_status":"closed","template":"page-templates\/page-bus_line.php","meta":{"_acf_changed":false,"footnotes":""},"class_list":["post-2286","page","type-page","status-publish","hentry"],"acf":[],"_links":{"self":[{"href":"http:\/\/150.164.63.212:9000\/portal-novo-test\/wp-json\/wp\/v2\/pages\/2286","targetHints":{"allow":["GET"]}}],"collection":[{"href":"http:\/\/150.164.63.212:9000\/portal-novo-test\/wp-json\/wp\/v2\/pages"}],"about":[{"href":"http:\/\/150.164.63.212:9000\/portal-novo-test\/wp-json\/wp\/v2\/types\/page"}],"author":[{"embeddable":true,"href":"http:\/\/150.164.63.212:9000\/portal-novo-test\/wp-json\/wp\/v2\/users\/1"}],"replies":[{"embeddable":true,"href":"http:\/\/150.164.63.212:9000\/portal-novo-test\/wp-json\/wp\/v2\/comments?post=2286"}],"version-history":[{"count":0,"href":"http:\/\/150.164.63.212:9000\/portal-novo-test\/wp-json\/wp\/v2\/pages\/2286\/revisions"}],"wp:attachment":[{"href":"http:\/\/150.164.63.212:9000\/portal-novo-test\/wp-json\/wp\/v2\/media?parent=2286"}],"curies":[{"name":"wp","href":"https:\/\/api.w.org\/{rel}","templated":true}]}}