{"id":2502,"date":"2025-05-19T14:30:48","date_gmt":"2025-05-19T17:30:48","guid":{"rendered":"http:\/\/150.164.63.212:9000\/portal-novo-test\/?page_id=2502"},"modified":"2025-10-09T11:04:22","modified_gmt":"2025-10-09T14:04:22","slug":"linha-do-tempo","status":"publish","type":"page","link":"http:\/\/150.164.63.212:9000\/portal-novo-test\/a-universidade\/apresentacao\/linha-do-tempo\/","title":{"rendered":"Linha do Tempo"},"content":{"rendered":"\n<p>A Universidade Federal de Minas Gerais (UFMG), a mais antiga de Minas Gerais, tem sua origem entrela\u00e7ada com a hist\u00f3ria das primeiras institui\u00e7\u00f5es de ensino superior do Estado. Ela foi criada em <a href=\"https:\/\/www.almg.gov.br\/legislacao-mineira\/texto\/LEI\/956\/1927\/\" target=\"_blank\" rel=\"noreferrer noopener\">7 de setembro de 1927<\/a> com o nome Universidade de Minas Gerais (UMG) \u2013 uma institui\u00e7\u00e3o privada e subsidiada pelo Estado.<\/p>\n\n\n\n<p>Sua funda\u00e7\u00e3o decorreu da uni\u00e3o entre quatro escolas de n\u00edvel superior que ent\u00e3o existiam em Belo Horizonte: a Faculdade Livre de Direito de Minas Gerais \u2013 <a href=\"https:\/\/youtu.be\/3GTDMtwOkQI?si=2cJcqtZlnA1Ttoma\" target=\"_blank\" rel=\"noreferrer noopener\">criada em 1892 em Ouro Preto e transferida para a atual capital em 1898<\/a> \u2013, a &nbsp;Escola Livre de Odontologia de Belo Horizonte \u2013 fundada em 1907 e, em 1911, com a cria\u00e7\u00e3o do curso de Farm\u00e1cia, passou a se chamar Escola Livre de Odontologia e Farm\u00e1cia de Belo Horizonte \u2013, a Escola de Medicina de Belo Horizonte e a Escola Livre de Engenharia de Belo Horizonte \u2013 estas duas \u00faltimas fundadas em 1911.<\/p>\n\n\n\n\n\t<figure data-size=\"large\"\n\t\tclass=\"group space-y-2 data-[size=small]:w-[21rem] sm:data-[size=medium]:w-[40rem] lg:data-[size=small]:float-left lg:data-[size=small]:mr-8 mx-auto\">\n\t\t\t\t\t<img loading=\"lazy\" decoding=\"async\" width=\"640\" height=\"330\" src=\"http:\/\/150.164.63.212:9000\/portal-novo-test\/app\/uploads\/2025\/09\/25564346020_84cb092cf2_k-864x445.jpg\" class=\"group-data-[size=small]:w-[21rem] group-data-[size=small]:h-[29.75rem] sm:group-data-[size=medium]:w-[40rem] sm:group-data-[size=small]:h-[27.8125rem] lg:group-data-[size=medium]:h-[27.8125rem] group-data-[size=large]:w-full group-data-[size=large]:h-[9.875rem] md:group-data-[size=large]:h-[27.8125rem] rounded object-fill\" alt=\"Fotografia hist\u00f3rica em preto e branco, tirada em frente \u00e0 entrada da antiga Escola de Enfermagem &quot;Carlos Chagas&quot;. No topo da imagem, h\u00e1 uma placa grande com o nome da institui\u00e7\u00e3o, ladeada por dois s\u00edmbolos em forma de cruz estilizada. Embaixo da placa, um grupo de aproximadamente quinze pessoas posa para a fotografia, a maioria composta por homens de terno e gravata, muitos deles segurando chap\u00e9us nas m\u00e3os. Ao centro, destaca-se uma mulher vestida com uniforme branco de enfermeira, incluindo touca e luvas, sorrindo levemente. O grupo est\u00e1 em frente a um pr\u00e9dio de arquitetura cl\u00e1ssica, com janelas e sacadas decoradas. H\u00e1 autom\u00f3veis antigos parcialmente vis\u00edveis nas laterais da imagem.\" \/>\t\t\t\t<div\n\t\t\tclass=\"group-data-[size=small]:w-[21rem] px-3 pt-3 pb-6 md:px-6 group-data-[size=small]:px-3 text-neutral-300 text-xs md:text-sm\">\n\t\t\t<figcaption title=\"Tela pintada por Gentil Garcez retratando a solenidade do dia 7 de setembro de 1927 em que o presidente de Minas, Ant\u00f4nio Carlos Ribeiro de Andrada, sanciona o projeto de cria\u00e7\u00e3o da Universidade de Minas Gerais (UMG).\" class=\"block line-clamp-4 md:line-clamp-3\">\n\t\t\t\tTela pintada por Gentil Garcez retratando a solenidade do dia 7 de setembro de 1927 em que o presidente de Minas, Ant\u00f4nio Carlos Ribeiro de Andrada, sanciona o projeto de cria\u00e7\u00e3o da Universidade de Minas Gerais (UMG).\t\t\t<\/figcaption>\n\t\t\t<cite\n\t\t\t\tclass=\"relative block not-italic after:absolute after:left-0 after:right-0 after:-bottom-3 after:h-px after:bg-neutral-100\">\n\t\t\t\tAcervo UFMG\t\t\t<\/cite>\n\t\t<\/div>\n\t<\/figure>\n\n\n\n<p>Na segunda metade dos anos 1940, a UMG ampliou-se consideravelmente, no plano acad\u00eamico, com a incorpora\u00e7\u00e3o de diversas escolas livres criadas&nbsp;em Belo Horizonte, posteriormente \u00e0 funda\u00e7\u00e3o da Universidade: a Escola de Arquitetura, em 1946, e as Escolas Livres de Filosofia, Ci\u00eancias e Letras e de Ci\u00eancias Econ\u00f4micas e Administrativas, em 1948. Em 1949, houve a federaliza\u00e7\u00e3o da UMG, mas seu nome e sua sigla permaneceram inalterados.<\/p>\n\n\n\n<p>Em 1950, ocorreu a incorpora\u00e7\u00e3o da Escola de Enfermagem. Nos anos de 1960, a UMG sofreria profundas transforma\u00e7\u00f5es. Na primeira metade da d\u00e9cada, teve um expressivo programa de expans\u00e3o, com a incorpora\u00e7\u00e3o da Escola de Veterin\u00e1ria, em 1961, do Conservat\u00f3rio Mineiro de M\u00fasica \u2013 que daria origem \u00e0 Escola de M\u00fasica \u2013, em 1962, da Escola de Biblioteconomia \u2013 a atual Escola de Ci\u00eancia da Informa\u00e7\u00e3o \u2013, em 1963, e, no mesmo ano, da Escola de Belas Artes.<\/p>\n\n\n\n<p>Adotando o nome Universidade Federal de Minas Gerais, a partir de 1965, por determina\u00e7\u00e3o do Governo Federal, a institui\u00e7\u00e3o passa a ser pessoa jur\u00eddica de direito p\u00fablico, de ensino gratuito, mantida pela Uni\u00e3o, dotada de autonomia did\u00e1tico-cient\u00edfica, administrativa, disciplinar e de gest\u00e3o financeira e patrimonial.<\/p>\n","protected":false},"excerpt":{"rendered":"<p>A Universidade Federal de Minas Gerais (UFMG), a mais antiga de Minas Gerais, tem sua origem entrela\u00e7ada com a hist\u00f3ria das primeiras institui\u00e7\u00f5es de ensino superior do Estado. Ela foi criada em 7 de setembro de 1927 com o nome Universidade de Minas Gerais (UMG) \u2013 uma institui\u00e7\u00e3o privada e subsidiada pelo Estado. Sua funda\u00e7\u00e3o [&hellip;]<\/p>\n","protected":false},"author":1,"featured_media":0,"parent":3795,"menu_order":0,"comment_status":"closed","ping_status":"closed","template":"page-templates\/page-timeline.php","meta":{"_acf_changed":false,"footnotes":""},"class_list":["post-2502","page","type-page","status-publish","hentry"],"acf":[],"_links":{"self":[{"href":"http:\/\/150.164.63.212:9000\/portal-novo-test\/wp-json\/wp\/v2\/pages\/2502","targetHints":{"allow":["GET"]}}],"collection":[{"href":"http:\/\/150.164.63.212:9000\/portal-novo-test\/wp-json\/wp\/v2\/pages"}],"about":[{"href":"http:\/\/150.164.63.212:9000\/portal-novo-test\/wp-json\/wp\/v2\/types\/page"}],"author":[{"embeddable":true,"href":"http:\/\/150.164.63.212:9000\/portal-novo-test\/wp-json\/wp\/v2\/users\/1"}],"replies":[{"embeddable":true,"href":"http:\/\/150.164.63.212:9000\/portal-novo-test\/wp-json\/wp\/v2\/comments?post=2502"}],"version-history":[{"count":0,"href":"http:\/\/150.164.63.212:9000\/portal-novo-test\/wp-json\/wp\/v2\/pages\/2502\/revisions"}],"up":[{"embeddable":true,"href":"http:\/\/150.164.63.212:9000\/portal-novo-test\/wp-json\/wp\/v2\/pages\/3795"}],"wp:attachment":[{"href":"http:\/\/150.164.63.212:9000\/portal-novo-test\/wp-json\/wp\/v2\/media?parent=2502"}],"curies":[{"name":"wp","href":"https:\/\/api.w.org\/{rel}","templated":true}]}}