{"id":2696,"date":"2025-07-04T10:16:18","date_gmt":"2025-07-04T13:16:18","guid":{"rendered":"http:\/\/150.164.63.212:9000\/portal-novo-test\/?page_id=2696"},"modified":"2025-10-31T10:40:13","modified_gmt":"2025-10-31T13:40:13","slug":"dirigentes","status":"publish","type":"page","link":"http:\/\/150.164.63.212:9000\/portal-novo-test\/a-universidade\/gestao\/dirigentes\/","title":{"rendered":"Dirigentes"},"content":{"rendered":"\n<div class=\"wp-block-ufmg-cards grid grid-cols-1 lg:grid-cols-cards gap-8\">\n\t<div class=\"flex flex-col gap-6 p-6 md:py-8 border border-neutral-200 rounded-lg\">\n\n\t\t\t\t\t<h2 class=\"pl-2 border-l-2 border-l-primary-400 text-neutral-600 text-xl md:text-2xl font-semibold\">\n\t\t\t\tE-agendas\t\t\t<\/h2>\n\t\t\n\t\t\t\t\t<p class=\"flex-1 text-base md:text-lg text-neutral-500\">\n\t\t\t\tAgenda de compromissos p\u00fablicos dos dirigentes da UFMG\t\t\t<\/p>\n\t\t\n\t\t\t\t\t<a href=\"https:\/\/eagendas.cgu.gov.br\/\" target=\"_blank\" rel=\"noopener noreferrer\"\t\t\t\tclass=\"w-fit ml-auto flex items-center gap-4 text-primary-300 font-lexend font-medium text-base md:text-lg\">\n\t\t\t\tAcesse aqui\t\t\t\t<i class=\"ti ti-chevron-right text-[1rem] md:text-[1.25rem]\"><\/i>\n\t\t\t<\/a>\n\t\t\t<\/div>\n\n\n\n\t<div class=\"flex flex-col gap-6 p-6 md:py-8 border border-neutral-200 rounded-lg\">\n\n\t\t\t\t\t<h2 class=\"pl-2 border-l-2 border-l-primary-400 text-neutral-600 text-xl md:text-2xl font-semibold\">\n\t\t\t\tTelefones\t\t\t<\/h2>\n\t\t\n\t\t\t\t\t<p class=\"flex-1 text-base md:text-lg text-neutral-500\">\n\t\t\t\tLista telef\u00f4nica da UFMG\t\t\t<\/p>\n\t\t\n\t\t\t\t\t<a href=\"http:\/\/150.164.63.212:9000\/portal-novo-test\/telefones\/\" \t\t\t\tclass=\"w-fit ml-auto flex items-center gap-4 text-primary-300 font-lexend font-medium text-base md:text-lg\">\n\t\t\t\tAcesse aqui\t\t\t\t<i class=\"ti ti-chevron-right text-[1rem] md:text-[1.25rem]\"><\/i>\n\t\t\t<\/a>\n\t\t\t<\/div>\n<\/div>\n\n\n\n<h2 class=\"wp-block-heading\">Reitora<\/h2>\n\n\n\n<p><a href=\"http:\/\/buscatextual.cnpq.br\/buscatextual\/visualizacv.do?id=K4793145A1\" target=\"_blank\" rel=\"noreferrer noopener\">Sandra Regina Goulart Almeida<\/a><br>reitora@ufmg.br<br><br>Sandra Regina Goulart Almeida cumpre seu segundo mandato (2022-2026) como reitora da UFMG. Dirigiu a Universidade de 2018-2022, da qual foi vice-reitora de 2014-2018 e diretora de Rela\u00e7\u00f5es Internacionais, de&nbsp; 2002 a 2006. Foi coordenadora adjunta da \u00e1rea de Letras e Lingu\u00edstica da Capes (2011-2014), secret\u00e1ria da Associa\u00e7\u00e3o Nacional de P\u00f3s-Gradua\u00e7\u00e3o e Pesquisa em Letras e Lingu\u00edstica \u2013 Anpoll (2008-2010), coordenadora do Centro de Estudos sobre a \u00cdndia da UFMG (2008-2010), presidente da Associa\u00e7\u00e3o Brasileira de Estudos Canadenses (2001-2003) e chefe do Departamento de Letras Anglo-germ\u00e2nicas (1998-2000). Formada em Letras pela UFMG (1986), tem mestrado pela Universidade da Carolina do Norte em Chapel Hill (1990), doutorado pela mesma institui\u00e7\u00e3o (1994) e p\u00f3s-doutorado (2000-2001) em Literatura Comparada pela Universidade Columbia, em New York, e pela UFSC (2008). Em 1995, ingressou na Faculdade de Letras da UFMG, onde \u00e9 professora titular da \u00e1rea de Estudos Liter\u00e1rios desde 2011. \u00c9 bolsista de produtividade em pesquisa do CNPq e foi bolsista do Programa Pesquisador Mineiro da Fapemig (2007-2017). Foi&nbsp;membro titular do Conselho Curador da Fapemig, do Conselho de Desenvolvimento Econ\u00f4mico e Social do Governo de Minas Gerais e do Conselho Consultivo da Presid\u00eancia da Assembleia Legislativa de Minas Gerais. Recebeu a Grande Medalha da Inconfid\u00eancia, a Medalha Jo\u00e3o Guimar\u00e3es Rosa e a Medalha Amigos da Marinha. \u00c9 Cidad\u00e3 Honor\u00e1ria de Belo Horizonte, t\u00edtulo concedido pela C\u00e2mara de Vereadores da cidade.<\/p>\n\n\n\n<p><\/p>\n\n\n\n<h2 class=\"wp-block-heading\">Vice-reitor<\/h2>\n\n\n\n<p><a href=\"http:\/\/buscatextual.cnpq.br\/buscatextual\/visualizacv.do?id=K4784486U5\" target=\"_blank\" rel=\"noreferrer noopener\">Alessandro Fernandes Moreira<\/a><br>vicereitor@ufmg.br<br><br>Alessandro Fernandes Moreira cumpre seu segundo mandato (2022-2026) como&nbsp;vice-reitor da UFMG, cargo que havia ocupado na gest\u00e3o 2018-2022. Foi diretor da&nbsp;Escola de Engenharia da UFMG, gest\u00e3o 2014-2018, e vice-diretor da mesma unidade&nbsp;acad\u00eamica, gest\u00e3o 2010-2014. Formado em Engenharia El\u00e9trica pela UFMG (1991),&nbsp;tem mestrado na mesma \u00e1rea e na mesma institui\u00e7\u00e3o (1993) e doutorado em&nbsp;Engenharia El\u00e9trica pela Universidade de Wisconsin Madison (2002). \u00c9 professor&nbsp;titular do Departamento de Engenharia El\u00e9trica da UFMG, onde ingressou em 1993 e&nbsp;onde foi coordenador do curso de gradua\u00e7\u00e3o em Engenharia El\u00e9trica (2002-2010).&nbsp;Atuou no Programa de P\u00f3s-Gradua\u00e7\u00e3o em Engenharia El\u00e9trica da UFMG (2003 a 2010),&nbsp;coordenou o Projeto Alberto Santos Dumont \u2013 PASD (Fapemig) e o Projeto de&nbsp;Inova\u00e7\u00e3o e Engenharia no Cotidiano \u2013 Inovenge (Finep). Coordenou tamb\u00e9m o&nbsp;Conv\u00eanio entre a UFMG e a Universidade da California-Berkeley e o Programa Minas&nbsp;Digital, pela UFMG. Foi membro do Conselho Deliberativo da Sociedade Mineira de&nbsp;Engenheiros \u2013 SME, gest\u00e3o 2017-2020, e foi diretor da mesma sociedade, gest\u00e3o&nbsp;2011-2014. Atuou como membro do Col\u00e9gio Estadual de Institui\u00e7\u00f5es de Ensino do&nbsp;Crea-Minas (2013- 2016), do qual foi coordenador no per\u00edodo de 2015-2016.&nbsp;Coordena desde 2012 o Programa de Inova\u00e7\u00e3o para Educa\u00e7\u00e3o em Engenharia \u2013&nbsp;ENG200.<\/p>\n\n\n\n<p><\/p>\n\n\n\n<h2 class=\"wp-block-heading\">Equipe<\/h2>\n\n\n\n<p><strong>Chefe de Gabinete<br><\/strong><a href=\"http:\/\/somos.ufmg.br\/professor\/rui-rothe-neves\" target=\"_blank\" rel=\"noreferrer noopener\">Rui Rothe-Neves<\/a><br>chefia@gabinete.ufmg.br<\/p>\n\n\n\n<p><strong>Subchefe de Gabinete<br><\/strong><a href=\"https:\/\/buscatextual.cnpq.br\/buscatextual\/visualizacv.do?id=K2981873Z0&amp;tokenCaptchar=03AFcWeA4Z2ApVV9jaR3uCbJzA-uiUmORey6S0EqcM_g0ILUH6R42F6IH0-VNcaj9VA_CgofijKk8kAaoOT21Xrf8B-XQHpr-H1BQjZPFCpIgG0SyZugUNVpDcppxxyUXIH8mRkFlVBCgmJ8UzgkXeQsmCo4MCr2L_YXsFygHif3AaWrA0PUTTqhkvjVl3XzedBjF20AfR3kvNM9P7ZEP60CRDzz_GRTn6QISYno497eLKl0xze0hhpYptfc5N8eZDkie76TnNx_f4fwS0d9-kh12IqiEXod-5ZvHYFDkePf-WZxylt1on_J39CTXiA4gOTTOc-fFdmF64eznK3iVFZIz_EsnBC9ER1MEEk3VSeA90y3Pw5ELyXReg-BSi9VYh5ROu6XiwfrZI4jAGyp-nhBNM4c8Xx5j8azFqUXRsb9LNoIes1C17cOKInQGHs-oxGvGooNjVQ22aBKpY52dQZ6K1W0jhyykwqlipAcIibepek2Kn8gr6zrtWWoA0sUOkuNZn3hSBaihKZJPdp9sMGQHwUhSeTbpWxsLWUUSNCqImCxE6woDV7smvL2yjaZ4WFDtMc11RH4_0B0_a3UTI3cR-0DcYC8m--9xL7qoExvovl--zNr9zn2bkmGoveQGuC65lnLcSyyo-qquJoZK-Gnd8iP5nrUgrEbLpaYHQa9342pFYjdOri0RNAbpHHLb6ffp0L-p5byK3SDR0uLM9N9btHYiQjRvWQt4TNfNjcSjcEa83u73KxSqiTpiR_hEbdnZEAaAiU2X6kcqbCybevP3iwUZzt3kMOtMoQFueAgCE1vMH0JEISpNKZRxcBPB2cH6FmyaAyUBDRCoJI3RzLdjAba9vYmAG3IgFV7feqT0jnD7sf2RWFWC0mmLVnWHO4g_zJgW8IGfUx9mYrgF5Zj8cQ0l-oWeliOadAOtgTwBPLIS7bZiGF1I\" target=\"_blank\" rel=\"noreferrer noopener\">Camila Malveira<\/a><br>chefia@gabinete.ufmg.br<\/p>\n\n\n\n<p><strong>Pr\u00f3-reitor de Administra\u00e7\u00e3o<br><\/strong><a href=\"http:\/\/lattes.cnpq.br\/2586046683895112\" target=\"_blank\" rel=\"noreferrer noopener\">Ivan Jos\u00e9 da Silva Lopes<br><\/a>info@pra.ufmg.br<br><a href=\"https:\/\/www.ufmg.br\/pra\/\" target=\"_blank\" rel=\"noreferrer noopener\">www.ufmg.br\/pra<\/a><\/p>\n\n\n\n<p><strong>Pr\u00f3-reitora Adjunta&nbsp;de Administra\u00e7\u00e3o<br><\/strong><a href=\"http:\/\/buscatextual.cnpq.br\/buscatextual\/visualizacv.do?id=K4845398T1\" target=\"_blank\" rel=\"noreferrer noopener\">Eliane&nbsp;Aparecida Ferreira<\/a><br>info@pra.ufmg.br<br><a href=\"https:\/\/www.ufmg.br\/pra\/\" target=\"_blank\" rel=\"noreferrer noopener\">www.ufmg.br\/pra<\/a><\/p>\n\n\n\n<p><strong>Pr\u00f3-reitora de Assuntos Estudantis<br><\/strong><a href=\"http:\/\/lattes.cnpq.br\/4905736022318413\" target=\"_blank\" rel=\"noreferrer noopener\">Lic\u00ednia Maria Correa<\/a><br>info@prae.ufmg.br<br><a href=\"http:\/\/www.ufmg.br\/prae\" target=\"_blank\" rel=\"noreferrer noopener\">www.ufmg.br\/prae<\/a><\/p>\n\n\n\n<p><strong>Pr\u00f3-reitora Adjunta&nbsp;de Assuntos Estudantis<\/strong><br><a href=\"http:\/\/lattes.cnpq.br\/3847776763284981\" target=\"_blank\" rel=\"noreferrer noopener\">Shirley Aparecida Miranda<\/a><br>info@prae.ufmg.br<br><a href=\"http:\/\/www.ufmg.br\/prae\" target=\"_blank\" rel=\"noreferrer noopener\">www.ufmg.br\/prae<\/a><\/p>\n\n\n\n<p><strong>Pr\u00f3-reitor&nbsp;de Extens\u00e3o<br><\/strong><a href=\"http:\/\/lattes.cnpq.br\/9878675593298644\" target=\"_blank\" rel=\"noreferrer noopener\">Glaucinei Rodrigues Corr\u00eaa<\/a><br>gab@proex.ufmg.br<br><a href=\"http:\/\/www.ufmg.br\/proex\" target=\"_blank\" rel=\"noreferrer noopener\">www.ufmg.br\/proex<\/a><\/p>\n\n\n\n<p><strong>Pr\u00f3-reitora&nbsp;Adjunta&nbsp;de Extens\u00e3o<\/strong><br><a href=\"http:\/\/lattes.cnpq.br\/4996067558475564\" target=\"_blank\" rel=\"noreferrer noopener\">Carmen Rosa Giraldo Vergara<\/a><br>info@proex.ufmg.br<br><a href=\"http:\/\/www.ufmg.br\/proex\" target=\"_blank\" rel=\"noreferrer noopener\">www.ufmg.br\/proex<\/a><\/p>\n\n\n\n<p><strong>Pr\u00f3-reitor de Gradua\u00e7\u00e3o<br><\/strong><a href=\"http:\/\/lattes.cnpq.br\/3345663851115807\" target=\"_blank\" rel=\"noreferrer noopener\">Bruno Ot\u00e1vio Soares Teixeira<\/a><br>info@prograd.ufmg.br<br><a href=\"http:\/\/www.ufmg.br\/prograd\" target=\"_blank\" rel=\"noreferrer noopener\">www.ufmg.br\/prograd<\/a><\/p>\n\n\n\n<p><strong>Pr\u00f3-reitora Adjunta de Gradua\u00e7\u00e3o<br><\/strong><a href=\"http:\/\/lattes.cnpq.br\/4452355484066620\" target=\"_blank\" rel=\"noreferrer noopener\">Maria Jos\u00e9 Batista Pinto Flores<\/a><br>info@prograd.ufmg.br<br><a href=\"http:\/\/www.ufmg.br\/prograd\" target=\"_blank\" rel=\"noreferrer noopener\">www.ufmg.br\/prograd<\/a><\/p>\n\n\n\n<p><strong>Pr\u00f3-reitor&nbsp;de Pesquisa<br><\/strong><a href=\"http:\/\/somos.ufmg.br\/professor\/fernando-marcos-dos-reis\" target=\"_blank\" rel=\"noreferrer noopener\">Fernando Marcos dos Reis<\/a><br>info@prpq.ufmg.br<br><a href=\"http:\/\/www.ufmg.br\/prpq\" target=\"_blank\" rel=\"noreferrer noopener\">www.ufmg.br\/prpq<\/a><\/p>\n\n\n\n<p><strong>Pr\u00f3-reitora Adjunta de Pesquisa<br><\/strong><a href=\"http:\/\/somos.ufmg.br\/professor\/jacqueline-aparecida-takahashi\" target=\"_blank\" rel=\"noreferrer noopener\">Jacqueline Aparecida Takahashi<\/a><br>info@prpq.ufmg.br<br><a href=\"http:\/\/www.ufmg.br\/prpq\" target=\"_blank\" rel=\"noreferrer noopener\">www.ufmg.br\/prpq<\/a><\/p>\n\n\n\n<p><strong>Pr\u00f3-reitor de Planejamento e Desenvolvimento<br><\/strong><a href=\"http:\/\/somos.ufmg.br\/professor\/mauricio-freire-garcia\" target=\"_blank\" rel=\"noreferrer noopener\">Maur\u00edcio Freire Garcia<\/a><br>info@proplan.ufmg.br<br><a href=\"http:\/\/www.ufmg.br\/proplan\" target=\"_blank\" rel=\"noreferrer noopener\">www.ufmg.br\/proplan<\/a><\/p>\n\n\n\n<p><strong>Pr\u00f3-reitora Adjunta&nbsp;de Planejamento e Desenvolvimento<br><\/strong><a href=\"http:\/\/buscatextual.cnpq.br\/buscatextual\/visualizacv.do?id=K4844859D1\" target=\"_blank\" rel=\"noreferrer noopener\">Macilene Gon\u00e7alves de Lima<\/a><br>info@proplan.ufmg.br<br><a href=\"http:\/\/www.ufmg.br\/proplan\" target=\"_blank\" rel=\"noreferrer noopener\">www.ufmg.br\/proplan<\/a><\/p>\n\n\n\n<p><strong>Pr\u00f3-reitora de P\u00f3s-gradua\u00e7\u00e3o<\/strong><br><a href=\"http:\/\/somos.ufmg.br\/professor\/isabela-almeida-pordeus\" target=\"_blank\" rel=\"noreferrer noopener\">Isabela Almeida Pordeus<\/a><br>info@prpg.ufmg.br<br><a href=\"http:\/\/www.ufmg.br\/prpg\" target=\"_blank\" rel=\"noreferrer noopener\">www.ufmg.br\/prpg<\/a><\/p>\n\n\n\n<p><strong>Pr\u00f3-reitor Adjunto de P\u00f3s-gradua\u00e7\u00e3o<\/strong><br><a href=\"http:\/\/somos.ufmg.br\/professor\/eduardo-soares-neves-silva\" target=\"_blank\" rel=\"noreferrer noopener\">Eduardo Soares Neves Silva<\/a><br>info@prpg.ufmg.br<br><a href=\"http:\/\/www.ufmg.br\/prpg\" target=\"_blank\" rel=\"noreferrer noopener\">www.ufmg.br\/prpg<\/a><\/p>\n\n\n\n<p><strong>Pr\u00f3-reitora de Recursos Humanos<\/strong><br><a href=\"http:\/\/somos.ufmg.br\/professor\/maria-marcia-magela-machado\" target=\"_blank\" rel=\"noreferrer noopener\">Maria M\u00e1rcia Magela Machado<\/a><br>info@prorh.ufmg.br<br><a href=\"http:\/\/www.ufmg.br\/prorh\" target=\"_blank\" rel=\"noreferrer noopener\">www.ufmg.br\/prorh<\/a><\/p>\n\n\n\n<p><strong>Pr\u00f3-reitora Adjunta de Recursos Humanos<\/strong><br><a href=\"http:\/\/buscatextual.cnpq.br\/buscatextual\/visualizacv.do?id=K4756263P0\" target=\"_blank\" rel=\"noreferrer noopener\">Leonor Gon\u00e7alves<\/a><br>info@prorh.ufmg.br<br><a href=\"http:\/\/www.ufmg.br\/prorh\" target=\"_blank\" rel=\"noreferrer noopener\">www.ufmg.br\/prorh<\/a><\/p>\n\n\n\n<p><strong>Pr\u00f3-reitor de Cultura<\/strong><br><a href=\"http:\/\/somos.ufmg.br\/professor\/fernando-antonio-mencarelli\" target=\"_blank\" rel=\"noreferrer noopener\">Fernando Ant\u00f4nio Mencarelli<\/a><br>info@dac.ufmg.br<br><a href=\"https:\/\/www.ufmg.br\/procult\/\" target=\"_blank\" rel=\"noreferrer noopener\">www.ufmg.br\/procult<\/a><\/p>\n\n\n\n<p><strong>Pr\u00f3-reitora Adjunta de Cultura<\/strong><br><a href=\"http:\/\/lattes.cnpq.br\/6739544971574698\" target=\"_blank\" rel=\"noreferrer noopener\">M\u00f4nica Medeiros Ribeiro<\/a><br>info@dac.ufmg.br<br><a href=\"https:\/\/www.ufmg.br\/procult\/\" target=\"_blank\" rel=\"noreferrer noopener\">www.ufmg.br\/procult<\/a><\/p>\n\n\n\n<p><strong>Auditora-Geral<br><\/strong><a href=\"http:\/\/lattes.cnpq.br\/9185895808833386\" target=\"_blank\" rel=\"noreferrer noopener\">Terezinha Vit\u00f3ria de Freitas<\/a><br>auditorgeral@auditoria.ufmg.br<br><a href=\"http:\/\/www.ufmg.br\/auditoria\" target=\"_blank\" rel=\"noreferrer noopener\">www.ufmg.br\/auditoria<\/a><\/p>\n\n\n\n<p><strong>Coordenadora de Assuntos Comunit\u00e1rios<br><\/strong><a href=\"http:\/\/lattes.cnpq.br\/8279987105606709\" target=\"_blank\" rel=\"noreferrer noopener\">C\u00e1ssia Juliana de Souza Monteiro<\/a><br>info@cac.ufmg.br<br><a href=\"https:\/\/www.ufmg.br\/cac\/\" target=\"_blank\" rel=\"noreferrer noopener\">www.ufmg.br\/cac<\/a><\/p>\n\n\n\n<p><strong>Coordenador&nbsp;da Secretaria dos \u00d3rg\u00e3os de Delibera\u00e7\u00e3o Superior<br><\/strong><a href=\"http:\/\/lattes.cnpq.br\/5195309455719829\" target=\"_blank\" rel=\"noreferrer noopener\">Adalberto Hott Raminho<\/a><br>info@sods.ufmg.br<br><a href=\"http:\/\/www.ufmg.br\/sods\" target=\"_blank\" rel=\"noreferrer noopener\">www.ufmg.br\/sods<\/a><\/p>\n\n\n\n<p><strong>Diretor de Arquivos Institucionais<br><\/strong><a href=\"http:\/\/somos.ufmg.br\/professor\/jose-francisco-guelfi-campos\" target=\"_blank\" rel=\"noreferrer noopener\">Jos\u00e9 Francisco Guelfi Campos<br><\/a>info@diarq.ufmg.br<br><a href=\"https:\/\/www.ufmg.br\/diarq\" target=\"_blank\" rel=\"noreferrer noopener\">www.ufmg.br\/diarq<\/a><\/p>\n\n\n\n<p><strong>Diretora de Avalia\u00e7\u00e3o Institucional<br><\/strong><a href=\"http:\/\/somos.ufmg.br\/professor\/viviane-santos-birchal\" target=\"_blank\" rel=\"noreferrer noopener\">Viviane Santos Birchal<\/a><br>info@dai.ufmg.br<br><a href=\"http:\/\/www.ufmg.br\/dai\" target=\"_blank\" rel=\"noreferrer noopener\">www.ufmg.br\/dai<\/a><\/p>\n\n\n\n<p><strong>Diretora da&nbsp;Diretoria de Educa\u00e7\u00e3o a Dist\u00e2ncia e Educa\u00e7\u00e3o Digital<br><\/strong><a href=\"http:\/\/somos.ufmg.br\/professor\/vilma-lucia-macagnan-carvalho\" target=\"_blank\" rel=\"noreferrer noopener\">Vilma L\u00facia Macagnan Carvalho<\/a><br>diretoria@dedd.ufmg.br<br><a href=\"https:\/\/www.ufmg.br\/dedd\/\" target=\"_blank\" rel=\"noreferrer noopener\">www.ufmg.br\/dedd<\/a><\/p>\n\n\n\n<p><strong>Diretora Adjunta da&nbsp;Diretoria de Educa\u00e7\u00e3o a Dist\u00e2ncia e Educa\u00e7\u00e3o Digital<br><\/strong><a href=\"http:\/\/lattes.cnpq.br\/4196379507740936\" target=\"_blank\" rel=\"noreferrer noopener\">Ana Carolina Correia Almeida<\/a><br>diretoria@dedd.ufmg.br<br><a href=\"https:\/\/www.ufmg.br\/dedd\/\" target=\"_blank\" rel=\"noreferrer noopener\">www.ufmg.br\/dedd<\/a><\/p>\n\n\n\n<p><strong>D<\/strong><strong>iretor da Coordenadoria de Transfer\u00eancia e Inova\u00e7\u00e3o Tecnol\u00f3gica<br><\/strong><a href=\"http:\/\/somos.ufmg.br\/professor\/gilberto-medeiros-ribeiro\" target=\"_blank\" rel=\"noreferrer noopener\">Gilberto Medeiros Ribeiro<\/a><br>info@ctit.ufmg.br<br><a href=\"http:\/\/www.ufmg.br\/ctit\" target=\"_blank\" rel=\"noreferrer noopener\">www.ufmg.br\/ctit<\/a><\/p>\n\n\n\n<p><strong>Diretora de Coopera\u00e7\u00e3o Institucional<br><\/strong><a href=\"http:\/\/lattes.cnpq.br\/3114220357898003\" target=\"_blank\" rel=\"noreferrer noopener\">Z\u00e9lia In\u00eas Portela Lobato<\/a><br>info@copi.ufmg.br<br><a href=\"http:\/\/www.ufmg.br\/copi\" target=\"_blank\" rel=\"noreferrer noopener\">www.ufmg.br\/copi<\/a><\/p>\n\n\n\n<p><strong>Diretora do Centro de Comunica\u00e7\u00e3o\u00a0<br><\/strong><a href=\"http:\/\/somos.ufmg.br\/professor\/fabia-pereira-lima\" target=\"_blank\" rel=\"noreferrer noopener\">F\u00e1bia Pereira Lima<\/a><a href=\"http:\/\/buscatextual.cnpq.br\/buscatextual\/visualizacv.do?id=K4780777U9\" target=\"_blank\" rel=\"noreferrer noopener\"><br><\/a>dir@cedecom.ufmg.br<br><a href=\"http:\/\/150.164.63.212:9000\/portal-novo-test\/comunicacao\/cedecom\/\" target=\"_blank\" rel=\"noreferrer noopener\">www.ufmg.br\/comunicacao\/cedecom\/<\/a><\/p>\n\n\n\n<p><strong>Diretora do Centro Esportivo Universit\u00e1rio<\/strong><br><a href=\"http:\/\/lattes.cnpq.br\/3952574159539537\" target=\"_blank\" rel=\"noreferrer noopener\">Ana Cl\u00e1udia Porf\u00edrio Couto<\/a><br>dir@ceu.ufmg.br<br><a href=\"https:\/\/www.ufmg.br\/ceu\/app\/site\/home\" target=\"_blank\" rel=\"noreferrer noopener\">www.ufmg.br\/ceu<\/a><\/p>\n\n\n\n<p><strong>Diretora de Governan\u00e7a Informacional<br><\/strong><a href=\"http:\/\/somos.ufmg.br\/professor\/joana-ziller-de-araujo-josephson\" target=\"_blank\" rel=\"noreferrer noopener\">Joana Ziller&nbsp;de Ara\u00fajo Josephson<\/a><br>info@dgi.ufmg.br<br><a href=\"http:\/\/www.ufmg.br\/dgi\" target=\"_blank\" rel=\"noreferrer noopener\">www.ufmg.br\/dgi<\/a><\/p>\n\n\n\n<p><strong>Diretora da Imprensa Universit\u00e1ria<br><\/strong><a href=\"http:\/\/buscatextual.cnpq.br\/buscatextual\/visualizacv.do?id=K4449259Y5\" target=\"_blank\" rel=\"noreferrer noopener\">Maria de Lourdes Moreira Braga<\/a><br>lurdinha@ufmg.br<br><a href=\"http:\/\/www.ufmg.br\/imprensa\" target=\"_blank\" rel=\"noreferrer noopener\">www.ufmg.br\/imprensa<\/a><\/p>\n\n\n\n<p><strong>Diretora do Instituto de Estudos Avan\u00e7ados Transdisciplinares<br><\/strong><a href=\"http:\/\/lattes.cnpq.br\/4317643461462410\" target=\"_blank\" rel=\"noreferrer noopener\">Patricia Maria Kauark Leite<\/a><br>info@ieat.ufmg.br<br><a href=\"http:\/\/www.ufmg.br\/ieat\" target=\"_blank\" rel=\"noreferrer noopener\">www.ufmg.br\/ieat<\/a><\/p>\n\n\n\n<p><strong>Diretora do N\u00facleo de Acessibilidade e Inclus\u00e3o<br><\/strong><a href=\"http:\/\/lattes.cnpq.br\/9772444946291536\" target=\"_blank\" rel=\"noreferrer noopener\">Regina C\u00e9li Fonseca Ribeiro<\/a><br>nai@ufmg.br<br><a href=\"http:\/\/www.ufmg.br\/nai\" target=\"_blank\" rel=\"noreferrer noopener\">www.ufmg.br\/nai<\/a><\/p>\n\n\n\n<p><strong>Diretor de Rela\u00e7\u00f5es Internacionais<br><\/strong><a href=\"http:\/\/somos.ufmg.br\/professor\/aziz-tuffi-saliba\" target=\"_blank\" rel=\"noreferrer noopener\">Aziz Saliba<\/a><br>gab@dri.ufmg.br<br><a href=\"http:\/\/www.ufmg.br\/dri\" target=\"_blank\" rel=\"noreferrer noopener\">www.ufmg.br\/dri<\/a><\/p>\n\n\n\n<p><strong>Diretora Adjunta de Rela\u00e7\u00f5es Internacionais<\/strong><br><a href=\"http:\/\/somos.ufmg.br\/professor\/barbara-malveira-orfano\" target=\"_blank\" rel=\"noreferrer noopener\">B\u00e1rbara Malveira Orfano<\/a><br>gab@dri.ufmg.br<br><a href=\"http:\/\/www.ufmg.br\/dri\" target=\"_blank\" rel=\"noreferrer noopener\">www.ufmg.br\/dri<\/a><\/p>\n\n\n\n<p><strong>Diretor de Tecnologia da Informa\u00e7\u00e3o<br><\/strong><a href=\"http:\/\/somos.ufmg.br\/professor\/dorgival-olavo-guedes-neto\" target=\"_blank\" rel=\"noreferrer noopener\">Dorgival Guedes<\/a><br>dir@dti.ufmg.br<br><a href=\"http:\/\/www.ufmg.br\/dti\" target=\"_blank\" rel=\"noreferrer noopener\">www.ufmg.br\/dti<\/a><\/p>\n\n\n\n<p><strong>Diretora da Biblioteca Universit\u00e1ria<\/strong><br><a href=\"http:\/\/lattes.cnpq.br\/9338705446765393\" target=\"_blank\" rel=\"noreferrer noopener\">Izabel Antonina Ara\u00fajo<\/a><br>dir@bu.ufmg.br<br><a href=\"http:\/\/www.bu.ufmg.br\/bu_atual\" target=\"_blank\" rel=\"noreferrer noopener\">www.bu.ufmg.br\/bu_atual<\/a><\/p>\n\n\n\n<p><strong>Vice-diretor&nbsp;da Biblioteca Universit\u00e1ria<\/strong><br><a href=\"http:\/\/lattes.cnpq.br\/4640927799251393\" target=\"_blank\" rel=\"noreferrer noopener\">Wellington Mar\u00e7al de Carvalho<\/a><br>dir@bu.ufmg.br<br><a href=\"http:\/\/www.bu.ufmg.br\/bu_atual\" target=\"_blank\" rel=\"noreferrer noopener\">www.bu.ufmg.br\/bu_atual<\/a><\/p>\n\n\n\n<p><strong>Diretor do Escrit\u00f3rio de Governan\u00e7a de Dados Institucionais<\/strong><br><a href=\"https:\/\/somos.ufmg.br\/professor\/dawisson-elvecio-belem-lopes\" target=\"_blank\" rel=\"noreferrer noopener\">Dawisson Bel\u00e9m Lopes<br><\/a>egdi@ufmg.br<br><a href=\"https:\/\/www.ufmg.br\/egdi\/\" target=\"_blank\" rel=\"noreferrer noopener\">www.ufmg.br\/egdi<\/a><\/p>\n\n\n\n<p><strong>Assessor Especial da Reitora<br><\/strong><a href=\"http:\/\/somos.ufmg.br\/professor\/carlos-magno-camargos-mendonca\" target=\"_blank\" rel=\"noreferrer noopener\">Carlos Magno Camargos Mendon\u00e7a<\/a><br>assessor@gabinete.ufmg.br<\/p>\n\n\n\n<p><strong>Assessora Especial da Reitora<br><\/strong><a href=\"http:\/\/somos.ufmg.br\/professor\/benigna-maria-de-oliveira\" target=\"_blank\" rel=\"noreferrer noopener\">Benigna Maria de Oliveira<\/a><br>assessoriareitora@gabinete.ufmg.br<\/p>\n\n\n\n<p><strong>Encarregada da Lei Geral de Prote\u00e7\u00e3o de Dados<\/strong><br><a href=\"http:\/\/somos.ufmg.br\/professor\/joana-ziller-de-araujo-josephson\" target=\"_blank\" rel=\"noreferrer noopener\">Joana Ziller de&nbsp;Ara\u00fajo Josephson<\/a><br>encarregadolgpd@ufmg.br<br><a href=\"https:\/\/www.ufmg.br\/dti\/pagina-inicial\/protecao-de-dados-pessoais\/\" target=\"_blank\" rel=\"noreferrer noopener\">www.ufmg.br\/dti\/pagina-inicial\/protecao-de-dados-pessoais<\/a><\/p>\n\n\n\n<p><strong>Autoridade de Monitoramento da&nbsp;Lei de Acesso \u00e0 Informa\u00e7\u00e3o<\/strong><br><a href=\"http:\/\/somos.ufmg.br\/professor\/joana-ziller-de-araujo-josephson\" target=\"_blank\" rel=\"noreferrer noopener\">Joana Ziller de&nbsp;Ara\u00fajo Josephson<\/a><br>joanaziller@ufmg.br<br><a href=\"https:\/\/www.ufmg.br\/dgi\/sic\/\" target=\"_blank\" rel=\"noreferrer noopener\">www.ufmg.br\/dgi\/sic<\/a><\/p>\n\n\n\n<p><strong>Coordenadora da Coordenadoria de Preven\u00e7\u00e3o, Media\u00e7\u00e3o de Conflitos e de Correi\u00e7\u00e3o<br><\/strong><a href=\"http:\/\/lattes.cnpq.br\/8108778104559805\" target=\"_blank\" rel=\"noreferrer noopener\">Marcella Furtado de Magalh\u00e3es Gomes<\/a><br>seccor@gabinete.ufmg.br<\/p>\n\n\n\n<p><strong>Presidente&nbsp;da Comiss\u00e3o Permanente de Pessoal Docente<\/strong><br><a href=\"http:\/\/lattes.cnpq.br\/1672411344994463\" target=\"_blank\" rel=\"noreferrer noopener\">Ana Lydia Reis de Castro e Silva<\/a><br>cppd-pres@prorh.ufmg.br<br><a href=\"https:\/\/www.ufmg.br\/prorh\/a-prorh\/estrutura-2\/cppd-comissao-permanente-de-pessoal-docente\/\" target=\"_blank\" rel=\"noreferrer noopener\">www.ufmg.br\/prorh\/a-prorh\/estrutura-2\/cppd-comissao-permanente-de-pessoal-docente<\/a><\/p>\n\n\n\n<p><strong>Vice-presidente&nbsp;da Comiss\u00e3o Permanente de Pessoal Docente<br><\/strong><a href=\"http:\/\/lattes.cnpq.br\/6320450154573852\" target=\"_blank\" rel=\"noreferrer noopener\">Adalgisa Peixoto Ribeiro<\/a><br>cppd-pres@prorh.ufmg.br<br><a href=\"https:\/\/www.ufmg.br\/prorh\/a-prorh\/estrutura-2\/cppd-comissao-permanente-de-pessoal-docente\/\" target=\"_blank\" rel=\"noreferrer noopener\">www.ufmg.br\/prorh\/a-prorh\/estrutura-2\/cppd-comissao-permanente-de-pessoal-docente<\/a><\/p>\n\n\n\n<p><strong>Presidente da Funda\u00e7\u00e3o de Desenvolvimento da Pesquisa<\/strong><br><a href=\"http:\/\/somos.ufmg.br\/professor\/jaime-arturo-ramirez\" target=\"_blank\" rel=\"noreferrer noopener\">Jaime Arturo Ram\u00edrez<\/a><br>presidencia@fundep.ufmg.br<br><a href=\"http:\/\/www.fundep.ufmg.br\/\" target=\"_blank\" rel=\"noreferrer noopener\">www.fundep.ufmg.br<\/a><\/p>\n\n\n\n<p><strong>Presidente da Funda\u00e7\u00e3o Universit\u00e1ria Mendes Pimentel<\/strong><br><a href=\"http:\/\/lattes.cnpq.br\/5469905336655570\" target=\"_blank\" rel=\"noreferrer noopener\">Tereza Cristina da Silva&nbsp;Kurimoto<\/a><br>fump@fump.ufmg.br<br><a href=\"http:\/\/www.fump.ufmg.br\/\" target=\"_blank\" rel=\"noreferrer noopener\">www.fump.ufmg.br<\/a><\/p>\n\n\n\n<p><strong>Diretora da&nbsp;Comiss\u00e3o Permanente do Vestibular<br><\/strong><a href=\"https:\/\/somos.ufmg.br\/professor\/Katia-Pedroso-Silveira\" target=\"_blank\" rel=\"noreferrer noopener\">K\u00e1tia Pedroso Silveira<\/a><br>presidencia@copeve.ufmg.br<br><a href=\"http:\/\/site.copeve.ufmg.br\" target=\"_blank\" rel=\"noreferrer noopener\">site.copeve.ufmg.br<\/a><\/p>\n\n\n\n<p><strong>Procuradora-Chefe da Procuradoria Federal junto \u00e0 UFMG<\/strong><br><a href=\"http:\/\/lattes.cnpq.br\/9561197612500277\" target=\"_blank\" rel=\"noreferrer noopener\">Elisa Maria Correa Silva<\/a><br>info@pj.ufmg.br<\/p>\n\n\n\n<p><strong>Procuradora-Chefe Adjunta da Procuradoria Federal junto \u00e0&nbsp;UFMG<br><\/strong>Fab\u00edola Guerreiro Vilar de Melo Oliveira<br>info@pj.ufmg.br<\/p>\n","protected":false},"excerpt":{"rendered":"<p>Reitora Sandra Regina Goulart Almeidareitora@ufmg.br Sandra Regina Goulart Almeida cumpre seu segundo mandato (2022-2026) como reitora da UFMG. Dirigiu a Universidade de 2018-2022, da qual foi vice-reitora de 2014-2018 e diretora de Rela\u00e7\u00f5es Internacionais, de&nbsp; 2002 a 2006. Foi coordenadora adjunta da \u00e1rea de Letras e Lingu\u00edstica da Capes (2011-2014), secret\u00e1ria da Associa\u00e7\u00e3o Nacional de [&hellip;]<\/p>\n","protected":false},"author":1,"featured_media":0,"parent":3553,"menu_order":0,"comment_status":"closed","ping_status":"closed","template":"","meta":{"_acf_changed":false,"footnotes":""},"class_list":["post-2696","page","type-page","status-publish","hentry"],"acf":[],"_links":{"self":[{"href":"http:\/\/150.164.63.212:9000\/portal-novo-test\/wp-json\/wp\/v2\/pages\/2696","targetHints":{"allow":["GET"]}}],"collection":[{"href":"http:\/\/150.164.63.212:9000\/portal-novo-test\/wp-json\/wp\/v2\/pages"}],"about":[{"href":"http:\/\/150.164.63.212:9000\/portal-novo-test\/wp-json\/wp\/v2\/types\/page"}],"author":[{"embeddable":true,"href":"http:\/\/150.164.63.212:9000\/portal-novo-test\/wp-json\/wp\/v2\/users\/1"}],"replies":[{"embeddable":true,"href":"http:\/\/150.164.63.212:9000\/portal-novo-test\/wp-json\/wp\/v2\/comments?post=2696"}],"version-history":[{"count":0,"href":"http:\/\/150.164.63.212:9000\/portal-novo-test\/wp-json\/wp\/v2\/pages\/2696\/revisions"}],"up":[{"embeddable":true,"href":"http:\/\/150.164.63.212:9000\/portal-novo-test\/wp-json\/wp\/v2\/pages\/3553"}],"wp:attachment":[{"href":"http:\/\/150.164.63.212:9000\/portal-novo-test\/wp-json\/wp\/v2\/media?parent=2696"}],"curies":[{"name":"wp","href":"https:\/\/api.w.org\/{rel}","templated":true}]}}