{"id":2706,"date":"2025-07-08T12:05:56","date_gmt":"2025-07-08T15:05:56","guid":{"rendered":"http:\/\/150.164.63.212:9000\/portal-novo-test\/?page_id=2706"},"modified":"2025-09-19T12:22:42","modified_gmt":"2025-09-19T15:22:42","slug":"perfil-profissional","status":"publish","type":"page","link":"http:\/\/150.164.63.212:9000\/portal-novo-test\/acesso-a-informacao\/institucional\/perfil-profissional\/","title":{"rendered":"Perfil Profissional"},"content":{"rendered":"\n<p>O perfil profissional de alguns cargos da Universidade Federal de Minas Gerais (UFMG) est\u00e3o descritos no <a href=\"https:\/\/www2.ufmg.br\/sods\/Sods\/Sobre-a-UFMG\/Estatuto\" target=\"_blank\" rel=\"noreferrer noopener\">Estatuto da UFMG<\/a>.<\/p>\n\n\n\n<h2 class=\"wp-block-heading\">Reitor e vice-reitor<\/h2>\n\n\n\n<p>O reitor e o vice-reitor s\u00e3o nomeados pelo presidente da rep\u00fablica, que os escolhe de lista tr\u00edplice de docentes, organizada em reuni\u00e3o conjunta do <a href=\"https:\/\/www2.ufmg.br\/sods\/Sods\/Conselho-Universitario\" target=\"_blank\" rel=\"noreferrer noopener\">Conselho Universit\u00e1rio<\/a>, do <a href=\"https:\/\/www2.ufmg.br\/sods\/Sods\/CEPE\" target=\"_blank\" rel=\"noreferrer noopener\">Conselho de Ensino, Pesquisa e Extens\u00e3o<\/a> (Cepe) e do <a href=\"https:\/\/www2.ufmg.br\/sods\/Sods\/Conselho-de-Curadores\" target=\"_blank\" rel=\"noreferrer noopener\">Conselho de Curadores<\/a>.&nbsp;Podem concorrer \u00e0 lista tr\u00edplice docentes membros da carreira de magist\u00e9rio superior da Universidade, em efetivo exerc\u00edcio. De forma democr\u00e1tica, antes da elabora\u00e7\u00e3o da respectiva lista tr\u00edplice, o Conselho Universit\u00e1rio promove um processo de consulta \u00e0 toda comunidade universit\u00e1ria para escolha da chapa do reitor e do vice-reitor.<\/p>\n\n\n\n<p><strong>Compete ao reitor: <\/strong><\/p>\n\n\n\n<ul class=\"wp-block-list\">\n<li>Representar a Universidade em ju\u00edzo e fora dele.<\/li>\n\n\n\n<li>Administrar, superintender e fiscalizar as atividades da Institui\u00e7\u00e3o.<\/li>\n\n\n\n<li>Praticar, por proposta fundamentada pelos \u00f3rg\u00e3os competentes, os atos relativos a admiss\u00e3o, vida funcional e exonera\u00e7\u00e3o ou demiss\u00e3o do pessoal docente e do t\u00e9cnico e administrativo da Universidade.<\/li>\n\n\n\n<li>Conferir graus, diplomas, certificados acad\u00eamicos e t\u00edtulos honor\u00edficos.<\/li>\n\n\n\n<li>Firmar contratos, acordos e conv\u00eanios, mediante pr\u00e9via aprova\u00e7\u00e3o ou <em>ad referendum<\/em> do \u00f3rg\u00e3o competente.<\/li>\n<\/ul>\n\n\n\n<p><strong>Compete ao vice-reitor: <\/strong><\/p>\n\n\n\n<ul class=\"wp-block-list\">\n<li>Substituir automaticamente o reitor em suas faltas ou impedimentos eventuais.<\/li>\n\n\n\n<li>Supervisionar administrativamente a vida acad\u00eamica da Institui\u00e7\u00e3o.<\/li>\n\n\n\n<li>Supervisionar as atividades assistenciais da Universidade.<\/li>\n\n\n\n<li>Representar, como elemento de liga\u00e7\u00e3o, a administra\u00e7\u00e3o superior da Universidade junto a associa\u00e7\u00f5es estudantis.<\/li>\n\n\n\n<li>Desempenhar as fun\u00e7\u00f5es que lhe forem delegadas pelo reitor.<\/li>\n<\/ul>\n\n\n\n<h2 class=\"wp-block-heading\">Pr\u00f3-reitores, procurador-geral e assessores<\/h2>\n\n\n\n<p>Os pr\u00f3-reitores, o procurador-geral e os assessores s\u00e3o de livre escolha do reitor. Os pr\u00f3-reitores poder\u00e3o ter pr\u00f3-reitores adjuntos, tamb\u00e9m nomeados pelo reitor.&nbsp;A Reitoria poder\u00e1 instituir, com aprova\u00e7\u00e3o do Conselho Universit\u00e1rio, <a href=\"http:\/\/150.164.63.212:9000\/portal-novo-test\/a-universidade\/estrutura-organizacional\/orgaos-da-administracao-superior\/\" target=\"_blank\" rel=\"noreferrer noopener\">\u00d3rg\u00e3os Auxiliares<\/a> exigidos pela administra\u00e7\u00e3o. Os dirigentes destes \u00f3rg\u00e3os ser\u00e3o de livre escolha do reitor.<\/p>\n\n\n\n<p><\/p>\n\n\n\n<h2 class=\"wp-block-heading\">Diretor e vice-diretor de \u00d3rg\u00e3os Suplementares<\/h2>\n\n\n\n<p>O <a href=\"http:\/\/150.164.63.212:9000\/portal-novo-test\/a-universidade\/estrutura-organizacional\/orgaos-da-administracao-superior\/\" target=\"_blank\" rel=\"noreferrer noopener\">\u00d3rg\u00e3o Suplementar<\/a> \u00e9 dirigido por um Conselho. Seu diretor e vice-diretor ser\u00e3o escolhidos pelo reitor a partir de uma lista tr\u00edplice elaborada pelo respectivo Conselho.<\/p>\n\n\n\n<h2 class=\"wp-block-heading\">Diretor e vice-diretor de Unidade Acad\u00eamica<strong>&nbsp;<\/strong><\/h2>\n\n\n\n<p>Diretoria da <a href=\"http:\/\/150.164.63.212:9000\/portal-novo-test\/a-universidade\/estrutura-organizacional\/unidades-de-ensino-pesquisa-e-extensao\/\" target=\"_blank\" rel=\"noreferrer noopener\">Unidade Acad\u00eamica<\/a>, exercida pelo diretor e pelo vice-diretor, \u00e9 o \u00f3rg\u00e3o ao qual compete supervisionar os programas de ensino, pesquisa e extens\u00e3o e a execu\u00e7\u00e3o das atividades administrativas, na \u00e1rea da Unidade Acad\u00eamica. O diretor e o vice-diretor s\u00e3o nomeados pelo reitor, que os escolhe de lista tr\u00edplice de docentes, organizada pela Congrega\u00e7\u00e3o da Unidade Acad\u00eamica. Por sua vez, a Congrega\u00e7\u00e3o regulamentar\u00e1 o processo de consulta \u00e0 comunidade local para escolha do diretor e do vice-diretor, que preceder\u00e1 a elabora\u00e7\u00e3o da respectiva lista tr\u00edplice.<\/p>\n\n\n\n<h2 class=\"wp-block-heading\">Diretor de \u00d3rg\u00e3os Complementar<\/h2>\n\n\n\n<p>O <a href=\"http:\/\/150.164.63.212:9000\/portal-novo-test\/a-universidade\/estrutura-organizacional\/unidades-de-ensino-pesquisa-e-extensao\/\" target=\"_blank\" rel=\"noreferrer noopener\">\u00d3rg\u00e3o Complementar<\/a> \u00e9 dirigido por um diretor, escolhido de lista tr\u00edplice de docentes organizada pela Congrega\u00e7\u00e3o e designado pelo diretor da Unidade Acad\u00eamica a que esse \u00f3rg\u00e3o se vincula.<\/p>\n\n\n\n<h2 class=\"wp-block-heading\">Coordenador e subcoordenador de Colegiado de Curso<\/h2>\n\n\n\n<p>Cada <a href=\"http:\/\/150.164.63.212:9000\/portal-novo-test\/a-universidade\/estrutura-organizacional\/colegiados-de-curso\/\" target=\"_blank\" rel=\"noreferrer noopener\">Colegiado de Curso<\/a> ter\u00e1 um coordenador e um subcoordenador, eleitos pelo \u00f3rg\u00e3o, por maioria absoluta de votos.<\/p>\n\n\n\n<div class=\"wp-block-ufmg-cards grid grid-cols-1 lg:grid-cols-cards gap-8\">\n\t<div class=\"flex flex-col gap-6 p-6 md:py-8 border border-neutral-200 rounded-lg\">\n\n\t\t\t\t\t<h2 class=\"pl-2 border-l-2 border-l-primary-400 text-neutral-600 text-xl md:text-2xl font-semibold\">\n\t\t\t\tEstrutura Organizacional da UFMG\t\t\t<\/h2>\n\t\t\n\t\t\t\t\t<p class=\"flex-1 text-base md:text-lg text-neutral-500\">\n\t\t\t\t\u00d3rg\u00e3os e estruturas que comp\u00f5em a Universidade\t\t\t<\/p>\n\t\t\n\t\t\t\t\t<a href=\"http:\/\/150.164.63.212:9000\/portal-novo-test\/a-universidade\/estrutura-organizacional\/\" target=\"_blank\" rel=\"noopener noreferrer\"\t\t\t\tclass=\"w-fit ml-auto flex items-center gap-4 text-primary-300 font-lexend font-medium text-base md:text-lg\">\n\t\t\t\tAcesse aqui\t\t\t\t<i class=\"ti ti-chevron-right text-[1rem] md:text-[1.25rem]\"><\/i>\n\t\t\t<\/a>\n\t\t\t<\/div>\n\n\n\n\t<div class=\"flex flex-col gap-6 p-6 md:py-8 border border-neutral-200 rounded-lg\">\n\n\t\t\t\t\t<h2 class=\"pl-2 border-l-2 border-l-primary-400 text-neutral-600 text-xl md:text-2xl font-semibold\">\n\t\t\t\tDirigentes da UFMG\t\t\t<\/h2>\n\t\t\n\t\t\t\t\t<p class=\"flex-1 text-base md:text-lg text-neutral-500\">\n\t\t\t\tLista dos principais cargos e respectivos ocupantes\t\t\t<\/p>\n\t\t\n\t\t\t\t\t<a href=\"http:\/\/150.164.63.212:9000\/portal-novo-test\/a-universidade\/gestao\/dirigentes\/\" target=\"_blank\" rel=\"noopener noreferrer\"\t\t\t\tclass=\"w-fit ml-auto flex items-center gap-4 text-primary-300 font-lexend font-medium text-base md:text-lg\">\n\t\t\t\tAcesse aqui\t\t\t\t<i class=\"ti ti-chevron-right text-[1rem] md:text-[1.25rem]\"><\/i>\n\t\t\t<\/a>\n\t\t\t<\/div>\n<\/div>\n","protected":false},"excerpt":{"rendered":"<p>O perfil profissional de alguns cargos da Universidade Federal de Minas Gerais (UFMG) est\u00e3o descritos no Estatuto da UFMG. Reitor e vice-reitor O reitor e o vice-reitor s\u00e3o nomeados pelo presidente da rep\u00fablica, que os escolhe de lista tr\u00edplice de docentes, organizada em reuni\u00e3o conjunta do Conselho Universit\u00e1rio, do Conselho de Ensino, Pesquisa e Extens\u00e3o [&hellip;]<\/p>\n","protected":false},"author":1,"featured_media":0,"parent":2598,"menu_order":0,"comment_status":"closed","ping_status":"closed","template":"","meta":{"_acf_changed":false,"footnotes":""},"class_list":["post-2706","page","type-page","status-publish","hentry"],"acf":[],"_links":{"self":[{"href":"http:\/\/150.164.63.212:9000\/portal-novo-test\/wp-json\/wp\/v2\/pages\/2706","targetHints":{"allow":["GET"]}}],"collection":[{"href":"http:\/\/150.164.63.212:9000\/portal-novo-test\/wp-json\/wp\/v2\/pages"}],"about":[{"href":"http:\/\/150.164.63.212:9000\/portal-novo-test\/wp-json\/wp\/v2\/types\/page"}],"author":[{"embeddable":true,"href":"http:\/\/150.164.63.212:9000\/portal-novo-test\/wp-json\/wp\/v2\/users\/1"}],"replies":[{"embeddable":true,"href":"http:\/\/150.164.63.212:9000\/portal-novo-test\/wp-json\/wp\/v2\/comments?post=2706"}],"version-history":[{"count":0,"href":"http:\/\/150.164.63.212:9000\/portal-novo-test\/wp-json\/wp\/v2\/pages\/2706\/revisions"}],"up":[{"embeddable":true,"href":"http:\/\/150.164.63.212:9000\/portal-novo-test\/wp-json\/wp\/v2\/pages\/2598"}],"wp:attachment":[{"href":"http:\/\/150.164.63.212:9000\/portal-novo-test\/wp-json\/wp\/v2\/media?parent=2706"}],"curies":[{"name":"wp","href":"https:\/\/api.w.org\/{rel}","templated":true}]}}