{"id":2717,"date":"2025-07-08T12:11:31","date_gmt":"2025-07-08T15:11:31","guid":{"rendered":"http:\/\/150.164.63.212:9000\/portal-novo-test\/?page_id=2717"},"modified":"2025-08-08T16:08:10","modified_gmt":"2025-08-08T19:08:10","slug":"programas-projetos-acoes-obras-e-atividades","status":"publish","type":"page","link":"http:\/\/150.164.63.212:9000\/portal-novo-test\/acesso-a-informacao\/acoes-e-programas\/programas-projetos-acoes-obras-e-atividades\/","title":{"rendered":"Programas, Projetos, A\u00e7\u00f5es, Obras e Atividades"},"content":{"rendered":"\n<p>Os principais programas, a\u00e7\u00f5es e obras desenvolvidos pela Universidade Federal de Minas Gerais (UFMG) \u2013&nbsp;incluindo suas unidades respons\u00e1veis, suas principais metas, seus indicadores de resultado e impacto e seus principais resultados \u2013&nbsp;, s\u00e3o divulgados anualmente no <a href=\"https:\/\/www.ufmg.br\/proplan\/relatorios-de-gestao\/\" target=\"_blank\" rel=\"noreferrer noopener\">Relat\u00f3rio de Gest\u00e3o<\/a> da Institui\u00e7\u00e3o. Outro documento importante sobre o tema \u00e9 o <a href=\"http:\/\/150.164.63.212:9000\/portal-novo-test\/documentos-e-normas\/plano-de-desenvolvimento-institucional\" target=\"_blank\" rel=\"noreferrer noopener\">Plano de Desenvolvimento Institucional<\/a> (PDI), que orienta o planejamento e gest\u00e3o interna da Universidade.<\/p>\n\n\n\n<div class=\"wp-block-ufmg-cards grid grid-cols-1 lg:grid-cols-cards gap-8\">\n\t<div class=\"flex flex-col gap-6 p-6 md:py-8 border border-neutral-200 rounded-lg\">\n\n\t\t\t\t\t<h2 class=\"pl-2 border-l-2 border-l-primary-400 text-neutral-600 text-xl md:text-2xl font-semibold\">\n\t\t\t\tDespesa P\u00fablica\t\t\t<\/h2>\n\t\t\n\t\t\t\t\t<p class=\"flex-1 text-base md:text-lg text-neutral-500\">\n\t\t\t\tPortal da Transpar\u00eancia\t\t\t<\/p>\n\t\t\n\t\t\t\t\t<a href=\"https:\/\/portaldatransparencia.gov.br\/despesas\/orgao?paginacaoSimples=true&#038;tamanhoPagina=&#038;offset=&#038;direcaoOrdenacao=asc&#038;de=01%2F01%2F2025&#038;ate=31%2F12%2F2025&#038;orgaos=OR26238&#038;colunasSelecionadas=linkDetalhamento%2CmesAno%2CorgaoSuperior%2CorgaoVinculado%2CvalorDespesaEmpenhada%2CvalorDespesaLiquidada%2CvalorDespesaPaga%2CvalorRestoPago\" target=\"_blank\" rel=\"noopener noreferrer\"\t\t\t\tclass=\"w-fit ml-auto flex items-center gap-4 text-primary-300 font-lexend font-medium text-base md:text-lg\">\n\t\t\t\tAcesse aqui\t\t\t\t<i class=\"ti ti-chevron-right text-[1rem] md:text-[1.25rem]\"><\/i>\n\t\t\t<\/a>\n\t\t\t<\/div>\n\n\n\n\t<div class=\"flex flex-col gap-6 p-6 md:py-8 border border-neutral-200 rounded-lg\">\n\n\t\t\t\t\t<h2 class=\"pl-2 border-l-2 border-l-primary-400 text-neutral-600 text-xl md:text-2xl font-semibold\">\n\t\t\t\tDespesa por Programa e A\u00e7\u00e3o\t\t\t<\/h2>\n\t\t\n\t\t\t\t\t<p class=\"flex-1 text-base md:text-lg text-neutral-500\">\n\t\t\t\tPortal da Transpar\u00eancia\t\t\t<\/p>\n\t\t\n\t\t\t\t\t<a href=\"https:\/\/portaldatransparencia.gov.br\/despesas\/programa-e-acao?paginacaoSimples=true&#038;tamanhoPagina=&#038;offset=&#038;direcaoOrdenacao=asc&#038;de=01%2F01%2F2025&#038;ate=31%2F12%2F2025&#038;orgaos=OR26238&#038;colunasSelecionadas=linkDetalhamento%2CmesAno%2Cprograma%2Cacao%2CvalorDespesaEmpenhada%2CvalorDespesaLiquidada%2CvalorDespesaPaga%2CvalorRestoPago%2CorgaoVinculado\" target=\"_blank\" rel=\"noopener noreferrer\"\t\t\t\tclass=\"w-fit ml-auto flex items-center gap-4 text-primary-300 font-lexend font-medium text-base md:text-lg\">\n\t\t\t\tAcesse aqui\t\t\t\t<i class=\"ti ti-chevron-right text-[1rem] md:text-[1.25rem]\"><\/i>\n\t\t\t<\/a>\n\t\t\t<\/div>\n<\/div>\n\n\n\n<h4 class=\"wp-block-heading\"><em><strong>Passo a passo:<\/strong><\/em><\/h4>\n\n\n\n<p><strong>Despesa P\u00fablica da UFMG<\/strong><em><br><\/em>1. Acessar o&nbsp;<a href=\"http:\/\/transparencia.gov.br\/\" target=\"_blank\" rel=\"noreferrer noopener\">Portal da Transpar\u00eancia<\/a>.<br>2. No menu superior, localizar a op\u00e7\u00e3o \u201cConsultas Detalhadas\u201d \u2192&nbsp;&#8220;Despesas P\u00fablicas&#8221;.<br>3. Clicar na op\u00e7\u00e3o &#8220;\u00d3rg\u00e3o\/Entidade Executora&#8221;<br>4. Utilizar a barra lateral esquerda de filtros e selecionar a op\u00e7\u00e3o \u201c\u00d3rg\u00e3o\u201d.<br>5. Digitar \u201cUFMG\u201d ou \u201c26238\u201d \u2013 c\u00f3digo de Unidade Or\u00e7ament\u00e1ria do Siafi referente a UFMG.<br>6. Clicar em \u201cAdicionar\u201d.<br>7. Se necess\u00e1rio, alterar as datas do filtro &#8220;Per\u00edodo&#8221;. <br>8. Clicar em &#8220;Consultar&#8221;.<\/p>\n\n\n\n<p><strong>Despesa por Programa e A\u00e7\u00e3o da UFMG<\/strong><br>1. Acessar o&nbsp;<a href=\"http:\/\/transparencia.gov.br\/\" target=\"_blank\" rel=\"noreferrer noopener\">Portal da Transpar\u00eancia<\/a>.<br>2. No menu superior, localizar a op\u00e7\u00e3o \u201cConsultas Detalhadas\u201d \u2192&nbsp;&#8220;Despesas P\u00fablicas&#8221;.<br>3. Clicar na op\u00e7\u00e3o &#8220;Programa\/A\u00e7\u00e3o Or\u00e7ament\u00e1ria&#8221;<br>4. Utilizar a barra lateral esquerda de filtros e selecionar a op\u00e7\u00e3o \u201c\u00d3rg\u00e3o\u201d.<br>5. Digitar \u201cUFMG\u201d ou \u201c26238\u201d \u2013 c\u00f3digo de Unidade Or\u00e7ament\u00e1ria do Siafi referente a UFMG.<br>6. Clicar em \u201cAdicionar\u201d.<br>7. Se necess\u00e1rio, alterar as datas do filtro &#8220;Per\u00edodo&#8221;. <br>8. Clicar em &#8220;Consultar&#8221;.<\/p>\n","protected":false},"excerpt":{"rendered":"<p>Os principais programas, a\u00e7\u00f5es e obras desenvolvidos pela Universidade Federal de Minas Gerais (UFMG) \u2013&nbsp;incluindo suas unidades respons\u00e1veis, suas principais metas, seus indicadores de resultado e impacto e seus principais resultados \u2013&nbsp;, s\u00e3o divulgados anualmente no Relat\u00f3rio de Gest\u00e3o da Institui\u00e7\u00e3o. Outro documento importante sobre o tema \u00e9 o Plano de Desenvolvimento Institucional (PDI), que [&hellip;]<\/p>\n","protected":false},"author":1,"featured_media":0,"parent":2715,"menu_order":0,"comment_status":"closed","ping_status":"closed","template":"","meta":{"_acf_changed":false,"footnotes":""},"class_list":["post-2717","page","type-page","status-publish","hentry"],"acf":[],"_links":{"self":[{"href":"http:\/\/150.164.63.212:9000\/portal-novo-test\/wp-json\/wp\/v2\/pages\/2717","targetHints":{"allow":["GET"]}}],"collection":[{"href":"http:\/\/150.164.63.212:9000\/portal-novo-test\/wp-json\/wp\/v2\/pages"}],"about":[{"href":"http:\/\/150.164.63.212:9000\/portal-novo-test\/wp-json\/wp\/v2\/types\/page"}],"author":[{"embeddable":true,"href":"http:\/\/150.164.63.212:9000\/portal-novo-test\/wp-json\/wp\/v2\/users\/1"}],"replies":[{"embeddable":true,"href":"http:\/\/150.164.63.212:9000\/portal-novo-test\/wp-json\/wp\/v2\/comments?post=2717"}],"version-history":[{"count":0,"href":"http:\/\/150.164.63.212:9000\/portal-novo-test\/wp-json\/wp\/v2\/pages\/2717\/revisions"}],"up":[{"embeddable":true,"href":"http:\/\/150.164.63.212:9000\/portal-novo-test\/wp-json\/wp\/v2\/pages\/2715"}],"wp:attachment":[{"href":"http:\/\/150.164.63.212:9000\/portal-novo-test\/wp-json\/wp\/v2\/media?parent=2717"}],"curies":[{"name":"wp","href":"https:\/\/api.w.org\/{rel}","templated":true}]}}