{"id":2765,"date":"2025-07-09T15:20:32","date_gmt":"2025-07-09T18:20:32","guid":{"rendered":"http:\/\/150.164.63.212:9000\/portal-novo-test\/?page_id=2765"},"modified":"2025-08-18T11:57:36","modified_gmt":"2025-08-18T14:57:36","slug":"acoes-de-supervisao-controle-e-correicao","status":"publish","type":"page","link":"http:\/\/150.164.63.212:9000\/portal-novo-test\/acesso-a-informacao\/auditorias\/acoes-de-supervisao-controle-e-correicao\/","title":{"rendered":"A\u00e7\u00f5es de Supervis\u00e3o, Controle e Correi\u00e7\u00e3o"},"content":{"rendered":"<?xml encoding=\"utf-8\"?><ul class=\"wp-block-ufmg-hub-links [&amp;&gt;li_a]:flex [&amp;&gt;li_a]:items-center [&amp;&gt;li_a]:justify-between [&amp;&gt;li_a]:bg-neutral-50 [&amp;&gt;li_a]:px-4 [&amp;&gt;li_a]:py-3 md:[&amp;&gt;li_a]:py-5 [&amp;&gt;li_a]:border-b [&amp;&gt;li_a]:border-b-neutral-200 [&amp;&gt;li_a]:text-primary-300 [&amp;&gt;li_a]:text-base md:[&amp;&gt;li_a]:text-lg [&amp;&gt;li_a]:font-lexend [&amp;&gt;li_a]:font-medium [&amp;&gt;li_a]:transition-colors [&amp;&gt;li_a&gt;i]:text-[1rem] md:[&amp;&gt;li_a&gt;i]:text-[1.5rem] hover:[&amp;&gt;li_a]:bg-neutral-100 hover:[&amp;&gt;li_a]:border-b-primary-300\"><li class=\" wp-block-navigation-item wp-block-navigation-link\"><a class=\"wp-block-navigation-item__content\" href=\"https:\/\/www.ufmg.br\/auditoria\/pgmq\/\" target=\"_blank\"><span class=\"wp-block-navigation-item__label\">Acompanhamento do Programa de Gest&atilde;o e Melhoria da Qualidade (PGMQ)<\/span><i class=\"ti ti-chevron-right\"><\/i><\/a><\/li>\n\n<li class=\" wp-block-navigation-item wp-block-navigation-link\"><a class=\"wp-block-navigation-item__content\" href=\"https:\/\/www.ufmg.br\/proplan\/prestacao-de-contas-2\/\" target=\"_blank\"><span class=\"wp-block-navigation-item__label\">Aprova&ccedil;&atilde;o das Contas &ndash; Ac&oacute;rd&atilde;os do TCU<\/span><i class=\"ti ti-chevron-right\"><\/i><\/a><\/li>\n\n<li class=\" wp-block-navigation-item wp-block-navigation-link\"><a class=\"wp-block-navigation-item__content\" href=\"https:\/\/www.ufmg.br\/proplan\/prestacao-de-contas-da-ufmg\/demonstracoes-contabeis\/\" target=\"_blank\"><span class=\"wp-block-navigation-item__label\">Demonstra&ccedil;&otilde;es Cont&aacute;beis, Notas Explicativas e Pareceres<\/span><i class=\"ti ti-chevron-right\"><\/i><\/a><\/li>\n\n<li class=\" wp-block-navigation-item wp-block-navigation-link\"><a class=\"wp-block-navigation-item__content\" href=\"https:\/\/www.ufmg.br\/proplan\/indicadores-de-gestao\/\" target=\"_blank\"><span class=\"wp-block-navigation-item__label\">Indicadores de Gest&atilde;o<\/span><i class=\"ti ti-chevron-right\"><\/i><\/a><\/li>\n\n<li class=\" wp-block-navigation-item wp-block-navigation-link\"><a class=\"wp-block-navigation-item__content\" href=\"https:\/\/www.ufmg.br\/auditoria\/transparencia\/parecer\/\" target=\"_blank\"><span class=\"wp-block-navigation-item__label\">Parecer<\/span><i class=\"ti ti-chevron-right\"><\/i><\/a><\/li>\n\n<li class=\" wp-block-navigation-item wp-block-navigation-link\"><a class=\"wp-block-navigation-item__content\" href=\"https:\/\/www.ufmg.br\/auditoria\/plano-de-providencias-permanente\/\" target=\"_blank\"><span class=\"wp-block-navigation-item__label\">Plano de Provid&ecirc;ncias Permanente<\/span><i class=\"ti ti-chevron-right\"><\/i><\/a><\/li>\n\n<li class=\" wp-block-navigation-item wp-block-navigation-link\"><a class=\"wp-block-navigation-item__content\" href=\"https:\/\/www.ufmg.br\/proplan\/prestacao-de-contas-da-ufmg\/\" target=\"_blank\"><span class=\"wp-block-navigation-item__label\">Presta&ccedil;&atilde;o de Contas da UFMG<\/span><i class=\"ti ti-chevron-right\"><\/i><\/a><\/li>\n\n<li class=\" wp-block-navigation-item wp-block-navigation-link\"><a class=\"wp-block-navigation-item__content\" href=\"https:\/\/ufmg.br\/comunicacao\/noticias\/ufmg-institui-coordenadoria-de-prevencao-e-mediacao-de-conflitos\" target=\"_blank\"><span class=\"wp-block-navigation-item__label\">Coordenadoria de Preven&ccedil;&atilde;o, Media&ccedil;&atilde;o de Conflitos e de Correi&ccedil;&atilde;o (CMEC)<\/span><i class=\"ti ti-chevron-right\"><\/i><\/a><\/li><\/ul>\n\n\n\n<div class=\"wp-block-ufmg-details-group\"><\/div>\n","protected":false},"excerpt":{"rendered":"","protected":false},"author":1,"featured_media":0,"parent":2762,"menu_order":0,"comment_status":"closed","ping_status":"closed","template":"","meta":{"_acf_changed":false,"footnotes":""},"class_list":["post-2765","page","type-page","status-publish","hentry"],"acf":[],"_links":{"self":[{"href":"http:\/\/150.164.63.212:9000\/portal-novo-test\/wp-json\/wp\/v2\/pages\/2765","targetHints":{"allow":["GET"]}}],"collection":[{"href":"http:\/\/150.164.63.212:9000\/portal-novo-test\/wp-json\/wp\/v2\/pages"}],"about":[{"href":"http:\/\/150.164.63.212:9000\/portal-novo-test\/wp-json\/wp\/v2\/types\/page"}],"author":[{"embeddable":true,"href":"http:\/\/150.164.63.212:9000\/portal-novo-test\/wp-json\/wp\/v2\/users\/1"}],"replies":[{"embeddable":true,"href":"http:\/\/150.164.63.212:9000\/portal-novo-test\/wp-json\/wp\/v2\/comments?post=2765"}],"version-history":[{"count":0,"href":"http:\/\/150.164.63.212:9000\/portal-novo-test\/wp-json\/wp\/v2\/pages\/2765\/revisions"}],"up":[{"embeddable":true,"href":"http:\/\/150.164.63.212:9000\/portal-novo-test\/wp-json\/wp\/v2\/pages\/2762"}],"wp:attachment":[{"href":"http:\/\/150.164.63.212:9000\/portal-novo-test\/wp-json\/wp\/v2\/media?parent=2765"}],"curies":[{"name":"wp","href":"https:\/\/api.w.org\/{rel}","templated":true}]}}