{"id":2795,"date":"2025-07-09T11:36:27","date_gmt":"2025-07-09T14:36:27","guid":{"rendered":"http:\/\/150.164.63.212:9000\/portal-novo-test\/?page_id=2795"},"modified":"2025-08-11T10:38:55","modified_gmt":"2025-08-11T13:38:55","slug":"licitacoes","status":"publish","type":"page","link":"http:\/\/150.164.63.212:9000\/portal-novo-test\/acesso-a-informacao\/licitacoes-e-contratos\/licitacoes\/","title":{"rendered":"Licita\u00e7\u00f5es"},"content":{"rendered":"\n<div class=\"wp-block-ufmg-cards grid grid-cols-1 lg:grid-cols-cards gap-8\">\n\t<div class=\"flex flex-col gap-6 p-6 md:py-8 border border-neutral-200 rounded-lg\">\n\n\t\t\t\t\t<h2 class=\"pl-2 border-l-2 border-l-primary-400 text-neutral-600 text-xl md:text-2xl font-semibold\">\n\t\t\t\tInforma\u00e7\u00f5es sobre Licita\u00e7\u00f5es\t\t\t<\/h2>\n\t\t\n\t\t\t\t\t<p class=\"flex-1 text-base md:text-lg text-neutral-500\">\n\t\t\t\tPortal da Transpar\u00eancia\t\t\t<\/p>\n\t\t\n\t\t\t\t\t<a href=\"https:\/\/portaldatransparencia.gov.br\/licitacoes\/consulta?paginacaoSimples=true&#038;tamanhoPagina=&#038;offset=&#038;direcaoOrdenacao=asc&#038;de=01%2F01%2F2025&#038;ate=31%2F12%2F2025&#038;orgaos=OR26238&#038;colunasSelecionadas=detalhar%2CdataResultadoCompra%2CdataAbertura%2CorgaoSuperior%2CorgaoEntidadeVinculada%2CunidadeGestora%2Csituacao%2Cmodalidade%2CinstrumentoLegal%2CnumeroLicitacao%2Cobjeto\" target=\"_blank\" rel=\"noopener noreferrer\"\t\t\t\tclass=\"w-fit ml-auto flex items-center gap-4 text-primary-300 font-lexend font-medium text-base md:text-lg\">\n\t\t\t\tAcesse aqui\t\t\t\t<i class=\"ti ti-chevron-right text-[1rem] md:text-[1.25rem]\"><\/i>\n\t\t\t<\/a>\n\t\t\t<\/div>\n<\/div>\n\n\n\n<h4 class=\"wp-block-heading\"><strong><em>Passo a passo:<\/em><\/strong><\/h4>\n\n\n\n<p>1. Acessar o <a href=\"http:\/\/transparencia.gov.br\/\">Portal da Transpar\u00eancia<\/a>.<br>2. No menu superior, localizar a op\u00e7\u00e3o &#8220;Consultas Detalhadas&#8221; \u2192 &#8220;Licita\u00e7\u00f5es&#8221;.<br>3. Utilizar a barra lateral esquerda de filtros e selecionar a op\u00e7\u00e3o &#8220;\u00d3rg\u00e3o&#8221;.<br>4. Digitar &#8220;26238&#8221; \u2013 c\u00f3digo de Unidade Or\u00e7ament\u00e1ria do Siafi referente a UFMG.<br>5. Clicar em &#8220;Adicionar&#8221;.<br>6. Se necess\u00e1rio, alterar as datas dos filtros &#8220;Per\u00edodos&#8221;. <br>7. Clicar em &#8220;Consultar&#8221;.<\/p>\n\n\n\n<p><\/p>\n\n\n\n<h2 class=\"wp-block-heading\">Saiba mais<\/h2>\n\n\n<?xml encoding=\"utf-8\"?><ul class=\"wp-block-ufmg-hub-links [&amp;&gt;li_a]:flex [&amp;&gt;li_a]:items-center [&amp;&gt;li_a]:justify-between [&amp;&gt;li_a]:bg-neutral-50 [&amp;&gt;li_a]:px-4 [&amp;&gt;li_a]:py-3 md:[&amp;&gt;li_a]:py-5 [&amp;&gt;li_a]:border-b [&amp;&gt;li_a]:border-b-neutral-200 [&amp;&gt;li_a]:text-primary-300 [&amp;&gt;li_a]:text-base md:[&amp;&gt;li_a]:text-lg [&amp;&gt;li_a]:font-lexend [&amp;&gt;li_a]:font-medium [&amp;&gt;li_a]:transition-colors [&amp;&gt;li_a&gt;i]:text-[1rem] md:[&amp;&gt;li_a&gt;i]:text-[1.5rem] hover:[&amp;&gt;li_a]:bg-neutral-100 hover:[&amp;&gt;li_a]:border-b-primary-300\"><li class=\" wp-block-navigation-item wp-block-navigation-link\"><a class=\"wp-block-navigation-item__content\" href=\"https:\/\/www.ufmg.br\/dlo\/comprasandamento.php\" target=\"_blank\"><span class=\"wp-block-navigation-item__label\">Avisos de licita&ccedil;&atilde;o em andamento para aquisi&ccedil;&atilde;o de materiais e servi&ccedil;os<\/span><i class=\"ti ti-chevron-right\"><\/i><\/a><\/li>\n\n<li class=\" wp-block-navigation-item wp-block-navigation-link\"><a class=\"wp-block-navigation-item__content\" href=\"https:\/\/www.ufmg.br\/dlo\/srp.php\" target=\"_blank\"><span class=\"wp-block-navigation-item__label\">Atas de compras realizadas por meio de Sistema de Registro de Pre&ccedil;os (SRP)<\/span><i class=\"ti ti-chevron-right\"><\/i><\/a><\/li>\n\n<li class=\" wp-block-navigation-item wp-block-navigation-link\"><a class=\"wp-block-navigation-item__content\" href=\"https:\/\/comprasnet.gov.br\/ConsultaLicitacoes\/ConsLicitacao_Filtro.asp\" target=\"_blank\"><span class=\"wp-block-navigation-item__label\">Informa&ccedil;&otilde;es sobre compras encerradas<\/span><i class=\"ti ti-chevron-right\"><\/i><\/a><\/li><\/ul>\n\n\n\n<p><\/p>\n","protected":false},"excerpt":{"rendered":"<p>Passo a passo: 1. Acessar o Portal da Transpar\u00eancia.2. No menu superior, localizar a op\u00e7\u00e3o &#8220;Consultas Detalhadas&#8221; \u2192 &#8220;Licita\u00e7\u00f5es&#8221;.3. Utilizar a barra lateral esquerda de filtros e selecionar a op\u00e7\u00e3o &#8220;\u00d3rg\u00e3o&#8221;.4. Digitar &#8220;26238&#8221; \u2013 c\u00f3digo de Unidade Or\u00e7ament\u00e1ria do Siafi referente a UFMG.5. Clicar em &#8220;Adicionar&#8221;.6. Se necess\u00e1rio, alterar as datas dos filtros &#8220;Per\u00edodos&#8221;. 7. [&hellip;]<\/p>\n","protected":false},"author":1,"featured_media":0,"parent":2793,"menu_order":0,"comment_status":"closed","ping_status":"closed","template":"","meta":{"_acf_changed":false,"footnotes":""},"class_list":["post-2795","page","type-page","status-publish","hentry"],"acf":[],"_links":{"self":[{"href":"http:\/\/150.164.63.212:9000\/portal-novo-test\/wp-json\/wp\/v2\/pages\/2795","targetHints":{"allow":["GET"]}}],"collection":[{"href":"http:\/\/150.164.63.212:9000\/portal-novo-test\/wp-json\/wp\/v2\/pages"}],"about":[{"href":"http:\/\/150.164.63.212:9000\/portal-novo-test\/wp-json\/wp\/v2\/types\/page"}],"author":[{"embeddable":true,"href":"http:\/\/150.164.63.212:9000\/portal-novo-test\/wp-json\/wp\/v2\/users\/1"}],"replies":[{"embeddable":true,"href":"http:\/\/150.164.63.212:9000\/portal-novo-test\/wp-json\/wp\/v2\/comments?post=2795"}],"version-history":[{"count":0,"href":"http:\/\/150.164.63.212:9000\/portal-novo-test\/wp-json\/wp\/v2\/pages\/2795\/revisions"}],"up":[{"embeddable":true,"href":"http:\/\/150.164.63.212:9000\/portal-novo-test\/wp-json\/wp\/v2\/pages\/2793"}],"wp:attachment":[{"href":"http:\/\/150.164.63.212:9000\/portal-novo-test\/wp-json\/wp\/v2\/media?parent=2795"}],"curies":[{"name":"wp","href":"https:\/\/api.w.org\/{rel}","templated":true}]}}