{"id":3705,"date":"2025-10-06T16:14:27","date_gmt":"2025-10-06T19:14:27","guid":{"rendered":"http:\/\/150.164.63.212:9000\/portal-novo-test\/?page_id=3705"},"modified":"2025-10-06T16:14:27","modified_gmt":"2025-10-06T19:14:27","slug":"entidades-estudantis","status":"publish","type":"page","link":"http:\/\/150.164.63.212:9000\/portal-novo-test\/vida-academica\/entidades-estudantis\/","title":{"rendered":"Entidades Estudantis"},"content":{"rendered":"\n<h2 class=\"wp-block-heading\">Representa\u00e7\u00e3o estudantil<\/h2>\n\n\n\n<p>O Diret\u00f3rio Central dos Estudantes (DCE) \u00e9 a entidade m\u00e1xima de representa\u00e7\u00e3o estudantil da UFMG. Sua sede fica na Pra\u00e7a de Servi\u00e7os do campus Pampulha. O DCE tem direito a voz e voto nas reuni\u00f5es do Conselho Universit\u00e1rio, do Conselho de Ensino, Pesquisa e Extens\u00e3o (Cepe) e dos Conselhos Curador e Fiscal da Fump. Al\u00e9m disso, o \u00f3rg\u00e3o tamb\u00e9m realiza outros servi\u00e7os destinados \u00e0 comunidade universit\u00e1ria, como a produ\u00e7\u00e3o do documento nacional do estudante (DNE).<\/p>\n\n\n\n<div class=\"wp-block-ufmg-cards grid grid-cols-1 lg:grid-cols-cards gap-8\">\n\t<div class=\"flex flex-col gap-6 p-6 md:py-8 border border-neutral-200 rounded-lg\">\n\n\t\t\t\t\t<h2 class=\"pl-2 border-l-2 border-l-primary-400 text-neutral-600 text-xl md:text-2xl font-semibold\">\n\t\t\t\tDiret\u00f3rio Central dos Estudantes\t\t\t<\/h2>\n\t\t\n\t\t\t\t\t<p class=\"flex-1 text-base md:text-lg text-neutral-500\">\n\t\t\t\tAcompanhe a rede social do DCE, entidade m\u00e1xima de representa\u00e7\u00e3o estudantil.\t\t\t<\/p>\n\t\t\n\t\t\t\t\t<a href=\"https:\/\/www.instagram.com\/ufmgdce\/\" target=\"_blank\" rel=\"noopener noreferrer\"\t\t\t\tclass=\"w-fit ml-auto flex items-center gap-4 text-primary-300 font-lexend font-medium text-base md:text-lg\">\n\t\t\t\tAcessar\t\t\t\t<i class=\"ti ti-chevron-right text-[1rem] md:text-[1.25rem]\"><\/i>\n\t\t\t<\/a>\n\t\t\t<\/div>\n<\/div>\n\n\n\n<p>O Diret\u00f3rio Acad\u00eamico (DA) \u00e9 o \u00f3rg\u00e3o que representa os cursos de uma mesma unidade acad\u00eamica da UFMG, integrando estudantes de diferentes gradua\u00e7\u00f5es. O DA da Escola de Belas Artes, por exemplo, representa os seis cursos de gradua\u00e7\u00e3o da Unidade e tem assento no Conselho de Entidades de Base, organizado pelo DCE. Al\u00e9m disso, um diret\u00f3rio acad\u00eamico, normalmente, realiza suas pr\u00f3prias reuni\u00f5es com os centros acad\u00eamicos da Unidade para discutir assuntos de interesse coletivo. O contato de cada DA pode ser obtido nos sites das unidades.<\/p>\n\n\n\n<p>O Centro Acad\u00eamico (CA) \u00e9 uma inst\u00e2ncia ligada a um curso espec\u00edfico, e seus integrantes participam de reuni\u00f5es com os colegiados e departamentos de gradua\u00e7\u00e3o para discutir pautas de interesse dos estudantes. Al\u00e9m disso, eles auxiliam os graduandos com demandas curriculares. Em alguns casos, o CA recebe o nome de Gr\u00eamio Estudantil, como ocorre tradicionalmente em cursos da Escola de Engenharia.<\/p>\n\n\n\n<p>Em comum, essas entidades procuram incentivar a integra\u00e7\u00e3o de alunos com base na organiza\u00e7\u00e3o de encontros, eventos culturais, lazer, palestras e oficinas tem\u00e1ticas. Grande parte desses \u00f3rg\u00e3os est\u00e3o instalados em centros de conviv\u00eancia, locais frequentados durante os intervalos de aula.<\/p>\n\n\n\n<figure class=\"wp-block-embed is-type-video is-provider-youtube wp-block-embed-youtube wp-embed-aspect-16-9 wp-has-aspect-ratio\"><div class=\"wp-block-embed__wrapper\">\n<iframe loading=\"lazy\" title=\"Diret\u00f3rios, Centros Acad\u00eamicos e Gr\u00eamios representam estudantes da UFMG em diferentes inst\u00e2ncias\" width=\"640\" height=\"360\" src=\"https:\/\/www.youtube.com\/embed\/YYR2a0SecVw?feature=oembed\" frameborder=\"0\" allow=\"accelerometer; autoplay; clipboard-write; encrypted-media; gyroscope; picture-in-picture; web-share\" referrerpolicy=\"strict-origin-when-cross-origin\" allowfullscreen><\/iframe>\n<\/div><\/figure>\n\n\n\n<h2 class=\"wp-block-heading\">Atl\u00e9ticas<\/h2>\n\n\n\n<p>O esporte universit\u00e1rio na UFMG \u00e9 organizado por Atl\u00e9ticas que promovem diversas modalidades esportivas no \u00e2mbito das unidades acad\u00eamicas. Reunidas, formam a&nbsp;<a href=\"https:\/\/www.instagram.com\/ligaufmg\/\" target=\"_blank\" rel=\"noreferrer noopener\">Liga das Atl\u00e9ticas da UFMG<\/a>,&nbsp;associa\u00e7\u00e3o&nbsp;sem fins lucrativos de apoio ao esporte que organiza, entre os alunos, competi\u00e7\u00f5es gerais como o InterUFMG e as Calour\u00edadas. Conhe\u00e7a as&nbsp;<a href=\"https:\/\/ufmg.br\/vida-academica\/entidades-estudantis\/atleticas\" target=\"_blank\" rel=\"noreferrer noopener\">Atl\u00e9ticas da UFMG<\/a>&nbsp;e saiba como participar das atividades esportivas.<\/p>\n\n\n\n<h2 class=\"wp-block-heading\">Empresas Juniores<\/h2>\n\n\n\n<p>Empresas Juniores s\u00e3o organiza\u00e7\u00f5es constitu\u00eddas por alunos de gradua\u00e7\u00e3o e destinadas a serem espa\u00e7os formativos para o empreendedorismo e profissionaliza\u00e7\u00e3o em vincula\u00e7\u00e3o com a sociedade. Elas oferecem servi\u00e7os a baixo custo nas diversas \u00e1reas do conhecimento, e as atividades dos alunos s\u00e3o orientadas por professores da Universidade.<\/p>\n\n\n\n<div class=\"wp-block-ufmg-cards grid grid-cols-1 lg:grid-cols-cards gap-8\">\n\t<div class=\"flex flex-col gap-6 p-6 md:py-8 border border-neutral-200 rounded-lg\">\n\n\t\t\t\t\t<h2 class=\"pl-2 border-l-2 border-l-primary-400 text-neutral-600 text-xl md:text-2xl font-semibold\">\n\t\t\t\tEmpresas Juniores\t\t\t<\/h2>\n\t\t\n\t\t\t\t\t<p class=\"flex-1 text-base md:text-lg text-neutral-500\">\n\t\t\t\tConhe\u00e7a as empresas juniores.\t\t\t<\/p>\n\t\t\n\t\t\t\t\t<a href=\"http:\/\/150.164.63.212:9000\/portal-novo-test\/?page_id=3716&amp;preview=true\" target=\"_blank\" rel=\"noopener noreferrer\"\t\t\t\tclass=\"w-fit ml-auto flex items-center gap-4 text-primary-300 font-lexend font-medium text-base md:text-lg\">\n\t\t\t\tAcessar\t\t\t\t<i class=\"ti ti-chevron-right text-[1rem] md:text-[1.25rem]\"><\/i>\n\t\t\t<\/a>\n\t\t\t<\/div>\n<\/div>\n","protected":false},"excerpt":{"rendered":"<p>Representa\u00e7\u00e3o estudantil O Diret\u00f3rio Central dos Estudantes (DCE) \u00e9 a entidade m\u00e1xima de representa\u00e7\u00e3o estudantil da UFMG. Sua sede fica na Pra\u00e7a de Servi\u00e7os do campus Pampulha. O DCE tem direito a voz e voto nas reuni\u00f5es do Conselho Universit\u00e1rio, do Conselho de Ensino, Pesquisa e Extens\u00e3o (Cepe) e dos Conselhos Curador e Fiscal da [&hellip;]<\/p>\n","protected":false},"author":1,"featured_media":0,"parent":3641,"menu_order":0,"comment_status":"closed","ping_status":"closed","template":"","meta":{"_acf_changed":false,"footnotes":""},"class_list":["post-3705","page","type-page","status-publish","hentry"],"acf":[],"_links":{"self":[{"href":"http:\/\/150.164.63.212:9000\/portal-novo-test\/wp-json\/wp\/v2\/pages\/3705","targetHints":{"allow":["GET"]}}],"collection":[{"href":"http:\/\/150.164.63.212:9000\/portal-novo-test\/wp-json\/wp\/v2\/pages"}],"about":[{"href":"http:\/\/150.164.63.212:9000\/portal-novo-test\/wp-json\/wp\/v2\/types\/page"}],"author":[{"embeddable":true,"href":"http:\/\/150.164.63.212:9000\/portal-novo-test\/wp-json\/wp\/v2\/users\/1"}],"replies":[{"embeddable":true,"href":"http:\/\/150.164.63.212:9000\/portal-novo-test\/wp-json\/wp\/v2\/comments?post=3705"}],"version-history":[{"count":0,"href":"http:\/\/150.164.63.212:9000\/portal-novo-test\/wp-json\/wp\/v2\/pages\/3705\/revisions"}],"up":[{"embeddable":true,"href":"http:\/\/150.164.63.212:9000\/portal-novo-test\/wp-json\/wp\/v2\/pages\/3641"}],"wp:attachment":[{"href":"http:\/\/150.164.63.212:9000\/portal-novo-test\/wp-json\/wp\/v2\/media?parent=3705"}],"curies":[{"name":"wp","href":"https:\/\/api.w.org\/{rel}","templated":true}]}}