{"id":3707,"date":"2025-09-22T09:15:57","date_gmt":"2025-09-22T12:15:57","guid":{"rendered":"http:\/\/150.164.63.212:9000\/portal-novo-test\/?page_id=3707"},"modified":"2025-10-28T14:10:14","modified_gmt":"2025-10-28T17:10:14","slug":"empreendedorismo","status":"publish","type":"page","link":"http:\/\/150.164.63.212:9000\/portal-novo-test\/pesquisa-e-inovacao\/empreendedorismo\/","title":{"rendered":"Empreendedorismo"},"content":{"rendered":"\n<p>No ecossistema de inova\u00e7\u00e3o desenvolvido na Universidade, a UFMG investe no empreendedorismo de base tecnol\u00f3gica, oferecendo apoio \u00e0 cria\u00e7\u00e3o de empresas inovadoras, inclusive aquelas derivadas de tecnologias desenvolvidas na pr\u00f3pria institui\u00e7\u00e3o.&nbsp;Al\u00e9m disso, a UFMG desenvolve iniciativas para a forma\u00e7\u00e3o de recursos humanos nos temas da inova\u00e7\u00e3o e empreendedorismo, a exemplo da <a href=\"https:\/\/www.ufmg.br\/prograd\/formacao-transversal\/\" target=\"_blank\" rel=\"noreferrer noopener\">Forma\u00e7\u00e3o Transversal<\/a> em Empreendedorismo e Inova\u00e7\u00e3o.<\/p>\n\n\n\n<p>O foco no empreendedorismo tamb\u00e9m auxilia o pa\u00eds a se posicionar de forma competitiva no cen\u00e1rio global no campo da inova\u00e7\u00e3o. Assim, a Universidade mobiliza esfor\u00e7os em iniciativas como incubadora de empresas, parque tecnol\u00f3gico e oportunidades de capacita\u00e7\u00e3o em empreendedorismo.  <\/p>\n\n\n\n<p>Conhe\u00e7a algumas das oportunidades de empreendedorismo dispon\u00edveis na UFMG:<\/p>\n\n\n\n<div class=\"wp-block-ufmg-details-group\"><?xml encoding=\"utf-8\"?><details class=\"group\/accordion\"><summary class=\"flex gap-4 items-center bg-neutral-50 border-x border-t group-last-of-type\/accordion:border-b border-neutral-200 group-open\/accordion:border-primary-300 group-open\/accordion:bg-primary-300 p-3 group-[&amp;:first-of-type]\/accordion:rounded-t group-[&amp;:last-of-type]\/accordion:rounded-b group-open\/accordion:[&amp;:last-of-type]:rounded-b-none text-neutral-600 group-open\/accordion:text-neutral-50 text-lg font-semibold [&amp;&gt;i]:text-[1.5rem] group-open\/accordion:[&amp;&gt;i]:text-neutral-50 [&amp;&gt;i]:text-primary-300 group-open\/accordion:[&amp;&gt;i]:-rotate-180 [&amp;&gt;i]:transition-transform transition-colors cursor-pointer\"><span class=\"grow\">Empresas Juniores<\/span><i class=\"ti ti-chevron-down\"><\/i><\/summary><div class=\"space-y-4 p-3 border-x group-[&amp;:last-of-type]\/accordion:border-b border-neutral-200 text-base text-neutral-400 group-[&amp;:last-of-type]\/accordion:rounded-bl group-[&amp;:last-of-type]\/accordion:rounded-br [&amp;_.wp-block-heading+p]:!mt-0\">\n<p>As Empresas Juniores s&atilde;o empreendimentos que contribuem para o desenvolvimento acad&ecirc;mico e profissional dos estudantes da gradua&ccedil;&atilde;o. <a href=\"http:\/\/150.164.63.212:9000\/portal-novo-test\/pesquisa-e-inovacao\/empreendedorismo\/empresas-juniores\/\" data-type=\"link\" data-id=\"http:\/\/150.164.63.212:9000\/portal-novo-test\/pesquisa-e-inovacao\/empreendedorismo\/empresas-juniores\/\" target=\"_blank\" rel=\"noreferrer noopener\">Saiba mais<\/a>.<\/p>\n<\/div><\/details>\n\n\n<?xml encoding=\"utf-8\"?><details class=\"group\/accordion\"><summary class=\"flex gap-4 items-center bg-neutral-50 border-x border-t group-last-of-type\/accordion:border-b border-neutral-200 group-open\/accordion:border-primary-300 group-open\/accordion:bg-primary-300 p-3 group-[&amp;:first-of-type]\/accordion:rounded-t group-[&amp;:last-of-type]\/accordion:rounded-b group-open\/accordion:[&amp;:last-of-type]:rounded-b-none text-neutral-600 group-open\/accordion:text-neutral-50 text-lg font-semibold [&amp;&gt;i]:text-[1.5rem] group-open\/accordion:[&amp;&gt;i]:text-neutral-50 [&amp;&gt;i]:text-primary-300 group-open\/accordion:[&amp;&gt;i]:-rotate-180 [&amp;&gt;i]:transition-transform transition-colors cursor-pointer\"><span class=\"grow\">Incubadora de Empresas<\/span><i class=\"ti ti-chevron-down\"><\/i><\/summary><div class=\"space-y-4 p-3 border-x group-[&amp;:last-of-type]\/accordion:border-b border-neutral-200 text-base text-neutral-400 group-[&amp;:last-of-type]\/accordion:rounded-bl group-[&amp;:last-of-type]\/accordion:rounded-br [&amp;_.wp-block-heading+p]:!mt-0\">\n<p>A INOVA, incubadora de empresas da UFMG, estimula o empreendedorismo e apoia empresas e projetos de base tecnol&oacute;gica nascentes da Universidade. <a href=\"http:\/\/150.164.63.212:9000\/portal-novo-test\/pesquisa-e-inovacao\/empreendedorismo\/incubadora-de-empresas\/\" target=\"_blank\" rel=\"noreferrer noopener\">Saiba mais<\/a>.<\/p>\n<\/div><\/details>\n\n\n<?xml encoding=\"utf-8\"?><details class=\"group\/accordion\"><summary class=\"flex gap-4 items-center bg-neutral-50 border-x border-t group-last-of-type\/accordion:border-b border-neutral-200 group-open\/accordion:border-primary-300 group-open\/accordion:bg-primary-300 p-3 group-[&amp;:first-of-type]\/accordion:rounded-t group-[&amp;:last-of-type]\/accordion:rounded-b group-open\/accordion:[&amp;:last-of-type]:rounded-b-none text-neutral-600 group-open\/accordion:text-neutral-50 text-lg font-semibold [&amp;&gt;i]:text-[1.5rem] group-open\/accordion:[&amp;&gt;i]:text-neutral-50 [&amp;&gt;i]:text-primary-300 group-open\/accordion:[&amp;&gt;i]:-rotate-180 [&amp;&gt;i]:transition-transform transition-colors cursor-pointer\"><span class=\"grow\">Parque Tecnol&oacute;gico (BH-TEC)<\/span><i class=\"ti ti-chevron-down\"><\/i><\/summary><div class=\"space-y-4 p-3 border-x group-[&amp;:last-of-type]\/accordion:border-b border-neutral-200 text-base text-neutral-400 group-[&amp;:last-of-type]\/accordion:rounded-bl group-[&amp;:last-of-type]\/accordion:rounded-br [&amp;_.wp-block-heading+p]:!mt-0\">\n<p>O Parque Tecnol&oacute;gico de Belo Horizonte (BH-TEC) &eacute; um condom&iacute;nio de empresas e de centros de pesquisa e desenvolvimento que investigam e produzem novas tecnologias. Planejado por um grupo de acad&ecirc;micos da UFMG e constru&iacute;do na primeira d&eacute;cada dos anos 2000, o BH-TEC conecta o conhecimento cient&iacute;fico gerado na Universidade e a sua aplica&ccedil;&atilde;o produtiva pelo setor empresarial, visando a expans&atilde;o da economia regional baseada em conhecimento.<\/p>\n\n\n\n<p>O Parque Tecnol&oacute;gico est&aacute; localizado pr&oacute;ximo ao campus Pampulha, em Belo Horizonte. Para mais informa&ccedil;&otilde;es, acesse o&nbsp;<a href=\"https:\/\/bhtec.org.br\/\" target=\"_blank\" rel=\"noreferrer noopener\">site do BH-TEC<\/a>.<\/p>\n<\/div><\/details>\n\n\n<?xml encoding=\"utf-8\"?><details class=\"group\/accordion\"><summary class=\"flex gap-4 items-center bg-neutral-50 border-x border-t group-last-of-type\/accordion:border-b border-neutral-200 group-open\/accordion:border-primary-300 group-open\/accordion:bg-primary-300 p-3 group-[&amp;:first-of-type]\/accordion:rounded-t group-[&amp;:last-of-type]\/accordion:rounded-b group-open\/accordion:[&amp;:last-of-type]:rounded-b-none text-neutral-600 group-open\/accordion:text-neutral-50 text-lg font-semibold [&amp;&gt;i]:text-[1.5rem] group-open\/accordion:[&amp;&gt;i]:text-neutral-50 [&amp;&gt;i]:text-primary-300 group-open\/accordion:[&amp;&gt;i]:-rotate-180 [&amp;&gt;i]:transition-transform transition-colors cursor-pointer\"><span class=\"grow\">Outlab<\/span><i class=\"ti ti-chevron-down\"><\/i><\/summary><div class=\"space-y-4 p-3 border-x group-[&amp;:last-of-type]\/accordion:border-b border-neutral-200 text-base text-neutral-400 group-[&amp;:last-of-type]\/accordion:rounded-bl group-[&amp;:last-of-type]\/accordion:rounded-br [&amp;_.wp-block-heading+p]:!mt-0\">\n<p>A Outlab &eacute; um programa de extens&atilde;o, coordenado pela <a href=\"https:\/\/www.ufmg.br\/prpq\/\" target=\"_blank\" rel=\"noreferrer noopener\">Pr&oacute;-reitoria de Pesquisa<\/a> (PRPq), que conecta laborat&oacute;rios a empresas e ind&uacute;strias. O programa oferece infraestruturas de pesquisa, laborat&oacute;rios, imers&otilde;es e capacita&ccedil;&atilde;o em empreendedorismo em gest&atilde;o. <a href=\"https:\/\/www.ufmg.br\/prpq\/outlab\/conheca-os-laboratorios-participantes-do-outlab-ufmg-2025\/\" target=\"_blank\" rel=\"noreferrer noopener\">Saiba mais<\/a>.<\/p>\n<\/div><\/details>\n<\/div>\n\n\n\n<h2 class=\"wp-block-heading\">Saiba Mais<\/h2>\n\n\n<?xml encoding=\"utf-8\"?><ul class=\"wp-block-ufmg-hub-links [&amp;&gt;li_a]:flex [&amp;&gt;li_a]:items-center [&amp;&gt;li_a]:justify-between [&amp;&gt;li_a]:bg-neutral-50 [&amp;&gt;li_a]:px-4 [&amp;&gt;li_a]:py-3 md:[&amp;&gt;li_a]:py-5 [&amp;&gt;li_a]:border-b [&amp;&gt;li_a]:border-b-neutral-200 [&amp;&gt;li_a]:text-primary-300 [&amp;&gt;li_a]:text-base md:[&amp;&gt;li_a]:text-lg [&amp;&gt;li_a]:font-lexend [&amp;&gt;li_a]:font-medium [&amp;&gt;li_a]:transition-colors [&amp;&gt;li_a&gt;i]:text-[1rem] md:[&amp;&gt;li_a&gt;i]:text-[1.5rem] hover:[&amp;&gt;li_a]:bg-neutral-100 hover:[&amp;&gt;li_a]:border-b-primary-300\"><li class=\" wp-block-navigation-item wp-block-navigation-link\"><a class=\"wp-block-navigation-item__content\" href=\"http:\/\/150.164.63.212:9000\/portal-novo-test\/pesquisa-e-inovacao\/empreendedorismo\/financiamento-da-inovacao\/\" target=\"_blank\"><span class=\"wp-block-navigation-item__label\">Financiamento da Inova&ccedil;&atilde;o<\/span><i class=\"ti ti-chevron-right\"><\/i><\/a><\/li>\n\n<li class=\" wp-block-navigation-item wp-block-navigation-link\"><a class=\"wp-block-navigation-item__content\" href=\"http:\/\/150.164.63.212:9000\/portal-novo-test\/pesquisa-e-inovacao\/empreendedorismo\/empresas-juniores\/\" target=\"_blank\"><span class=\"wp-block-navigation-item__label\">Empresas Juniores<\/span><i class=\"ti ti-chevron-right\"><\/i><\/a><\/li>\n\n<li class=\" wp-block-navigation-item wp-block-navigation-link\"><a class=\"wp-block-navigation-item__content\" href=\"http:\/\/150.164.63.212:9000\/portal-novo-test\/pesquisa-e-inovacao\/empreendedorismo\/incubadora-de-empresas\/\" target=\"_blank\"><span class=\"wp-block-navigation-item__label\">Incubadora de Empresas<\/span><i class=\"ti ti-chevron-right\"><\/i><\/a><\/li><\/ul>\n","protected":false},"excerpt":{"rendered":"<p>No ecossistema de inova\u00e7\u00e3o desenvolvido na Universidade, a UFMG investe no empreendedorismo de base tecnol\u00f3gica, oferecendo apoio \u00e0 cria\u00e7\u00e3o de empresas inovadoras, inclusive aquelas derivadas de tecnologias desenvolvidas na pr\u00f3pria institui\u00e7\u00e3o.&nbsp;Al\u00e9m disso, a UFMG desenvolve iniciativas para a forma\u00e7\u00e3o de recursos humanos nos temas da inova\u00e7\u00e3o e empreendedorismo, a exemplo da Forma\u00e7\u00e3o Transversal em Empreendedorismo [&hellip;]<\/p>\n","protected":false},"author":1,"featured_media":0,"parent":6399,"menu_order":0,"comment_status":"closed","ping_status":"closed","template":"","meta":{"_acf_changed":false,"footnotes":""},"class_list":["post-3707","page","type-page","status-publish","hentry"],"acf":[],"_links":{"self":[{"href":"http:\/\/150.164.63.212:9000\/portal-novo-test\/wp-json\/wp\/v2\/pages\/3707","targetHints":{"allow":["GET"]}}],"collection":[{"href":"http:\/\/150.164.63.212:9000\/portal-novo-test\/wp-json\/wp\/v2\/pages"}],"about":[{"href":"http:\/\/150.164.63.212:9000\/portal-novo-test\/wp-json\/wp\/v2\/types\/page"}],"author":[{"embeddable":true,"href":"http:\/\/150.164.63.212:9000\/portal-novo-test\/wp-json\/wp\/v2\/users\/1"}],"replies":[{"embeddable":true,"href":"http:\/\/150.164.63.212:9000\/portal-novo-test\/wp-json\/wp\/v2\/comments?post=3707"}],"version-history":[{"count":0,"href":"http:\/\/150.164.63.212:9000\/portal-novo-test\/wp-json\/wp\/v2\/pages\/3707\/revisions"}],"up":[{"embeddable":true,"href":"http:\/\/150.164.63.212:9000\/portal-novo-test\/wp-json\/wp\/v2\/pages\/6399"}],"wp:attachment":[{"href":"http:\/\/150.164.63.212:9000\/portal-novo-test\/wp-json\/wp\/v2\/media?parent=3707"}],"curies":[{"name":"wp","href":"https:\/\/api.w.org\/{rel}","templated":true}]}}