{"id":6614,"date":"2025-08-29T15:37:41","date_gmt":"2025-08-29T18:37:41","guid":{"rendered":"http:\/\/150.164.63.212:9000\/portal-novo-test\/?page_id=6614"},"modified":"2025-09-17T14:59:58","modified_gmt":"2025-09-17T17:59:58","slug":"regimento-interno-cedecom","status":"publish","type":"page","link":"http:\/\/150.164.63.212:9000\/portal-novo-test\/comunicacao\/cedecom\/regimento-interno-cedecom\/","title":{"rendered":"Regimento Interno do Cedecom"},"content":{"rendered":"\n<p><\/p>\n\n\n\n<p>Conhe\u00e7a o <a href=\"https:\/\/ufmg.br\/storage\/a\/9\/b\/6\/a9b61c07c71bb8d867c9039607e6cae6_16288972093602_998543238.pdf\" target=\"_blank\" rel=\"noreferrer noopener\">documento<\/a> que estabelece a estrutura organizacional e as compet\u00eancias do Centro de Comunica\u00e7\u00e3o da UFMG (Cedecom).<\/p>\n\n\n\n<p><\/p>\n","protected":false},"excerpt":{"rendered":"<p>Conhe\u00e7a o documento que estabelece a estrutura organizacional e as compet\u00eancias do Centro de Comunica\u00e7\u00e3o da UFMG (Cedecom).<\/p>\n","protected":false},"author":1,"featured_media":0,"parent":6612,"menu_order":0,"comment_status":"closed","ping_status":"closed","template":"","meta":{"_acf_changed":false,"footnotes":""},"class_list":["post-6614","page","type-page","status-publish","hentry"],"acf":[],"_links":{"self":[{"href":"http:\/\/150.164.63.212:9000\/portal-novo-test\/wp-json\/wp\/v2\/pages\/6614","targetHints":{"allow":["GET"]}}],"collection":[{"href":"http:\/\/150.164.63.212:9000\/portal-novo-test\/wp-json\/wp\/v2\/pages"}],"about":[{"href":"http:\/\/150.164.63.212:9000\/portal-novo-test\/wp-json\/wp\/v2\/types\/page"}],"author":[{"embeddable":true,"href":"http:\/\/150.164.63.212:9000\/portal-novo-test\/wp-json\/wp\/v2\/users\/1"}],"replies":[{"embeddable":true,"href":"http:\/\/150.164.63.212:9000\/portal-novo-test\/wp-json\/wp\/v2\/comments?post=6614"}],"version-history":[{"count":0,"href":"http:\/\/150.164.63.212:9000\/portal-novo-test\/wp-json\/wp\/v2\/pages\/6614\/revisions"}],"up":[{"embeddable":true,"href":"http:\/\/150.164.63.212:9000\/portal-novo-test\/wp-json\/wp\/v2\/pages\/6612"}],"wp:attachment":[{"href":"http:\/\/150.164.63.212:9000\/portal-novo-test\/wp-json\/wp\/v2\/media?parent=6614"}],"curies":[{"name":"wp","href":"https:\/\/api.w.org\/{rel}","templated":true}]}}