{"id":6616,"date":"2025-09-12T15:04:18","date_gmt":"2025-09-12T18:04:18","guid":{"rendered":"http:\/\/150.164.63.212:9000\/portal-novo-test\/?page_id=6616"},"modified":"2025-10-16T13:55:58","modified_gmt":"2025-10-16T16:55:58","slug":"informacoes-para-servidores","status":"publish","type":"page","link":"http:\/\/150.164.63.212:9000\/portal-novo-test\/a-universidade\/informacoes-por-publicos\/informacoes-para-servidores\/","title":{"rendered":"Informa\u00e7\u00f5es para Servidores"},"content":{"rendered":"\n<p>A constru\u00e7\u00e3o de uma universidade p\u00fablica de excel\u00eancia, com relev\u00e2ncia nacional e internacional requer comprometimento e qualidade em todos os aspectos da atividade institucional, o que s\u00f3 \u00e9 poss\u00edvel com a coes\u00e3o da comunidade universit\u00e1ria. A Universidade Federal de Minas Gerais re\u00fane servidores docentes e t\u00e9cnico-administrativos em educa\u00e7\u00e3o (TAEs) que contribuem diariamente para a gera\u00e7\u00e3o, transmiss\u00e3o e aplica\u00e7\u00e3o de conhecimentos por meio do ensino, da pesquisa e da extens\u00e3o, integrados \u00e0 educa\u00e7\u00e3o, \u00e0 sa\u00fade, \u00e0 cultura, \u00e0s artes, \u00e0 forma\u00e7\u00e3o t\u00e9cnico-profissional e \u00e0 difus\u00e3o dos saberes.<\/p>\n\n\n\n<h2 class=\"wp-block-heading\">Destaques<\/h2>\n\n\n\n<div class=\"wp-block-ufmg-cards grid grid-cols-1 lg:grid-cols-cards gap-8\">\n\t<div class=\"flex flex-col gap-6 p-6 md:py-8 border border-neutral-200 rounded-lg\">\n\n\t\t\t\t\t<h2 class=\"pl-2 border-l-2 border-l-primary-400 text-neutral-600 text-xl md:text-2xl font-semibold\">\n\t\t\t\tCarreira Docente\t\t\t<\/h2>\n\t\t\n\t\t\t\t\t<p class=\"flex-1 text-base md:text-lg text-neutral-500\">\n\t\t\t\tInforma\u00e7\u00f5es sobre as carreiras, cargos e empregos que comp\u00f5em o quadro de pessoal docente na UFMG.\t\t\t<\/p>\n\t\t\n\t\t\t\t\t<a href=\"https:\/\/www.ufmg.br\/prorh\/carreira-docente\/\" target=\"_blank\" rel=\"noopener noreferrer\"\t\t\t\tclass=\"w-fit ml-auto flex items-center gap-4 text-primary-300 font-lexend font-medium text-base md:text-lg\">\n\t\t\t\tAcesse aqui\t\t\t\t<i class=\"ti ti-chevron-right text-[1rem] md:text-[1.25rem]\"><\/i>\n\t\t\t<\/a>\n\t\t\t<\/div>\n\n\n\n\t<div class=\"flex flex-col gap-6 p-6 md:py-8 border border-neutral-200 rounded-lg\">\n\n\t\t\t\t\t<h2 class=\"pl-2 border-l-2 border-l-primary-400 text-neutral-600 text-xl md:text-2xl font-semibold\">\n\t\t\t\tCarreira TAE\t\t\t<\/h2>\n\t\t\n\t\t\t\t\t<p class=\"flex-1 text-base md:text-lg text-neutral-500\">\n\t\t\t\tInforma\u00e7\u00f5es gerais sobre Carreira TAE na UFMG.\t\t\t<\/p>\n\t\t\n\t\t\t\t\t<a href=\"https:\/\/www.ufmg.br\/prorh\/carreira-tae\/\" target=\"_blank\" rel=\"noopener noreferrer\"\t\t\t\tclass=\"w-fit ml-auto flex items-center gap-4 text-primary-300 font-lexend font-medium text-base md:text-lg\">\n\t\t\t\tAcesse aqui\t\t\t\t<i class=\"ti ti-chevron-right text-[1rem] md:text-[1.25rem]\"><\/i>\n\t\t\t<\/a>\n\t\t\t<\/div>\n<\/div>\n\n\n\n<h2 class=\"wp-block-heading\">Links \u00fateis<\/h2>\n\n\n<?xml encoding=\"utf-8\"?><ul class=\"wp-block-ufmg-hub-links [&amp;&gt;li_a]:flex [&amp;&gt;li_a]:items-center [&amp;&gt;li_a]:justify-between [&amp;&gt;li_a]:bg-neutral-50 [&amp;&gt;li_a]:px-4 [&amp;&gt;li_a]:py-3 md:[&amp;&gt;li_a]:py-5 [&amp;&gt;li_a]:border-b [&amp;&gt;li_a]:border-b-neutral-200 [&amp;&gt;li_a]:text-primary-300 [&amp;&gt;li_a]:text-base md:[&amp;&gt;li_a]:text-lg [&amp;&gt;li_a]:font-lexend [&amp;&gt;li_a]:font-medium [&amp;&gt;li_a]:transition-colors [&amp;&gt;li_a&gt;i]:text-[1rem] md:[&amp;&gt;li_a&gt;i]:text-[1.5rem] hover:[&amp;&gt;li_a]:bg-neutral-100 hover:[&amp;&gt;li_a]:border-b-primary-300\"><li class=\" wp-block-navigation-item wp-block-navigation-link\"><a class=\"wp-block-navigation-item__content\" href=\"http:\/\/150.164.63.212:9000\/portal-novo-test\/acesso-a-informacao\/\" target=\"_blank\"><span class=\"wp-block-navigation-item__label\">Acesso &agrave; informa&ccedil;&atilde;o<\/span><i class=\"ti ti-chevron-right\"><\/i><\/a><\/li>\n\n<li class=\" wp-block-navigation-item wp-block-navigation-link\"><a class=\"wp-block-navigation-item__content\" href=\"https:\/\/fump.ufmg.br\/solicitacao-de-eventos\/\" target=\"_blank\"><span class=\"wp-block-navigation-item__label\">Acessos aos RUs para eventos<\/span><i class=\"ti ti-chevron-right\"><\/i><\/a><\/li>\n\n<li class=\" wp-block-navigation-item wp-block-navigation-link\"><a class=\"wp-block-navigation-item__content\" href=\"https:\/\/www.ufmg.br\/prorh\/admissao-e-contratacao\/\" target=\"_blank\"><span class=\"wp-block-navigation-item__label\">Admiss&atilde;o e contrata&ccedil;&atilde;o<\/span><i class=\"ti ti-chevron-right\"><\/i><\/a><\/li>\n\n<li class=\" wp-block-navigation-item wp-block-navigation-link\"><a class=\"wp-block-navigation-item__content\" href=\"https:\/\/www.ufmg.br\/prorh\/afastamentos-e-licencas\/\" target=\"_blank\"><span class=\"wp-block-navigation-item__label\">Afastamentos e licen&ccedil;as<\/span><i class=\"ti ti-chevron-right\"><\/i><\/a><\/li>\n\n<li class=\" wp-block-navigation-item wp-block-navigation-link\"><a class=\"wp-block-navigation-item__content\" href=\"http:\/\/150.164.63.212:9000\/portal-novo-test\/?page_id=3665&amp;preview=true\" target=\"_blank\"><span class=\"wp-block-navigation-item__label\">Alimenta&ccedil;&atilde;o nos campi<\/span><i class=\"ti ti-chevron-right\"><\/i><\/a><\/li>\n\n<li class=\" wp-block-navigation-item wp-block-navigation-link\"><a class=\"wp-block-navigation-item__content\" href=\"https:\/\/www.ufmg.br\/prorh\/aposentadoria-e-pensao-civil\/\" target=\"_blank\"><span class=\"wp-block-navigation-item__label\">Aposentadoria e pens&atilde;o civil<\/span><i class=\"ti ti-chevron-right\"><\/i><\/a><\/li>\n\n<li class=\" wp-block-navigation-item wp-block-navigation-link\"><a class=\"wp-block-navigation-item__content\" href=\"https:\/\/www.bu.ufmg.br\/bu_atual\/\" target=\"_blank\"><span class=\"wp-block-navigation-item__label\">Bibliotecas<\/span><i class=\"ti ti-chevron-right\"><\/i><\/a><\/li>\n\n<li class=\" wp-block-navigation-item wp-block-navigation-link\"><a class=\"wp-block-navigation-item__content\" href=\"http:\/\/150.164.63.212:9000\/portal-novo-test\/servicos\/carteira-de-identificacao-da-ufmg\/?preview_id=7270&amp;preview_nonce=b4db7a9388&amp;preview=true\" target=\"_blank\"><span class=\"wp-block-navigation-item__label\">Carteira da UFMG<\/span><i class=\"ti ti-chevron-right\"><\/i><\/a><\/li>\n\n<li class=\" wp-block-navigation-item wp-block-navigation-link\"><a class=\"wp-block-navigation-item__content\" href=\"https:\/\/www.ufmg.br\/prorh\/publicacoes\/\" target=\"_blank\"><span class=\"wp-block-navigation-item__label\">Concursos e processos seletivos<\/span><i class=\"ti ti-chevron-right\"><\/i><\/a><\/li>\n\n<li class=\" wp-block-navigation-item wp-block-navigation-link\"><a class=\"wp-block-navigation-item__content\" href=\"http:\/\/150.164.63.212:9000\/portal-novo-test\/?page_id=3694&amp;preview=true\" target=\"_blank\"><span class=\"wp-block-navigation-item__label\">Cursos<\/span><i class=\"ti ti-chevron-right\"><\/i><\/a><\/li>\n\n<li class=\" wp-block-navigation-item wp-block-navigation-link\"><a class=\"wp-block-navigation-item__content\" href=\"https:\/\/www.ufmg.br\/prorh\/direitos-e-deveres\/\" target=\"_blank\"><span class=\"wp-block-navigation-item__label\">Direitos e deveres<\/span><i class=\"ti ti-chevron-right\"><\/i><\/a><\/li>\n\n<li class=\" wp-block-navigation-item wp-block-navigation-link\"><a class=\"wp-block-navigation-item__content\" href=\"https:\/\/www.ufmg.br\/prpq\/fomento-a-pesquisa-ufmg\/\" target=\"_blank\"><span class=\"wp-block-navigation-item__label\">Fomento &agrave; pesquisa<\/span><i class=\"ti ti-chevron-right\"><\/i><\/a><\/li>\n\n<li class=\" wp-block-navigation-item wp-block-navigation-link\"><a class=\"wp-block-navigation-item__content\" href=\"https:\/\/www.ufmg.br\/prpq\/formularios\/\" target=\"_blank\"><span class=\"wp-block-navigation-item__label\">Formul&aacute;rios referentes a projetos pesquisa<\/span><i class=\"ti ti-chevron-right\"><\/i><\/a><\/li>\n\n<li class=\" wp-block-navigation-item wp-block-navigation-link\"><a class=\"wp-block-navigation-item__content\" href=\"https:\/\/www.ufmg.br\/prorh\/gestao-de-vagas-docentes\/\" target=\"_blank\"><span class=\"wp-block-navigation-item__label\">Gest&atilde;o de vagas docentes<\/span><i class=\"ti ti-chevron-right\"><\/i><\/a><\/li>\n\n<li class=\" wp-block-navigation-item wp-block-navigation-link\"><a class=\"wp-block-navigation-item__content\" href=\"http:\/\/150.164.63.212:9000\/portal-novo-test\/?page_id=3635&amp;preview=true\" target=\"_blank\"><span class=\"wp-block-navigation-item__label\">Grupos de pesquisa<\/span><i class=\"ti ti-chevron-right\"><\/i><\/a><\/li>\n\n<li class=\" wp-block-navigation-item wp-block-navigation-link\"><a class=\"wp-block-navigation-item__content\" href=\"https:\/\/www.ufmg.br\/dgi\/ouvidoria\/\" target=\"_blank\"><span class=\"wp-block-navigation-item__label\">Ouvidoria<\/span><i class=\"ti ti-chevron-right\"><\/i><\/a><\/li>\n\n<li class=\" wp-block-navigation-item wp-block-navigation-link\"><a class=\"wp-block-navigation-item__content\" href=\"https:\/\/www.ufmg.br\/periodicos\/\" target=\"_blank\"><span class=\"wp-block-navigation-item__label\">Peri&oacute;dicos UFMG<\/span><i class=\"ti ti-chevron-right\"><\/i><\/a><\/li>\n\n<li class=\" wp-block-navigation-item wp-block-navigation-link\"><a class=\"wp-block-navigation-item__content\" href=\"https:\/\/www.casu.com.br\/Site\/planos_ler.aspx?id=8\" target=\"_blank\"><span class=\"wp-block-navigation-item__label\">Plano de Sa&uacute;de<\/span><i class=\"ti ti-chevron-right\"><\/i><\/a><\/li>\n\n<li class=\" wp-block-navigation-item wp-block-navigation-link\"><a class=\"wp-block-navigation-item__content\" href=\"https:\/\/www.gov.br\/servidor\/pt-br\" target=\"_blank\"><span class=\"wp-block-navigation-item__label\">Portal do servidor<\/span><i class=\"ti ti-chevron-right\"><\/i><\/a><\/li>\n\n<li class=\" wp-block-navigation-item wp-block-navigation-link\"><a class=\"wp-block-navigation-item__content\" href=\"http:\/\/projetos2.eeffto.ufmg.br\/cenex\/extensao\/atividades-fisicas\/\" target=\"_blank\"><span class=\"wp-block-navigation-item__label\">Programas de esporte e sa&uacute;de<\/span><i class=\"ti ti-chevron-right\"><\/i><\/a><\/li>\n\n<li class=\" wp-block-navigation-item wp-block-navigation-link\"><a class=\"wp-block-navigation-item__content\" href=\"https:\/\/www.ufmg.br\/prorh\/\" target=\"_blank\"><span class=\"wp-block-navigation-item__label\">Recursos humanos<\/span><i class=\"ti ti-chevron-right\"><\/i><\/a><\/li>\n\n<li class=\" wp-block-navigation-item wp-block-navigation-link\"><a class=\"wp-block-navigation-item__content\" href=\"https:\/\/www.redesemfio.ufmg.br\/como-usar\/\" target=\"_blank\"><span class=\"wp-block-navigation-item__label\">Rede sem fio<\/span><i class=\"ti ti-chevron-right\"><\/i><\/a><\/li>\n\n<li class=\" wp-block-navigation-item wp-block-navigation-link\"><a class=\"wp-block-navigation-item__content\" href=\"https:\/\/www.ufmg.br\/prorh\/saude\/\" target=\"_blank\"><span class=\"wp-block-navigation-item__label\">Sa&uacute;de<\/span><i class=\"ti ti-chevron-right\"><\/i><\/a><\/li>\n\n<li class=\" wp-block-navigation-item wp-block-navigation-link\"><a class=\"wp-block-navigation-item__content\" href=\"https:\/\/www.ufmg.br\/prorh\/seguranca-do-trabalho\/\" target=\"_blank\"><span class=\"wp-block-navigation-item__label\">Seguran&ccedil;a no trabalho<\/span><i class=\"ti ti-chevron-right\"><\/i><\/a><\/li>\n\n<li class=\" wp-block-navigation-item wp-block-navigation-link\"><a class=\"wp-block-navigation-item__content\" href=\"http:\/\/150.164.63.212:9000\/portal-novo-test\/servicos\/seguranca-nos-campi\/\" target=\"_blank\"><span class=\"wp-block-navigation-item__label\">Seguran&ccedil;a nos campi<\/span><i class=\"ti ti-chevron-right\"><\/i><\/a><\/li>\n\n<li class=\" wp-block-navigation-item wp-block-navigation-link\"><a class=\"wp-block-navigation-item__content\" href=\"https:\/\/sei.ufmg.br\/\" target=\"_blank\"><span class=\"wp-block-navigation-item__label\">Sistema eletr&ocirc;nico de informa&ccedil;&otilde;es (SEI)<\/span><i class=\"ti ti-chevron-right\"><\/i><\/a><\/li>\n\n<li class=\" wp-block-navigation-item wp-block-navigation-link\"><a class=\"wp-block-navigation-item__content\" href=\"http:\/\/150.164.63.212:9000\/portal-novo-test\/telefones\/\" target=\"_blank\"><span class=\"wp-block-navigation-item__label\">Telefones<\/span><i class=\"ti ti-chevron-right\"><\/i><\/a><\/li>\n\n<li class=\" wp-block-navigation-item wp-block-navigation-link\"><a class=\"wp-block-navigation-item__content\" href=\"http:\/\/150.164.63.212:9000\/portal-novo-test\/?page_id=3737&amp;preview=true\" target=\"_blank\"><span class=\"wp-block-navigation-item__label\">Unidades acad&ecirc;micas<\/span><i class=\"ti ti-chevron-right\"><\/i><\/a><\/li><\/ul>\n\n\n<section class=\"space-y-8 wp-block-ufmg-latest-news\">\n\t<h2 class=\"pl-2 border-l-2 border-l-primary-400 text-neutral-600 text-5xl font-semibold\">\u00daltimas not\u00edcias<\/h2>\n\t\t\t<ul class=\"w-full flex flex-wrap justify-start items-start gap-8\">\n\t\t\t\t\t\t\t<li class=\"shrink-0 grow basis-full sm:grow-0 sm:basis-[18.5rem] lg:basis-[16.625rem]\">\n\t\t\t\t\t<a class=\"space-y-5\" href=\"http:\/\/150.164.63.212:9000\/portal-novo-test\/comunicacao\/noticias\/institucional\/bu-busca-estagiario-para-trabalhar-na-orientacao-de-usuarios-e-organizacao-de-acervos\/\">\n\t\t\t\t\t\t<img loading=\"lazy\" decoding=\"async\" width=\"416\" height=\"318\" src=\"http:\/\/150.164.63.212:9000\/portal-novo-test\/app\/uploads\/2025\/10\/Predio-da-Escola-de-Veterinaria-416x318.png\" class=\"w-full h-[14.625rem] rounded object-fill wp-post-image\" alt=\"\" \/>\t\t\t\t\t\t<div class=\"space-y-4\">\n\t\t\t\t\t\t\t<span class=\"text-primary-300 text-xs md:text-sm uppercase\">\n\t\t\t\t\t\t\t\tBolsas\t\t\t\t\t\t\t<\/span>\n\t\t\t\t\t\t\t<h5 class=\"text-xl font-semibold\">\n\t\t\t\t\t\t\t\tBU busca estagi\u00e1rio para trabalhar na orienta\u00e7\u00e3o de usu\u00e1rios e organiza\u00e7\u00e3o de acervos\t\t\t\t\t\t\t<\/h5>\n\t\t\t\t\t\t\t<p class=\"text-base md:text-lg text-neutral-500\">\n\t\t\t\t\t\t\t\tSele\u00e7\u00e3o \u00e9 destinada a estudantes do 1\u00ba ao 6\u00ba per\u00edodo dos cursos de Biblioteconomia, Arquivologia, Museologia ou Letras; bolsista vai atuar na Escola de Veterin\u00e1ria\t\t\t\t\t\t\t<\/p>\n\t\t\t\t\t\t\t<time class=\"block text-neutral-400 text-xs md:text-sm\">\n\t\t\t\t\t\t\t\t31\/10\/25, \u00e0s 10h52\t\t\t\t\t\t\t<\/time>\n\t\t\t\t\t\t<\/div>\n\t\t\t\t\t<\/a>\n\t\t\t\t<\/li>\n\t\t\t\t\t\t\t<li class=\"shrink-0 grow basis-full sm:grow-0 sm:basis-[18.5rem] lg:basis-[16.625rem]\">\n\t\t\t\t\t<a class=\"space-y-5\" href=\"http:\/\/150.164.63.212:9000\/portal-novo-test\/comunicacao\/noticias\/institucional\/em-sua-oitava-edicao-novembro-negro-discute-epistemes-esteticas-e-subjetividades\/\">\n\t\t\t\t\t\t<img loading=\"lazy\" decoding=\"async\" width=\"416\" height=\"318\" src=\"http:\/\/150.164.63.212:9000\/portal-novo-test\/app\/uploads\/2025\/10\/Novembro-Negro-416x318.jpg\" class=\"w-full h-[14.625rem] rounded object-fill wp-post-image\" alt=\"\" \/>\t\t\t\t\t\t<div class=\"space-y-4\">\n\t\t\t\t\t\t\t<span class=\"text-primary-300 text-xs md:text-sm uppercase\">\n\t\t\t\t\t\t\t\tCultura\t\t\t\t\t\t\t<\/span>\n\t\t\t\t\t\t\t<h5 class=\"text-xl font-semibold\">\n\t\t\t\t\t\t\t\tEm sua oitava edi\u00e7\u00e3o, Novembro Negro discute epistemes, est\u00e9ticas e subjetividades\t\t\t\t\t\t\t<\/h5>\n\t\t\t\t\t\t\t<p class=\"text-base md:text-lg text-neutral-500\">\n\t\t\t\t\t\t\t\tCom mais de 170 atividades, tem\u00e1tica e programa\u00e7\u00e3o foram constru\u00eddas com participa\u00e7\u00e3o da comunidade acad\u00eamica\t\t\t\t\t\t\t<\/p>\n\t\t\t\t\t\t\t<time class=\"block text-neutral-400 text-xs md:text-sm\">\n\t\t\t\t\t\t\t\t31\/10\/25, \u00e0s 07h50\t\t\t\t\t\t\t<\/time>\n\t\t\t\t\t\t<\/div>\n\t\t\t\t\t<\/a>\n\t\t\t\t<\/li>\n\t\t\t\t\t\t\t<li class=\"shrink-0 grow basis-full sm:grow-0 sm:basis-[18.5rem] lg:basis-[16.625rem]\">\n\t\t\t\t\t<a class=\"space-y-5\" href=\"http:\/\/150.164.63.212:9000\/portal-novo-test\/comunicacao\/noticias\/institucional\/lcc-abre-tres-vagas-para-estagio-nao-obrigatorio-em-gestao-de-arquivos-e-documentos\/\">\n\t\t\t\t\t\t<img loading=\"lazy\" decoding=\"async\" width=\"416\" height=\"318\" src=\"http:\/\/150.164.63.212:9000\/portal-novo-test\/app\/uploads\/2025\/10\/Diretoria-de-Arquivos-Institucionais-Diarq-scaled-e1761916019581-416x318.jpg\" class=\"w-full h-[14.625rem] rounded object-fill wp-post-image\" alt=\"\" \/>\t\t\t\t\t\t<div class=\"space-y-4\">\n\t\t\t\t\t\t\t<span class=\"text-primary-300 text-xs md:text-sm uppercase\">\n\t\t\t\t\t\t\t\tOportunidade\t\t\t\t\t\t\t<\/span>\n\t\t\t\t\t\t\t<h5 class=\"text-xl font-semibold\">\n\t\t\t\t\t\t\t\tLCC abre tr\u00eas vagas para est\u00e1gio n\u00e3o obrigat\u00f3rio em gest\u00e3o de arquivos e documentos\t\t\t\t\t\t\t<\/h5>\n\t\t\t\t\t\t\t<p class=\"text-base md:text-lg text-neutral-500\">\n\t\t\t\t\t\t\t\tSele\u00e7\u00e3o \u00e9 destinada a estudantes de Arquivologia, Hist\u00f3ria ou Biblioteconomia, que podem se inscrever at\u00e9 14 de novembro\t\t\t\t\t\t\t<\/p>\n\t\t\t\t\t\t\t<time class=\"block text-neutral-400 text-xs md:text-sm\">\n\t\t\t\t\t\t\t\t30\/10\/25, \u00e0s 16h00\t\t\t\t\t\t\t<\/time>\n\t\t\t\t\t\t<\/div>\n\t\t\t\t\t<\/a>\n\t\t\t\t<\/li>\n\t\t\t\t\t<\/ul>\n\t\t<div>\n\t\t\t<a class=\"w-fit mx-auto md:mr-0 px-2 py-1 flex items-center gap-3 md:gap-4 text-primary-300 text-base md:text-lg font-lexend font-medium rounded hover:bg-primary-400 hover:text-neutral-50 transition-colors\"\n\t\t\t\thref=\"http:\/\/150.164.63.212:9000\/portal-novo-test\/comunicacao\/noticias\">\n\t\t\t\tVer mais\n\t\t\t\t<i class=\"ti ti-chevron-right text-[1rem] md:text-[1.25rem]\"><\/i>\n\t\t\t<\/a>\n\t\t<\/div>\n\t<\/section>","protected":false},"excerpt":{"rendered":"<p>A constru\u00e7\u00e3o de uma universidade p\u00fablica de excel\u00eancia, com relev\u00e2ncia nacional e internacional requer comprometimento e qualidade em todos os aspectos da atividade institucional, o que s\u00f3 \u00e9 poss\u00edvel com a coes\u00e3o da comunidade universit\u00e1ria. A Universidade Federal de Minas Gerais re\u00fane servidores docentes e t\u00e9cnico-administrativos em educa\u00e7\u00e3o (TAEs) que contribuem diariamente para a gera\u00e7\u00e3o, [&hellip;]<\/p>\n","protected":false},"author":1,"featured_media":0,"parent":8147,"menu_order":0,"comment_status":"closed","ping_status":"closed","template":"","meta":{"_acf_changed":false,"footnotes":""},"class_list":["post-6616","page","type-page","status-publish","hentry"],"acf":[],"_links":{"self":[{"href":"http:\/\/150.164.63.212:9000\/portal-novo-test\/wp-json\/wp\/v2\/pages\/6616","targetHints":{"allow":["GET"]}}],"collection":[{"href":"http:\/\/150.164.63.212:9000\/portal-novo-test\/wp-json\/wp\/v2\/pages"}],"about":[{"href":"http:\/\/150.164.63.212:9000\/portal-novo-test\/wp-json\/wp\/v2\/types\/page"}],"author":[{"embeddable":true,"href":"http:\/\/150.164.63.212:9000\/portal-novo-test\/wp-json\/wp\/v2\/users\/1"}],"replies":[{"embeddable":true,"href":"http:\/\/150.164.63.212:9000\/portal-novo-test\/wp-json\/wp\/v2\/comments?post=6616"}],"version-history":[{"count":0,"href":"http:\/\/150.164.63.212:9000\/portal-novo-test\/wp-json\/wp\/v2\/pages\/6616\/revisions"}],"up":[{"embeddable":true,"href":"http:\/\/150.164.63.212:9000\/portal-novo-test\/wp-json\/wp\/v2\/pages\/8147"}],"wp:attachment":[{"href":"http:\/\/150.164.63.212:9000\/portal-novo-test\/wp-json\/wp\/v2\/media?parent=6616"}],"curies":[{"name":"wp","href":"https:\/\/api.w.org\/{rel}","templated":true}]}}