{"id":7179,"date":"2025-09-08T10:22:06","date_gmt":"2025-09-08T13:22:06","guid":{"rendered":"http:\/\/150.164.63.212:9000\/portal-novo-test\/?page_id=7179"},"modified":"2025-09-24T14:35:16","modified_gmt":"2025-09-24T17:35:16","slug":"programas-y-alianzas","status":"publish","type":"page","link":"http:\/\/150.164.63.212:9000\/portal-novo-test\/international\/programas-y-alianzas\/","title":{"rendered":"Programas y Alianzas"},"content":{"rendered":"\n<p>La UFMG se destaca en el panorama mundial por su s\u00f3lida pol\u00edtica de internacionalizaci\u00f3n. La Universidad realiza importantes inversiones y moviliza sus propios recursos materiales y humanos para intensificar su internacionalizaci\u00f3n de manera transversal, guiada por principios que buscan combinar la excelencia acad\u00e9mica y cient\u00edfica.<\/p>\n\n\n\n\n\t<figure data-size=\"medium\"\n\t\tclass=\"group space-y-2 data-[size=small]:w-[21rem] sm:data-[size=medium]:w-[40rem] lg:data-[size=small]:float-left lg:data-[size=small]:mr-8 mx-auto\">\n\t\t\t\t\t<img loading=\"lazy\" decoding=\"async\" width=\"640\" height=\"445\" src=\"http:\/\/150.164.63.212:9000\/portal-novo-test\/app\/uploads\/2025\/08\/14961263529_0292f962b0_o-640x445.jpg\" class=\"group-data-[size=small]:w-[21rem] group-data-[size=small]:h-[29.75rem] sm:group-data-[size=medium]:w-[40rem] sm:group-data-[size=small]:h-[27.8125rem] lg:group-data-[size=medium]:h-[27.8125rem] group-data-[size=large]:w-full group-data-[size=large]:h-[9.875rem] md:group-data-[size=large]:h-[27.8125rem] rounded object-fill\" alt=\"La imagen muestra un plano medio de tres banderas ondeando contra un cielo azul claro y brillante. De izquierda a derecha, las banderas son: la bandera del estado de Minas Gerais, blanca con un tri\u00e1ngulo rojo y el lema &quot;LIBERTAS QUAE SERA TAMEN&quot; en texto negro; la bandera nacional de Brasil, con su dise\u00f1o verde, amarillo y azul; y una bandera blanca con un emblema circular negro u oscuro, que representa el sello de la Universidad Federal de Minas Gerais (UFMG). Todas las banderas est\u00e1n sujetas a astas met\u00e1licas y parecen estar ligeramente desgastadas por el uso. El viento las ha arrastrado, lo que les da un aspecto din\u00e1mico y ondeante. El sol ilumina las banderas, resaltando sus colores y texturas sobre el intenso fondo azul. La parte inferior de la imagen est\u00e1 ligeramente recortada, con solo un atisbo de follaje o un edificio visible en la esquina inferior derecha.\" \/>\t\t\t\t<div\n\t\t\tclass=\"group-data-[size=small]:w-[21rem] px-3 pt-3 pb-6 md:px-6 group-data-[size=small]:px-3 text-neutral-300 text-xs md:text-sm\">\n\t\t\t<figcaption title=\"Banderas en el campus de Pampulha.\" class=\"block line-clamp-4 md:line-clamp-3\">\n\t\t\t\tBanderas en el campus de Pampulha.\t\t\t<\/figcaption>\n\t\t\t<cite\n\t\t\t\tclass=\"relative block not-italic after:absolute after:left-0 after:right-0 after:-bottom-3 after:h-px after:bg-neutral-100\">\n\t\t\t\tColecci\u00f3n\t\t\t<\/cite>\n\t\t<\/div>\n\t<\/figure>\n\n\n\n<h2 class=\"wp-block-heading\">Programas<\/h2>\n\n\n\n<p>La UFMG acoge a estudiantes internacionales en el marco de programas de movilidad y acuerdos de cooperaci\u00f3n establecidos con universidades internacionales asociadas, que pueden realizar intercambios en la UFMG para cursar estudios de grado y posgrado. Para obtener m\u00e1s informaci\u00f3n sobre los tipos de acuerdos internacionales establecidos en la UFMG, haga <a href=\"https:\/\/www.ufmg.br\/dri\/acordos-e-convenios-internacionais\/\">clic aqu\u00ed<\/a>. Para m\u00e1s informaci\u00f3n, <a href=\"https:\/\/www.ufmg.br\/dri\/en\/international-academic-mobility\/\" target=\"_blank\" rel=\"noreferrer noopener\">visite el sitio web de la DRI<\/a>.<\/p>\n\n\n\n<p>A continuaci\u00f3n, se presentan algunos programas de movilidad de la UFMG:<\/p>\n\n\n\n<div class=\"wp-block-ufmg-details-group\"><?xml encoding=\"utf-8\"?><details class=\"group\/accordion\"><summary class=\"flex gap-4 items-center bg-neutral-50 border-x border-t group-last-of-type\/accordion:border-b border-neutral-200 group-open\/accordion:border-primary-300 group-open\/accordion:bg-primary-300 p-3 group-[&amp;:first-of-type]\/accordion:rounded-t group-[&amp;:last-of-type]\/accordion:rounded-b group-open\/accordion:[&amp;:last-of-type]:rounded-b-none text-neutral-600 group-open\/accordion:text-neutral-50 text-lg font-semibold [&amp;&gt;i]:text-[1.5rem] group-open\/accordion:[&amp;&gt;i]:text-neutral-50 [&amp;&gt;i]:text-primary-300 group-open\/accordion:[&amp;&gt;i]:-rotate-180 [&amp;&gt;i]:transition-transform transition-colors cursor-pointer\"><span class=\"grow\">Escuela de Verano de Estudios Brasile&ntilde;os de la UFMG<\/span><i class=\"ti ti-chevron-down\"><\/i><\/summary><div class=\"space-y-4 p-3 border-x group-[&amp;:last-of-type]\/accordion:border-b border-neutral-200 text-base text-neutral-400 group-[&amp;:last-of-type]\/accordion:rounded-bl group-[&amp;:last-of-type]\/accordion:rounded-br [&amp;_.wp-block-heading+p]:!mt-0\">\n<p>La Escuela de Verano de Estudios Brasile&ntilde;os de la UFMG (SSBS) es un programa intensivo de 2 semanas de duraci&oacute;n, que abarca los fundamentos de la pol&iacute;tica, la historia, las relaciones exteriores, la geograf&iacute;a, el derecho, la econom&iacute;a, las artes y la cultura de Brasil.<\/p>\n\n\n\n<p><\/p>\n\n\n\n<p>La Escuela de Verano suele tener lugar en el campus principal de la UFMG, en Belo Horizonte, capital del estado federal brasile&ntilde;o de Minas Gerais, todos los meses de julio. Todas las clases se imparten en ingl&eacute;s.&nbsp;<\/p>\n\n\n\n<p><\/p>\n\n\n\n<p>Para obtener m&aacute;s informaci&oacute;n, <a href=\"https:\/\/www.ufmg.br\/summerschool\/\" target=\"_blank\" rel=\"noreferrer noopener\">visite el sitio web de la SSBS<\/a>.<\/p>\n<\/div><\/details>\n\n\n<?xml encoding=\"utf-8\"?><details class=\"group\/accordion\"><summary class=\"flex gap-4 items-center bg-neutral-50 border-x border-t group-last-of-type\/accordion:border-b border-neutral-200 group-open\/accordion:border-primary-300 group-open\/accordion:bg-primary-300 p-3 group-[&amp;:first-of-type]\/accordion:rounded-t group-[&amp;:last-of-type]\/accordion:rounded-b group-open\/accordion:[&amp;:last-of-type]:rounded-b-none text-neutral-600 group-open\/accordion:text-neutral-50 text-lg font-semibold [&amp;&gt;i]:text-[1.5rem] group-open\/accordion:[&amp;&gt;i]:text-neutral-50 [&amp;&gt;i]:text-primary-300 group-open\/accordion:[&amp;&gt;i]:-rotate-180 [&amp;&gt;i]:transition-transform transition-colors cursor-pointer\"><span class=\"grow\">Menci&oacute;n en Estudios Internacionales de la UFMG<\/span><i class=\"ti ti-chevron-down\"><\/i><\/summary><div class=\"space-y-4 p-3 border-x group-[&amp;:last-of-type]\/accordion:border-b border-neutral-200 text-base text-neutral-400 group-[&amp;:last-of-type]\/accordion:rounded-bl group-[&amp;:last-of-type]\/accordion:rounded-br [&amp;_.wp-block-heading+p]:!mt-0\">\n<p>La especializaci&oacute;n en Estudios Internacionales de la UFMG (<em>Forma&ccedil;&atilde;o Transversal em Estudos Internacionais &ndash; FTEI<\/em>) ofrece clases de grado centradas en temas internacionales, lo que fomenta un entorno acad&eacute;mico diverso.<\/p>\n\n\n\n<p><\/p>\n\n\n\n<p>Las clases se imparten en ingl&eacute;s o espa&ntilde;ol, y todos los estudiantes internacionales en movilidad acad&eacute;mica en la UFMG pueden participar en ellas. Para obtener m&aacute;s informaci&oacute;n, haga <a href=\"https:\/\/www.ufmg.br\/dri\/en\/ufmg-minor-in-international-studies\/\" target=\"_blank\" rel=\"noreferrer noopener\">clic aqu&iacute;<\/a>.<\/p>\n<\/div><\/details>\n\n\n<?xml encoding=\"utf-8\"?><details class=\"group\/accordion\"><summary class=\"flex gap-4 items-center bg-neutral-50 border-x border-t group-last-of-type\/accordion:border-b border-neutral-200 group-open\/accordion:border-primary-300 group-open\/accordion:bg-primary-300 p-3 group-[&amp;:first-of-type]\/accordion:rounded-t group-[&amp;:last-of-type]\/accordion:rounded-b group-open\/accordion:[&amp;:last-of-type]:rounded-b-none text-neutral-600 group-open\/accordion:text-neutral-50 text-lg font-semibold [&amp;&gt;i]:text-[1.5rem] group-open\/accordion:[&amp;&gt;i]:text-neutral-50 [&amp;&gt;i]:text-primary-300 group-open\/accordion:[&amp;&gt;i]:-rotate-180 [&amp;&gt;i]:transition-transform transition-colors cursor-pointer\"><span class=\"grow\">Aprendizaje Internacional Colaborativo en L&iacute;nea<\/span><i class=\"ti ti-chevron-down\"><\/i><\/summary><div class=\"space-y-4 p-3 border-x group-[&amp;:last-of-type]\/accordion:border-b border-neutral-200 text-base text-neutral-400 group-[&amp;:last-of-type]\/accordion:rounded-bl group-[&amp;:last-of-type]\/accordion:rounded-br [&amp;_.wp-block-heading+p]:!mt-0\">\n<p>El Aprendizaje Internacional Colaborativo en L&iacute;nea (COIL) es una metodolog&iacute;a educativa que promueve el aprendizaje internacional por medio de actividades virtuales, conectando a estudiantes y profesores de diferentes pa&iacute;ses para trabajar en proyectos conjuntos y permitiendo el desarrollo de habilidades globales, interculturales y digitales.&nbsp;<\/p>\n\n\n\n<p><\/p>\n\n\n\n<p>Para obtener m&aacute;s informaci&oacute;n sobre el COIL UFMG, haga <a href=\"https:\/\/www.ufmg.br\/dri\/en\/coil-en\/\" target=\"_blank\" rel=\"noreferrer noopener\">clic aqu&iacute;<\/a>.<\/p>\n<\/div><\/details>\n\n\n<?xml encoding=\"utf-8\"?><details class=\"group\/accordion\"><summary class=\"flex gap-4 items-center bg-neutral-50 border-x border-t group-last-of-type\/accordion:border-b border-neutral-200 group-open\/accordion:border-primary-300 group-open\/accordion:bg-primary-300 p-3 group-[&amp;:first-of-type]\/accordion:rounded-t group-[&amp;:last-of-type]\/accordion:rounded-b group-open\/accordion:[&amp;:last-of-type]:rounded-b-none text-neutral-600 group-open\/accordion:text-neutral-50 text-lg font-semibold [&amp;&gt;i]:text-[1.5rem] group-open\/accordion:[&amp;&gt;i]:text-neutral-50 [&amp;&gt;i]:text-primary-300 group-open\/accordion:[&amp;&gt;i]:-rotate-180 [&amp;&gt;i]:transition-transform transition-colors cursor-pointer\"><span class=\"grow\">UFMG Goes Global<\/span><i class=\"ti ti-chevron-down\"><\/i><\/summary><div class=\"space-y-4 p-3 border-x group-[&amp;:last-of-type]\/accordion:border-b border-neutral-200 text-base text-neutral-400 group-[&amp;:last-of-type]\/accordion:rounded-bl group-[&amp;:last-of-type]\/accordion:rounded-br [&amp;_.wp-block-heading+p]:!mt-0\">\n<p><em>UFMG Goes Global<\/em> es un bolet&iacute;n internacional que se publica a lo largo del a&ntilde;o y que informa a la comunidad acad&eacute;mica internacional sobre eventos, acuerdos, investigaciones y otros temas relacionados con el proceso de internacionalizaci&oacute;n de la UFMG.<\/p>\n\n\n\n<p><\/p>\n\n\n\n<p>Para obtener m&aacute;s informaci&oacute;n, haga <a href=\"https:\/\/www.ufmg.br\/dri\/en\/ufmg-international-newsletter\/\" target=\"_blank\" rel=\"noreferrer noopener\">clic aqu&iacute;<\/a>.<\/p>\n<\/div><\/details>\n\n\n<?xml encoding=\"utf-8\"?><details class=\"group\/accordion\"><summary class=\"flex gap-4 items-center bg-neutral-50 border-x border-t group-last-of-type\/accordion:border-b border-neutral-200 group-open\/accordion:border-primary-300 group-open\/accordion:bg-primary-300 p-3 group-[&amp;:first-of-type]\/accordion:rounded-t group-[&amp;:last-of-type]\/accordion:rounded-b group-open\/accordion:[&amp;:last-of-type]:rounded-b-none text-neutral-600 group-open\/accordion:text-neutral-50 text-lg font-semibold [&amp;&gt;i]:text-[1.5rem] group-open\/accordion:[&amp;&gt;i]:text-neutral-50 [&amp;&gt;i]:text-primary-300 group-open\/accordion:[&amp;&gt;i]:-rotate-180 [&amp;&gt;i]:transition-transform transition-colors cursor-pointer\"><span class=\"grow\">Centros de Estudios Regionales<\/span><i class=\"ti ti-chevron-down\"><\/i><\/summary><div class=\"space-y-4 p-3 border-x group-[&amp;:last-of-type]\/accordion:border-b border-neutral-200 text-base text-neutral-400 group-[&amp;:last-of-type]\/accordion:rounded-bl group-[&amp;:last-of-type]\/accordion:rounded-br [&amp;_.wp-block-heading+p]:!mt-0\">\n<p>Los Centros de Estudios Regionales promueven la colaboraci&oacute;n entre la UFMG y universidades de Am&eacute;rica del Norte, Am&eacute;rica Latina, &Aacute;frica, Europa, India y Asia Oriental. Los centros tambi&eacute;n apoyan la investigaci&oacute;n interdisciplinaria sobre cada regi&oacute;n, fomentando el intercambio acad&eacute;mico y las conexiones globales.<\/p>\n\n\n\n<p>Para obtener m&aacute;s informaci&oacute;n, haga <a href=\"https:\/\/www.ufmg.br\/dri\/centros-de-estudos\/\" target=\"_blank\" rel=\"noreferrer noopener\">clic aqu&iacute;<\/a>.<\/p>\n<\/div><\/details>\n\n\n<?xml encoding=\"utf-8\"?><details class=\"group\/accordion\"><summary class=\"flex gap-4 items-center bg-neutral-50 border-x border-t group-last-of-type\/accordion:border-b border-neutral-200 group-open\/accordion:border-primary-300 group-open\/accordion:bg-primary-300 p-3 group-[&amp;:first-of-type]\/accordion:rounded-t group-[&amp;:last-of-type]\/accordion:rounded-b group-open\/accordion:[&amp;:last-of-type]:rounded-b-none text-neutral-600 group-open\/accordion:text-neutral-50 text-lg font-semibold [&amp;&gt;i]:text-[1.5rem] group-open\/accordion:[&amp;&gt;i]:text-neutral-50 [&amp;&gt;i]:text-primary-300 group-open\/accordion:[&amp;&gt;i]:-rotate-180 [&amp;&gt;i]:transition-transform transition-colors cursor-pointer\"><span class=\"grow\">Education USA<\/span><i class=\"ti ti-chevron-down\"><\/i><\/summary><div class=\"space-y-4 p-3 border-x group-[&amp;:last-of-type]\/accordion:border-b border-neutral-200 text-base text-neutral-400 group-[&amp;:last-of-type]\/accordion:rounded-bl group-[&amp;:last-of-type]\/accordion:rounded-br [&amp;_.wp-block-heading+p]:!mt-0\">\n<p>La UFMG es la primera universidad federal de Brasil en albergar una oficina de <em>EducationUSA<\/em>, una red afiliada a la Oficina de Asuntos Educativos y Culturales (ECA) del Departamento de Estado de Estados Unidos.&nbsp;<\/p>\n\n\n\n<p><\/p>\n\n\n\n<p>La red tiene como objetivo promover la educaci&oacute;n superior estadounidense entre los estudiantes de todo el mundo, proporcionando informaci&oacute;n precisa, completa y actualizada sobre las oportunidades de estudio en instituciones acreditadas. <em>EducationUSA<\/em> tambi&eacute;n colabora con la comunidad de instituciones de educaci&oacute;n superior estadounidenses para ayudar a las universidades a alcanzar sus objetivos de internacionalizaci&oacute;n.<\/p>\n\n\n\n<p><\/p>\n\n\n\n<p>Para obtener m&aacute;s informaci&oacute;n, haga <a href=\"https:\/\/www.ufmg.br\/dri\/en\/education-usa-en\/\" target=\"_blank\" rel=\"noreferrer noopener\">clic aqu&iacute;<\/a>.<\/p>\n<\/div><\/details>\n\n\n<?xml encoding=\"utf-8\"?><details class=\"group\/accordion\"><summary class=\"flex gap-4 items-center bg-neutral-50 border-x border-t group-last-of-type\/accordion:border-b border-neutral-200 group-open\/accordion:border-primary-300 group-open\/accordion:bg-primary-300 p-3 group-[&amp;:first-of-type]\/accordion:rounded-t group-[&amp;:last-of-type]\/accordion:rounded-b group-open\/accordion:[&amp;:last-of-type]:rounded-b-none text-neutral-600 group-open\/accordion:text-neutral-50 text-lg font-semibold [&amp;&gt;i]:text-[1.5rem] group-open\/accordion:[&amp;&gt;i]:text-neutral-50 [&amp;&gt;i]:text-primary-300 group-open\/accordion:[&amp;&gt;i]:-rotate-180 [&amp;&gt;i]:transition-transform transition-colors cursor-pointer\"><span class=\"grow\">Admisi&oacute;n Internacional por Motivos Humanitarios<\/span><i class=\"ti ti-chevron-down\"><\/i><\/summary><div class=\"space-y-4 p-3 border-x group-[&amp;:last-of-type]\/accordion:border-b border-neutral-200 text-base text-neutral-400 group-[&amp;:last-of-type]\/accordion:rounded-bl group-[&amp;:last-of-type]\/accordion:rounded-br [&amp;_.wp-block-heading+p]:!mt-0\">\n<p>La UFMG ofrece un proceso selectivo para refugiados y personas desplazadas forzosamente que est&eacute;n interesadas en solicitar plaza en la universidad. Para obtener m&aacute;s informaci&oacute;n, haga <a href=\"https:\/\/www.ufmg.br\/dri\/en\/international-admission-on-humanitarian-grounds\/\" target=\"_blank\" rel=\"noreferrer noopener\">clic aqu&iacute;<\/a>.<\/p>\n<\/div><\/details>\n<\/div>\n\n\n\n<h2 class=\"wp-block-heading\">Asociaciones<\/h2>\n\n\n\n<div class=\"wp-block-ufmg-cards grid grid-cols-1 lg:grid-cols-cards gap-8\">\n\t<div class=\"flex flex-col gap-6 p-6 md:py-8 border border-neutral-200 rounded-lg\">\n\n\t\t\t\t\t<h2 class=\"pl-2 border-l-2 border-l-primary-400 text-neutral-600 text-xl md:text-2xl font-semibold\">\n\t\t\t\tRedes internacionales\t\t\t<\/h2>\n\t\t\n\t\t\t\t\t<p class=\"flex-1 text-base md:text-lg text-neutral-500\">\n\t\t\t\tLa UFMG participa en varias redes universitarias internacionales.\n\t\t\t<\/p>\n\t\t\n\t\t\t\t\t<a href=\"https:\/\/www.ufmg.br\/dri\/redes-de-cooperacao\/\" target=\"_blank\" rel=\"noopener noreferrer\"\t\t\t\tclass=\"w-fit ml-auto flex items-center gap-4 text-primary-300 font-lexend font-medium text-base md:text-lg\">\n\t\t\t\tHaga clic aqu\u00ed\t\t\t\t<i class=\"ti ti-chevron-right text-[1rem] md:text-[1.25rem]\"><\/i>\n\t\t\t<\/a>\n\t\t\t<\/div>\n\n\n\n\t<div class=\"flex flex-col gap-6 p-6 md:py-8 border border-neutral-200 rounded-lg\">\n\n\t\t\t\t\t<h2 class=\"pl-2 border-l-2 border-l-primary-400 text-neutral-600 text-xl md:text-2xl font-semibold\">\n\t\t\t\tAsociaciones internacionales\t\t\t<\/h2>\n\t\t\n\t\t\t\t\t<p class=\"flex-1 text-base md:text-lg text-neutral-500\">\n\t\t\t\tLa UFMG establece m\u00faltiples asociaciones en todo el mundo.\t\t\t<\/p>\n\t\t\n\t\t\t\t\t<a href=\"https:\/\/www.ufmg.br\/dri\/instituicoes-parceiras\/\" target=\"_blank\" rel=\"noopener noreferrer\"\t\t\t\tclass=\"w-fit ml-auto flex items-center gap-4 text-primary-300 font-lexend font-medium text-base md:text-lg\">\n\t\t\t\tConsulte la lista\t\t\t\t<i class=\"ti ti-chevron-right text-[1rem] md:text-[1.25rem]\"><\/i>\n\t\t\t<\/a>\n\t\t\t<\/div>\n<\/div>\n\n\n\n<div class=\"wp-block-ufmg-cards grid grid-cols-1 lg:grid-cols-cards gap-8\"><\/div>\n","protected":false},"excerpt":{"rendered":"<p>La UFMG se destaca en el panorama mundial por su s\u00f3lida pol\u00edtica de internacionalizaci\u00f3n. La Universidad realiza importantes inversiones y moviliza sus propios recursos materiales y humanos para intensificar su internacionalizaci\u00f3n de manera transversal, guiada por principios que buscan combinar la excelencia acad\u00e9mica y cient\u00edfica. Programas La UFMG acoge a estudiantes internacionales en el marco [&hellip;]<\/p>\n","protected":false},"author":1,"featured_media":0,"parent":7225,"menu_order":0,"comment_status":"closed","ping_status":"closed","template":"","meta":{"_acf_changed":false,"footnotes":""},"class_list":["post-7179","page","type-page","status-publish","hentry"],"acf":[],"_links":{"self":[{"href":"http:\/\/150.164.63.212:9000\/portal-novo-test\/wp-json\/wp\/v2\/pages\/7179","targetHints":{"allow":["GET"]}}],"collection":[{"href":"http:\/\/150.164.63.212:9000\/portal-novo-test\/wp-json\/wp\/v2\/pages"}],"about":[{"href":"http:\/\/150.164.63.212:9000\/portal-novo-test\/wp-json\/wp\/v2\/types\/page"}],"author":[{"embeddable":true,"href":"http:\/\/150.164.63.212:9000\/portal-novo-test\/wp-json\/wp\/v2\/users\/1"}],"replies":[{"embeddable":true,"href":"http:\/\/150.164.63.212:9000\/portal-novo-test\/wp-json\/wp\/v2\/comments?post=7179"}],"version-history":[{"count":0,"href":"http:\/\/150.164.63.212:9000\/portal-novo-test\/wp-json\/wp\/v2\/pages\/7179\/revisions"}],"up":[{"embeddable":true,"href":"http:\/\/150.164.63.212:9000\/portal-novo-test\/wp-json\/wp\/v2\/pages\/7225"}],"wp:attachment":[{"href":"http:\/\/150.164.63.212:9000\/portal-novo-test\/wp-json\/wp\/v2\/media?parent=7179"}],"curies":[{"name":"wp","href":"https:\/\/api.w.org\/{rel}","templated":true}]}}