{"id":8501,"date":"2025-09-16T12:03:16","date_gmt":"2025-09-16T15:03:16","guid":{"rendered":"http:\/\/150.164.63.212:9000\/portal-novo-test\/?page_id=8501"},"modified":"2025-09-18T17:19:17","modified_gmt":"2025-09-18T20:19:17","slug":"colabs-e-reposts","status":"publish","type":"page","link":"http:\/\/150.164.63.212:9000\/portal-novo-test\/comunicacao\/redes-sociais\/diretrizes-de-redes-sociais\/colabs-e-reposts\/","title":{"rendered":"Colabs e Reposts"},"content":{"rendered":"\n<p><\/p>\n\n\n\n<p>Al\u00e9m das postagens pr\u00f3prias, as redes sociais da UFMG tamb\u00e9m fazem reposts de materiais produzidos por outras unidades, grupos ou \u00f3rg\u00e3os da Universidade.<\/p>\n\n\n\n<p>Os reposts s\u00e3o, em geral, de temas interessantes para a comunidade acad\u00eamica, cujo conte\u00fado n\u00e3o tenha sido abordado em postagens do pr\u00f3prio do N\u00facleo e que mere\u00e7am divulga\u00e7\u00e3o.<\/p>\n\n\n\n<p>Tamb\u00e9m faz parte da pol\u00edtica de publica\u00e7\u00e3o das redes sociais da UFMG incentivar a publica\u00e7\u00e3o de posts colaborativos com outros \u00f3rg\u00e3os da institui\u00e7\u00e3o, ampliando o alcance das postagens e dando visibilidade para outros perfis relacionados \u00e0 UFMG.<\/p>\n\n\n\n<p>O uso de colabs e reposts ajuda a estreitar os la\u00e7os entre o Cedecom e outros membros da comunidade acad\u00eamica com o p\u00fablico, ao mesmo tempo em que amplia o alcance das postagens da comunidade.<\/p>\n\n\n\n<p>Se voc\u00ea tem alguma postagem que voc\u00ea acha que \u00e9 de interesse para um p\u00fablico mais amplo, entre em contato conosco: <a href=\"mailto:redessociais@ufmg.br\">redessociais@ufmg.br<\/a>.<\/p>\n\n\n<?xml encoding=\"utf-8\"?><ul class=\"wp-block-ufmg-hub-links [&amp;&gt;li_a]:flex [&amp;&gt;li_a]:items-center [&amp;&gt;li_a]:justify-between [&amp;&gt;li_a]:bg-neutral-50 [&amp;&gt;li_a]:px-4 [&amp;&gt;li_a]:py-3 md:[&amp;&gt;li_a]:py-5 [&amp;&gt;li_a]:border-b [&amp;&gt;li_a]:border-b-neutral-200 [&amp;&gt;li_a]:text-primary-300 [&amp;&gt;li_a]:text-base md:[&amp;&gt;li_a]:text-lg [&amp;&gt;li_a]:font-lexend [&amp;&gt;li_a]:font-medium [&amp;&gt;li_a]:transition-colors [&amp;&gt;li_a&gt;i]:text-[1rem] md:[&amp;&gt;li_a&gt;i]:text-[1.5rem] hover:[&amp;&gt;li_a]:bg-neutral-100 hover:[&amp;&gt;li_a]:border-b-primary-300\"><li class=\" wp-block-navigation-item wp-block-navigation-link\"><a class=\"wp-block-navigation-item__content\" href=\"http:\/\/150.164.63.212:9000\/portal-novo-test\/comunicacao\/linhas-editoriais\/\"><span class=\"wp-block-navigation-item__label\">Conhe&ccedil;a nossa linha editorial<\/span><i class=\"ti ti-chevron-right\"><\/i><\/a><\/li>\n\n<li class=\" wp-block-navigation-item wp-block-navigation-link\"><a class=\"wp-block-navigation-item__content\" href=\"http:\/\/150.164.63.212:9000\/portal-novo-test\/comunicacao\/redes-sociais\/diretrizes-de-redes-sociais\/guia-pratico-para-redes-sociais\/\"><span class=\"wp-block-navigation-item__label\">Guia pr&aacute;tico para redes sociais<\/span><i class=\"ti ti-chevron-right\"><\/i><\/a><\/li><\/ul>\n\n\n\n<p><\/p>\n","protected":false},"excerpt":{"rendered":"<p>Al\u00e9m das postagens pr\u00f3prias, as redes sociais da UFMG tamb\u00e9m fazem reposts de materiais produzidos por outras unidades, grupos ou \u00f3rg\u00e3os da Universidade. Os reposts s\u00e3o, em geral, de temas interessantes para a comunidade acad\u00eamica, cujo conte\u00fado n\u00e3o tenha sido abordado em postagens do pr\u00f3prio do N\u00facleo e que mere\u00e7am divulga\u00e7\u00e3o. Tamb\u00e9m faz parte da [&hellip;]<\/p>\n","protected":false},"author":1,"featured_media":0,"parent":8586,"menu_order":0,"comment_status":"closed","ping_status":"closed","template":"","meta":{"_acf_changed":false,"footnotes":""},"class_list":["post-8501","page","type-page","status-publish","hentry"],"acf":[],"_links":{"self":[{"href":"http:\/\/150.164.63.212:9000\/portal-novo-test\/wp-json\/wp\/v2\/pages\/8501","targetHints":{"allow":["GET"]}}],"collection":[{"href":"http:\/\/150.164.63.212:9000\/portal-novo-test\/wp-json\/wp\/v2\/pages"}],"about":[{"href":"http:\/\/150.164.63.212:9000\/portal-novo-test\/wp-json\/wp\/v2\/types\/page"}],"author":[{"embeddable":true,"href":"http:\/\/150.164.63.212:9000\/portal-novo-test\/wp-json\/wp\/v2\/users\/1"}],"replies":[{"embeddable":true,"href":"http:\/\/150.164.63.212:9000\/portal-novo-test\/wp-json\/wp\/v2\/comments?post=8501"}],"version-history":[{"count":0,"href":"http:\/\/150.164.63.212:9000\/portal-novo-test\/wp-json\/wp\/v2\/pages\/8501\/revisions"}],"up":[{"embeddable":true,"href":"http:\/\/150.164.63.212:9000\/portal-novo-test\/wp-json\/wp\/v2\/pages\/8586"}],"wp:attachment":[{"href":"http:\/\/150.164.63.212:9000\/portal-novo-test\/wp-json\/wp\/v2\/media?parent=8501"}],"curies":[{"name":"wp","href":"https:\/\/api.w.org\/{rel}","templated":true}]}}