{"id":8502,"date":"2025-09-16T12:04:02","date_gmt":"2025-09-16T15:04:02","guid":{"rendered":"http:\/\/150.164.63.212:9000\/portal-novo-test\/?page_id=8502"},"modified":"2025-09-22T15:09:35","modified_gmt":"2025-09-22T18:09:35","slug":"acessibilidade-nas-redes","status":"publish","type":"page","link":"http:\/\/150.164.63.212:9000\/portal-novo-test\/comunicacao\/redes-sociais\/acessibilidade-nas-redes\/","title":{"rendered":"Acessibilidade nas redes"},"content":{"rendered":"\n<details class=\"wp-block-ufmg-navigation-menu group py-4\"><summary class=\"bg-neutral-100 text-primary-400 flex items-center gap-2 p-2 rounded [&amp;&gt;i]:text-[1rem] md:[&amp;&gt;i]:text-[1.25rem] group-open:[&amp;&gt;i]:-rotate-180 [&amp;&gt;i]:transition-transform cursor-pointer\"><span class=\"basis-full text-base md:text-lg font-semibold\">Redes Sociais<\/span><i class=\"ti ti-chevrons-down\"><\/i><\/summary><ul class=\"[&amp;_li]:text-base md:[&amp;_li]:text-lg [&amp;_li]:border-b [&amp;_li]:border-b-neutral-200 [&amp;_li]:px-1 [&amp;_li]:py-2 [&amp;_li_a]:block [&amp;_li_a]:py-1 [&amp;_li_a]:pl-4 [&amp;_li_a]:text-neutral-600 [&amp;_li_a]:rounded aria-[current=page]:[&amp;_li_a]:bg-primary-300 aria-[current=page]:[&amp;_li_a]:text-neutral-50 hover:[&amp;_li_a]:bg-primary-300 hover:[&amp;_li_a]:text-neutral-50 [&amp;_li_a]:transition-colors\"><li class=\" wp-block-navigation-item wp-block-navigation-link\"><a class=\"wp-block-navigation-item__content\"  href=\"http:\/\/150.164.63.212:9000\/portal-novo-test\/comunicacao\/redes-sociais\/\"><span class=\"wp-block-navigation-item__label\">Onde Estamos<\/span><\/a><\/li>\n\n<li class=\" wp-block-navigation-item wp-block-navigation-link\"><a class=\"wp-block-navigation-item__content\"  href=\"http:\/\/150.164.63.212:9000\/portal-novo-test\/comunicacao\/redes-sociais\/diretrizes-de-redes-sociais\/\"><span class=\"wp-block-navigation-item__label\">Diretrizes Institucionais para Redes Sociais<\/span><\/a><\/li>\n\n<li class=\" wp-block-navigation-item wp-block-navigation-link\"><a class=\"wp-block-navigation-item__content\"  href=\"http:\/\/150.164.63.212:9000\/portal-novo-test\/comunicacao\/acessibilidade-nas-redes\/\"><span class=\"wp-block-navigation-item__label\">Acessibilidade nas Redes<\/span><\/a><\/li><\/ul><\/details>\n\n\n\n<p>A comunica\u00e7\u00e3o deve ser acess\u00edvel e inclusiva, garantindo acesso \u00e0 informa\u00e7\u00e3o e participa\u00e7\u00e3o de pessoas com defici\u00eancia. Uso de linguagem simples, libras e legendas \u00e9 fundamental para garantir a acessibilidade do conte\u00fado produzido.<\/p>\n\n\n\n<blockquote class=\"wp-block-quote is-layout-flow wp-block-quote-is-layout-flow\">\n<p><em>Mesmo que n\u00e3o seja poss\u00edvel utilizar todos os recursos de acessibilidade, comece por aqueles mais simples e f\u00e1ceis de criar. Com o tempo, sua rede pode incorporar novos mecanismos para garantir o acesso de todos ao seu conte\u00fado.<\/em><\/p>\n<\/blockquote>\n\n\n\n<ul class=\"wp-block-list\">\n<li>No caso de <strong>imagens est\u00e1ticas<\/strong>, use o recurso de \u201ctexto alternativo\u201d, presente na maior parte das plataformas, para descrever as imagens de forma simples e informativa.<\/li>\n\n\n\n<li>Na produ\u00e7\u00e3o de <strong>conte\u00fado visual<\/strong>, priorize textos com um bom contraste com o fundo, para facilitar a leitura, e evite fontes pequenas.<\/li>\n\n\n\n<li>No caso de <strong>v\u00eddeos<\/strong>, inclua sempre uma legenda (em cores com bom contraste).<\/li>\n<\/ul>\n\n\n\n<p><\/p>\n\n\n\n<p><\/p>\n\n\n\n<p><strong>Os materiais a seguir esclarecem como sua comunica\u00e7\u00e3o pode se tornar mais acess\u00edvel:<\/strong><\/p>\n\n\n<?xml encoding=\"utf-8\"?><ul class=\"wp-block-ufmg-hub-links [&amp;&gt;li_a]:flex [&amp;&gt;li_a]:items-center [&amp;&gt;li_a]:justify-between [&amp;&gt;li_a]:bg-neutral-50 [&amp;&gt;li_a]:px-4 [&amp;&gt;li_a]:py-3 md:[&amp;&gt;li_a]:py-5 [&amp;&gt;li_a]:border-b [&amp;&gt;li_a]:border-b-neutral-200 [&amp;&gt;li_a]:text-primary-300 [&amp;&gt;li_a]:text-base md:[&amp;&gt;li_a]:text-lg [&amp;&gt;li_a]:font-lexend [&amp;&gt;li_a]:font-medium [&amp;&gt;li_a]:transition-colors [&amp;&gt;li_a&gt;i]:text-[1rem] md:[&amp;&gt;li_a&gt;i]:text-[1.5rem] hover:[&amp;&gt;li_a]:bg-neutral-100 hover:[&amp;&gt;li_a]:border-b-primary-300\"><li class=\" wp-block-navigation-item wp-block-navigation-link\"><a class=\"wp-block-navigation-item__content\" href=\"https:\/\/www.editorafi.org\/ebook\/706-comunicacao-acessibilidades\"><span class=\"wp-block-navigation-item__label\">Comunica&ccedil;&atilde;o e Acessibilidades: um guia para pr&aacute;ticas hospitaleiras!<\/span><i class=\"ti ti-chevron-right\"><\/i><\/a><\/li>\n\n<li class=\" wp-block-navigation-item wp-block-navigation-link\"><a class=\"wp-block-navigation-item__content\" href=\"http:\/\/150.164.63.212:9000\/portal-novo-test\/app\/uploads\/2025\/09\/Manual-de-Acessibilidade-Redes-Sociais-NAI-.pdf\"><span class=\"wp-block-navigation-item__label\">Manual de diretrizes, linguagem e estilo para elabora&ccedil;&atilde;o de conte&uacute;do nas redes sociais<\/span><i class=\"ti ti-chevron-right\"><\/i><\/a><\/li><\/ul>\n\n\n\n<p><\/p>\n","protected":false},"excerpt":{"rendered":"<p>A comunica\u00e7\u00e3o deve ser acess\u00edvel e inclusiva, garantindo acesso \u00e0 informa\u00e7\u00e3o e participa\u00e7\u00e3o de pessoas com defici\u00eancia. Uso de linguagem simples, libras e legendas \u00e9 fundamental para garantir a acessibilidade do conte\u00fado produzido. Mesmo que n\u00e3o seja poss\u00edvel utilizar todos os recursos de acessibilidade, comece por aqueles mais simples e f\u00e1ceis de criar. Com o [&hellip;]<\/p>\n","protected":false},"author":1,"featured_media":0,"parent":4426,"menu_order":0,"comment_status":"closed","ping_status":"closed","template":"","meta":{"_acf_changed":false,"footnotes":""},"class_list":["post-8502","page","type-page","status-publish","hentry"],"acf":[],"_links":{"self":[{"href":"http:\/\/150.164.63.212:9000\/portal-novo-test\/wp-json\/wp\/v2\/pages\/8502","targetHints":{"allow":["GET"]}}],"collection":[{"href":"http:\/\/150.164.63.212:9000\/portal-novo-test\/wp-json\/wp\/v2\/pages"}],"about":[{"href":"http:\/\/150.164.63.212:9000\/portal-novo-test\/wp-json\/wp\/v2\/types\/page"}],"author":[{"embeddable":true,"href":"http:\/\/150.164.63.212:9000\/portal-novo-test\/wp-json\/wp\/v2\/users\/1"}],"replies":[{"embeddable":true,"href":"http:\/\/150.164.63.212:9000\/portal-novo-test\/wp-json\/wp\/v2\/comments?post=8502"}],"version-history":[{"count":0,"href":"http:\/\/150.164.63.212:9000\/portal-novo-test\/wp-json\/wp\/v2\/pages\/8502\/revisions"}],"up":[{"embeddable":true,"href":"http:\/\/150.164.63.212:9000\/portal-novo-test\/wp-json\/wp\/v2\/pages\/4426"}],"wp:attachment":[{"href":"http:\/\/150.164.63.212:9000\/portal-novo-test\/wp-json\/wp\/v2\/media?parent=8502"}],"curies":[{"name":"wp","href":"https:\/\/api.w.org\/{rel}","templated":true}]}}