{"id":8762,"date":"2025-09-18T12:58:23","date_gmt":"2025-09-18T15:58:23","guid":{"rendered":"http:\/\/150.164.63.212:9000\/portal-novo-test\/?page_id=8762"},"modified":"2025-10-08T14:51:16","modified_gmt":"2025-10-08T17:51:16","slug":"eixos-transversais-de-gestao","status":"publish","type":"page","link":"http:\/\/150.164.63.212:9000\/portal-novo-test\/a-universidade\/gestao\/eixos-transversais-de-gestao\/","title":{"rendered":"Eixos Transversais de Gest\u00e3o"},"content":{"rendered":"\n<p>Na Universidade Federal de Minas Gerais (UFMG), os eixos transversais de gest\u00e3o representam temas estrat\u00e9gicos que permeiam diferentes \u00e1reas da universidade e exigem a atua\u00e7\u00e3o integrada de m\u00faltiplos setores administrativos e acad\u00eamicos. Esses eixos dizem respeito a dimens\u00f5es estruturantes da vida universit\u00e1ria juntamente com as atividades final\u00edsticas tradicionais \u2013 ensino, pesquisa e extens\u00e3o \u2013, que impactam diretamente a qualidade da gest\u00e3o, o bem-estar da comunidade e a capacidade institucional de enfrentar desafios complexos, ampliando sua capacidade de resposta \u00e0s demandas sociais contempor\u00e2neas. <\/p>\n\n\n<?xml encoding=\"utf-8\"?><ul class=\"wp-block-ufmg-hub-links [&amp;&gt;li_a]:flex [&amp;&gt;li_a]:items-center [&amp;&gt;li_a]:justify-between [&amp;&gt;li_a]:bg-neutral-50 [&amp;&gt;li_a]:px-4 [&amp;&gt;li_a]:py-3 md:[&amp;&gt;li_a]:py-5 [&amp;&gt;li_a]:border-b [&amp;&gt;li_a]:border-b-neutral-200 [&amp;&gt;li_a]:text-primary-300 [&amp;&gt;li_a]:text-base md:[&amp;&gt;li_a]:text-lg [&amp;&gt;li_a]:font-lexend [&amp;&gt;li_a]:font-medium [&amp;&gt;li_a]:transition-colors [&amp;&gt;li_a&gt;i]:text-[1rem] md:[&amp;&gt;li_a&gt;i]:text-[1.5rem] hover:[&amp;&gt;li_a]:bg-neutral-100 hover:[&amp;&gt;li_a]:border-b-primary-300\"><li class=\" wp-block-navigation-item wp-block-navigation-link\"><a class=\"wp-block-navigation-item__content\" href=\"http:\/\/150.164.63.212:9000\/portal-novo-test\/a-universidade\/gestao\/eixos-transversais-de-gestao\/acoes-afirmativas\/\" target=\"_blank\"><span class=\"wp-block-navigation-item__label\">A&ccedil;&otilde;es Afirmativas<\/span><i class=\"ti ti-chevron-right\"><\/i><\/a><\/li>\n\n<li class=\" wp-block-navigation-item wp-block-navigation-link\"><a class=\"wp-block-navigation-item__content\" href=\"https:\/\/www.ufmg.br\/defesademocracia\/\" target=\"_blank\"><span class=\"wp-block-navigation-item__label\">Defesa da Democracia<\/span><i class=\"ti ti-chevron-right\"><\/i><\/a><\/li>\n\n<li class=\" wp-block-navigation-item wp-block-navigation-link\"><a class=\"wp-block-navigation-item__content\" href=\"https:\/\/ufmg.br\/a-universidade\/gestao\/direitos-humanos\" target=\"_blank\"><span class=\"wp-block-navigation-item__label\">Direitos Humanos<\/span><i class=\"ti ti-chevron-right\"><\/i><\/a><\/li>\n\n<li class=\" wp-block-navigation-item wp-block-navigation-link\"><a class=\"wp-block-navigation-item__content\" href=\"https:\/\/www.ufmg.br\/prograd\/dueb\/apresentacao\/historia\/\" target=\"_blank\"><span class=\"wp-block-navigation-item__label\">Educa&ccedil;&atilde;o B&aacute;sica<\/span><i class=\"ti ti-chevron-right\"><\/i><\/a><\/li>\n\n<li class=\" wp-block-navigation-item wp-block-navigation-link\"><a class=\"wp-block-navigation-item__content\" href=\"https:\/\/www.ufmg.br\/ia\/historico\/\" target=\"_blank\"><span class=\"wp-block-navigation-item__label\">Intelig&ecirc;ncia Artificial<\/span><i class=\"ti ti-chevron-right\"><\/i><\/a><\/li>\n\n<li class=\" wp-block-navigation-item wp-block-navigation-link\"><a class=\"wp-block-navigation-item__content\" href=\"http:\/\/150.164.63.212:9000\/portal-novo-test\/a-universidade\/gestao\/internacionalizacao\/\" target=\"_blank\"><span class=\"wp-block-navigation-item__label\">Internacionaliza&ccedil;&atilde;o<\/span><i class=\"ti ti-chevron-right\"><\/i><\/a><\/li>\n\n<li class=\" wp-block-navigation-item wp-block-navigation-link\"><a class=\"wp-block-navigation-item__content\" href=\"https:\/\/www.ufmg.br\/saudemental\/\" target=\"_blank\"><span class=\"wp-block-navigation-item__label\">Sa&uacute;de Mental<\/span><i class=\"ti ti-chevron-right\"><\/i><\/a><\/li>\n\n<li class=\" wp-block-navigation-item wp-block-navigation-link\"><a class=\"wp-block-navigation-item__content\" href=\"https:\/\/www.ufmg.br\/sustentabilidade\/\" target=\"_blank\"><span class=\"wp-block-navigation-item__label\">Sustentabilidade<\/span><i class=\"ti ti-chevron-right\"><\/i><\/a><\/li><\/ul>\n\n\n\n<p><\/p>\n","protected":false},"excerpt":{"rendered":"<p>Na Universidade Federal de Minas Gerais (UFMG), os eixos transversais de gest\u00e3o representam temas estrat\u00e9gicos que permeiam diferentes \u00e1reas da universidade e exigem a atua\u00e7\u00e3o integrada de m\u00faltiplos setores administrativos e acad\u00eamicos. Esses eixos dizem respeito a dimens\u00f5es estruturantes da vida universit\u00e1ria juntamente com as atividades final\u00edsticas tradicionais \u2013 ensino, pesquisa e extens\u00e3o \u2013, que [&hellip;]<\/p>\n","protected":false},"author":1,"featured_media":0,"parent":3553,"menu_order":0,"comment_status":"closed","ping_status":"closed","template":"","meta":{"_acf_changed":false,"footnotes":""},"class_list":["post-8762","page","type-page","status-publish","hentry"],"acf":[],"_links":{"self":[{"href":"http:\/\/150.164.63.212:9000\/portal-novo-test\/wp-json\/wp\/v2\/pages\/8762","targetHints":{"allow":["GET"]}}],"collection":[{"href":"http:\/\/150.164.63.212:9000\/portal-novo-test\/wp-json\/wp\/v2\/pages"}],"about":[{"href":"http:\/\/150.164.63.212:9000\/portal-novo-test\/wp-json\/wp\/v2\/types\/page"}],"author":[{"embeddable":true,"href":"http:\/\/150.164.63.212:9000\/portal-novo-test\/wp-json\/wp\/v2\/users\/1"}],"replies":[{"embeddable":true,"href":"http:\/\/150.164.63.212:9000\/portal-novo-test\/wp-json\/wp\/v2\/comments?post=8762"}],"version-history":[{"count":0,"href":"http:\/\/150.164.63.212:9000\/portal-novo-test\/wp-json\/wp\/v2\/pages\/8762\/revisions"}],"up":[{"embeddable":true,"href":"http:\/\/150.164.63.212:9000\/portal-novo-test\/wp-json\/wp\/v2\/pages\/3553"}],"wp:attachment":[{"href":"http:\/\/150.164.63.212:9000\/portal-novo-test\/wp-json\/wp\/v2\/media?parent=8762"}],"curies":[{"name":"wp","href":"https:\/\/api.w.org\/{rel}","templated":true}]}}