{"id":9276,"date":"2025-10-06T16:17:59","date_gmt":"2025-10-06T19:17:59","guid":{"rendered":"http:\/\/150.164.63.212:9000\/portal-novo-test\/?page_id=9276"},"modified":"2025-10-06T16:17:59","modified_gmt":"2025-10-06T19:17:59","slug":"diplomas-e-trajetorias-futuras","status":"publish","type":"page","link":"http:\/\/150.164.63.212:9000\/portal-novo-test\/vida-academica\/diplomas-e-trajetorias-futuras\/","title":{"rendered":"Diplomas e Trajet\u00f3rias Futuras"},"content":{"rendered":"\n<p>A forma\u00e7\u00e3o ofertada na UFMG conta com ensino, pesquisa e extens\u00e3o de excel\u00eancia, formando profissionais aptos a analisar os desafios que perpassam a sociedade.<\/p>\n\n\n\n<div class=\"wp-block-ufmg-details-group\"><?xml encoding=\"utf-8\"?><details class=\"group\/accordion\"><summary class=\"flex gap-4 items-center bg-neutral-50 border-x border-t group-last-of-type\/accordion:border-b border-neutral-200 group-open\/accordion:border-primary-300 group-open\/accordion:bg-primary-300 p-3 group-[&amp;:first-of-type]\/accordion:rounded-t group-[&amp;:last-of-type]\/accordion:rounded-b group-open\/accordion:[&amp;:last-of-type]:rounded-b-none text-neutral-600 group-open\/accordion:text-neutral-50 text-lg font-semibold [&amp;&gt;i]:text-[1.5rem] group-open\/accordion:[&amp;&gt;i]:text-neutral-50 [&amp;&gt;i]:text-primary-300 group-open\/accordion:[&amp;&gt;i]:-rotate-180 [&amp;&gt;i]:transition-transform transition-colors cursor-pointer\"><span class=\"grow\">Exame Nacional de Desempenho dos Estudantes (Enade)<\/span><i class=\"ti ti-chevron-down\"><\/i><\/summary><div class=\"space-y-4 p-3 border-x group-[&amp;:last-of-type]\/accordion:border-b border-neutral-200 text-base text-neutral-400 group-[&amp;:last-of-type]\/accordion:rounded-bl group-[&amp;:last-of-type]\/accordion:rounded-br [&amp;_.wp-block-heading+p]:!mt-0\">\n<p>O <a href=\"https:\/\/www.gov.br\/inep\/pt-br\/areas-de-atuacao\/avaliacao-e-exames-educacionais\/enade\">Exame Nacional de Desempenho dos Estudantes<\/a> (Enade) &eacute; um componente curricular obrigat&oacute;rio, inscrito no hist&oacute;rico escolar, conforme disposto na  <a href=\"https:\/\/www.planalto.gov.br\/ccivil_03\/_ato2004-2006\/2004\/lei\/l10.861.htm\" target=\"_blank\" rel=\"noreferrer noopener\">Lei n&ordm; 10.861\/2004<\/a>. O Exame avalia o rendimento dos concluintes dos cursos de gradua&ccedil;&atilde;o em rela&ccedil;&atilde;o aos conte&uacute;dos program&aacute;ticos previstos nas diretrizes curriculares, ao desenvolvimento de compet&ecirc;ncias e habilidades necess&aacute;rias para o aprofundamento da forma&ccedil;&atilde;o geral e profissional e ao n&iacute;vel de atualiza&ccedil;&atilde;o dos estudantes com rela&ccedil;&atilde;o &agrave; realidade brasileira e mundial.<\/p>\n\n\n\n<p>Mais informa&ccedil;&otilde;es podem ser encontradas no <a href=\"https:\/\/www.gov.br\/inep\/pt-br\/areas-de-atuacao\/avaliacao-e-exames-educacionais\/enade\" target=\"_blank\" rel=\"noreferrer noopener\">site do Inep<\/a>.<\/p>\n<\/div><\/details>\n\n\n<?xml encoding=\"utf-8\"?><details class=\"group\/accordion\"><summary class=\"flex gap-4 items-center bg-neutral-50 border-x border-t group-last-of-type\/accordion:border-b border-neutral-200 group-open\/accordion:border-primary-300 group-open\/accordion:bg-primary-300 p-3 group-[&amp;:first-of-type]\/accordion:rounded-t group-[&amp;:last-of-type]\/accordion:rounded-b group-open\/accordion:[&amp;:last-of-type]:rounded-b-none text-neutral-600 group-open\/accordion:text-neutral-50 text-lg font-semibold [&amp;&gt;i]:text-[1.5rem] group-open\/accordion:[&amp;&gt;i]:text-neutral-50 [&amp;&gt;i]:text-primary-300 group-open\/accordion:[&amp;&gt;i]:-rotate-180 [&amp;&gt;i]:transition-transform transition-colors cursor-pointer\"><span class=\"grow\">Diploma<\/span><i class=\"ti ti-chevron-down\"><\/i><\/summary><div class=\"space-y-4 p-3 border-x group-[&amp;:last-of-type]\/accordion:border-b border-neutral-200 text-base text-neutral-400 group-[&amp;:last-of-type]\/accordion:rounded-bl group-[&amp;:last-of-type]\/accordion:rounded-br [&amp;_.wp-block-heading+p]:!mt-0\">\n<p>O diploma de gradua&ccedil;&atilde;o &eacute; o documento que comprova a forma&ccedil;&atilde;o adquirida por seu titular, emitido mediante requerimento do graduado &agrave; Se&ccedil;&atilde;o de Ensino de seu curso. Recomenda-se que o requerimento seja feito logo ap&oacute;s a conclus&atilde;o do curso e para que o o setor respons&aacute;vel fa&ccedil;a a expedi&ccedil;&atilde;o do diploma e o encaminhe ao <a href=\"https:\/\/www2.ufmg.br\/drca\" target=\"_blank\" rel=\"noreferrer noopener\">Departamento de Registro e Controle Acad&ecirc;mico<\/a> (DRCA) para o devido registro, que confere validade nacional. N&atilde;o ser&aacute; cobrada nenhuma taxa para a emiss&atilde;o e registro da primeira via do diploma. Esse registro tamb&eacute;m &eacute; feito no caso de apostilamento de uma nova habilita&ccedil;&atilde;o conclu&iacute;da. Para os diplomas de p&oacute;s-gradua&ccedil;&atilde;o, &eacute; necess&aacute;rio que o concluinte solicite &agrave; Secretaria do Curso de seu curso.<\/p>\n\n\n\n<p>Mais informa&ccedil;&otilde;es sobre diplomas podem ser encontradas no <a href=\"https:\/\/www2.ufmg.br\/drca\/drca\/Home\/Registro-de-Diplomas\" target=\"_blank\" rel=\"noreferrer noopener\">site do DRCA<\/a>.<\/p>\n<\/div><\/details>\n\n\n<?xml encoding=\"utf-8\"?><details class=\"group\/accordion\"><summary class=\"flex gap-4 items-center bg-neutral-50 border-x border-t group-last-of-type\/accordion:border-b border-neutral-200 group-open\/accordion:border-primary-300 group-open\/accordion:bg-primary-300 p-3 group-[&amp;:first-of-type]\/accordion:rounded-t group-[&amp;:last-of-type]\/accordion:rounded-b group-open\/accordion:[&amp;:last-of-type]:rounded-b-none text-neutral-600 group-open\/accordion:text-neutral-50 text-lg font-semibold [&amp;&gt;i]:text-[1.5rem] group-open\/accordion:[&amp;&gt;i]:text-neutral-50 [&amp;&gt;i]:text-primary-300 group-open\/accordion:[&amp;&gt;i]:-rotate-180 [&amp;&gt;i]:transition-transform transition-colors cursor-pointer\"><span class=\"grow\">Continuidade de estudos<\/span><i class=\"ti ti-chevron-down\"><\/i><\/summary><div class=\"space-y-4 p-3 border-x group-[&amp;:last-of-type]\/accordion:border-b border-neutral-200 text-base text-neutral-400 group-[&amp;:last-of-type]\/accordion:rounded-bl group-[&amp;:last-of-type]\/accordion:rounded-br [&amp;_.wp-block-heading+p]:!mt-0\">\n<p>A <strong>continuidade de estudos<\/strong> &eacute; uma modalidade de preenchimento de <a href=\"https:\/\/www.ufmg.br\/prograd\/vagas-remanescentes\/\" target=\"_blank\" rel=\"noreferrer noopener\">vagas remanescentes<\/a> que permite a readmiss&atilde;o, na UFMG, de estudantes que tenham integralizado um curso de gradua&ccedil;&atilde;o na Universidade para obten&ccedil;&atilde;o de outro grau acad&ecirc;mico &ndash; Bacharelado ou Licenciatura &ndash;, outra habilita&ccedil;&atilde;o no curso integralizado ou grau em curso de diferente denomina&ccedil;&atilde;o. Os interessados devem observar os requisitos estabelecidos e os prazos fixados, a cada semestre, no <a href=\"http:\/\/150.164.63.212:9000\/portal-novo-test\/a-universidade\/calendario-escolar\/\" target=\"_blank\" rel=\"noreferrer noopener\">Calend&aacute;rio Acad&ecirc;mico da UFMG<\/a>.<\/p>\n\n\n\n<p>As condi&ccedil;&otilde;es necess&aacute;rias e demais informa&ccedil;&otilde;es podem ser obtidas no <a href=\"https:\/\/www2.ufmg.br\/drca\/drca\/Home\/Graduacao\/Reingressos\/Continuidade-de-Estudos\" target=\"_blank\" rel=\"noreferrer noopener\">site do DRCA<\/a> ou nos <a href=\"http:\/\/150.164.63.212:9000\/portal-novo-test\/a-universidade\/estrutura-organizacional\/colegiados-de-curso\/\" target=\"_blank\" rel=\"noreferrer noopener\">colegiados de cada curso<\/a>.<\/p>\n<\/div><\/details>\n\n\n<?xml encoding=\"utf-8\"?><details class=\"group\/accordion\"><summary class=\"flex gap-4 items-center bg-neutral-50 border-x border-t group-last-of-type\/accordion:border-b border-neutral-200 group-open\/accordion:border-primary-300 group-open\/accordion:bg-primary-300 p-3 group-[&amp;:first-of-type]\/accordion:rounded-t group-[&amp;:last-of-type]\/accordion:rounded-b group-open\/accordion:[&amp;:last-of-type]:rounded-b-none text-neutral-600 group-open\/accordion:text-neutral-50 text-lg font-semibold [&amp;&gt;i]:text-[1.5rem] group-open\/accordion:[&amp;&gt;i]:text-neutral-50 [&amp;&gt;i]:text-primary-300 group-open\/accordion:[&amp;&gt;i]:-rotate-180 [&amp;&gt;i]:transition-transform transition-colors cursor-pointer\"><span class=\"grow\">Obten&ccedil;&atilde;o de Novo T&iacute;tulo<\/span><i class=\"ti ti-chevron-down\"><\/i><\/summary><div class=\"space-y-4 p-3 border-x group-[&amp;:last-of-type]\/accordion:border-b border-neutral-200 text-base text-neutral-400 group-[&amp;:last-of-type]\/accordion:rounded-bl group-[&amp;:last-of-type]\/accordion:rounded-br [&amp;_.wp-block-heading+p]:!mt-0\">\n<p>A Obten&ccedil;&atilde;o de Novo T&iacute;tulo &eacute; um processo que permite &agrave;s pessoas que j&aacute; disp&otilde;em de diploma de curso superior ingressar em um curso na UFMG. Esse procedimento est&aacute; condicionado &agrave; exist&ecirc;ncia de <a href=\"https:\/\/www.ufmg.br\/prograd\/vagas-remanescentes\/\" target=\"_blank\" rel=\"noreferrer noopener\">vagas remanescentes<\/a> e utiliza nota do Exame Nacional de Ensino M&eacute;dio (Enem).<br><\/p>\n\n\n\n<p>Os editais e demais informa&ccedil;&otilde;es podem ser obtidos nos sites da <a href=\"https:\/\/www.ufmg.br\/copeve\/site_novo\/\" target=\"_blank\" rel=\"noreferrer noopener\">Comiss&atilde;o Permanente do Vestibular (Copeve) da UFMG<\/a> e do <a href=\"https:\/\/www2.ufmg.br\/drca\/drca\/Home\/Graduacao\/Processos-Seletivos\/Obtencao-de-Novo-Titulo\" target=\"_blank\" rel=\"noreferrer noopener\">Departamento de Registro e Controle Acad&ecirc;mico (DRCA)<\/a>.<\/p>\n<\/div><\/details>\n\n\n<?xml encoding=\"utf-8\"?><details class=\"group\/accordion\"><summary class=\"flex gap-4 items-center bg-neutral-50 border-x border-t group-last-of-type\/accordion:border-b border-neutral-200 group-open\/accordion:border-primary-300 group-open\/accordion:bg-primary-300 p-3 group-[&amp;:first-of-type]\/accordion:rounded-t group-[&amp;:last-of-type]\/accordion:rounded-b group-open\/accordion:[&amp;:last-of-type]:rounded-b-none text-neutral-600 group-open\/accordion:text-neutral-50 text-lg font-semibold [&amp;&gt;i]:text-[1.5rem] group-open\/accordion:[&amp;&gt;i]:text-neutral-50 [&amp;&gt;i]:text-primary-300 group-open\/accordion:[&amp;&gt;i]:-rotate-180 [&amp;&gt;i]:transition-transform transition-colors cursor-pointer\"><span class=\"grow\">P&oacute;s-gradua&ccedil;&atilde;o na UFMG<\/span><i class=\"ti ti-chevron-down\"><\/i><\/summary><div class=\"space-y-4 p-3 border-x group-[&amp;:last-of-type]\/accordion:border-b border-neutral-200 text-base text-neutral-400 group-[&amp;:last-of-type]\/accordion:rounded-bl group-[&amp;:last-of-type]\/accordion:rounded-br [&amp;_.wp-block-heading+p]:!mt-0\">\n<p>A UFMG oferece programas de p&oacute;s-gradua&ccedil;&atilde;o de excel&ecirc;ncia em todas as &aacute;reas do conhecimento, com oportunidades de desenvolvimento acad&ecirc;mico e profissional. As informa&ccedil;&otilde;es sobre cada programa podem ser encotradas em seus respectivos sites e no site da <a href=\"https:\/\/www.ufmg.br\/prpg\/\" target=\"_blank\" rel=\"noreferrer noopener\">Pr&oacute;-reitoria de P&oacute;<\/a><a href=\"https:\/\/www.ufmg.br\/prpg\/\">s-gradua&ccedil;&atilde;o<\/a> (PRPG).<\/p>\n\n\n\n<p>O ingresso nos<a href=\"http:\/\/150.164.63.212:9000\/portal-novo-test\/cursos\/pos-graduacao\/\" target=\"_blank\" rel=\"noreferrer noopener\"> cursos de p&oacute;s-gradua&ccedil;&atilde;o da UFMG<\/a>, seja <em>stricto sensu<\/em> &ndash; <a href=\"https:\/\/www.ufmg.br\/prpg\/mestrado-doutorado\/\" target=\"_blank\" rel=\"noreferrer noopener\">mestrado e doutorado<\/a> &ndash; ou <em>lato sensu <\/em>&ndash; <a href=\"https:\/\/ufmg.br\/cursos\/pos-graduacao\/especializacao\" target=\"_blank\" rel=\"noreferrer noopener\">especializa&ccedil;&atilde;o<\/a> &ndash; &eacute; feito atrav&eacute;s de processos seletivos divulgados em editais pelos cursos e programas de p&oacute;s-gradua&ccedil;&atilde;o, seguindo normas gerais estabelecidas pelo <a href=\"https:\/\/www2.ufmg.br\/sods\/Sods\/CEPE\" target=\"_blank\" rel=\"noreferrer noopener\">Conselho de Ensino, Pesquisa e Extens&atilde;o<\/a> (CEPE).<\/p>\n\n\n\n<p>Mais informa&ccedil;&otilde;es podem ser acessadas no site de cada programa.<\/p>\n<\/div><\/details>\n\n\n<?xml encoding=\"utf-8\"?><details class=\"group\/accordion\"><summary class=\"flex gap-4 items-center bg-neutral-50 border-x border-t group-last-of-type\/accordion:border-b border-neutral-200 group-open\/accordion:border-primary-300 group-open\/accordion:bg-primary-300 p-3 group-[&amp;:first-of-type]\/accordion:rounded-t group-[&amp;:last-of-type]\/accordion:rounded-b group-open\/accordion:[&amp;:last-of-type]:rounded-b-none text-neutral-600 group-open\/accordion:text-neutral-50 text-lg font-semibold [&amp;&gt;i]:text-[1.5rem] group-open\/accordion:[&amp;&gt;i]:text-neutral-50 [&amp;&gt;i]:text-primary-300 group-open\/accordion:[&amp;&gt;i]:-rotate-180 [&amp;&gt;i]:transition-transform transition-colors cursor-pointer\"><span class=\"grow\">Concursos e Processos Seletivos<\/span><i class=\"ti ti-chevron-down\"><\/i><\/summary><div class=\"space-y-4 p-3 border-x group-[&amp;:last-of-type]\/accordion:border-b border-neutral-200 text-base text-neutral-400 group-[&amp;:last-of-type]\/accordion:rounded-bl group-[&amp;:last-of-type]\/accordion:rounded-br [&amp;_.wp-block-heading+p]:!mt-0\">\n<p>A UFMG realiza <a href=\"http:\/\/150.164.63.212:9000\/portal-novo-test\/cursos\/formas-de-ingresso\/concursos-publicos\/\" target=\"_blank\" rel=\"noreferrer noopener\">concursos p&uacute;blicos<\/a> para o ingresso em cargos docentes e t&eacute;cnico-administrativos. Saiba mais sobre os concursos e processos seletivos no site da <a href=\"https:\/\/www.ufmg.br\/prorh\/publicacoes\/\" target=\"_blank\" rel=\"noreferrer noopener\">Pr&oacute;-reitoria de Recursos Humanos<\/a> (PRORH).<\/p>\n<\/div><\/details>\n\n\n<?xml encoding=\"utf-8\"?><details class=\"group\/accordion\"><summary class=\"flex gap-4 items-center bg-neutral-50 border-x border-t group-last-of-type\/accordion:border-b border-neutral-200 group-open\/accordion:border-primary-300 group-open\/accordion:bg-primary-300 p-3 group-[&amp;:first-of-type]\/accordion:rounded-t group-[&amp;:last-of-type]\/accordion:rounded-b group-open\/accordion:[&amp;:last-of-type]:rounded-b-none text-neutral-600 group-open\/accordion:text-neutral-50 text-lg font-semibold [&amp;&gt;i]:text-[1.5rem] group-open\/accordion:[&amp;&gt;i]:text-neutral-50 [&amp;&gt;i]:text-primary-300 group-open\/accordion:[&amp;&gt;i]:-rotate-180 [&amp;&gt;i]:transition-transform transition-colors cursor-pointer\"><span class=\"grow\">Sempre UFMG<\/span><i class=\"ti ti-chevron-down\"><\/i><\/summary><div class=\"space-y-4 p-3 border-x group-[&amp;:last-of-type]\/accordion:border-b border-neutral-200 text-base text-neutral-400 group-[&amp;:last-of-type]\/accordion:rounded-bl group-[&amp;:last-of-type]\/accordion:rounded-br [&amp;_.wp-block-heading+p]:!mt-0\">\n<p>Programa Sempre UFMG tem como objetivo criar e manter uma liga&ccedil;&atilde;o entre a UFMG e seus egressos. Ao conclu&iacute;rem seu curso, todos os graduados passam, automaticamente, a fazer parte da Comunidade Sempre UFMG. A inten&ccedil;&atilde;o &eacute; que os egressos n&atilde;o se afastem da Universidade, continuando a participar de cursos de atualiza&ccedil;&atilde;o, palestras, eventos culturais e a frequentar suas depend&ecirc;ncias, inclusive bibliotecas e espa&ccedil;os de lazer.<\/p>\n\n\n\n<p>Mais informa&ccedil;&otilde;es podem ser encontradas no site do <a href=\"https:\/\/www.ufmg.br\/copi\/sempreufmg\/\" target=\"_blank\" rel=\"noreferrer noopener\">Sempre UFMG<\/a>.<\/p>\n<\/div><\/details>\n<\/div>\n\n\n\n<div class=\"wp-block-ufmg-cards grid grid-cols-1 lg:grid-cols-cards gap-8\">\n\t<div class=\"flex flex-col gap-6 p-6 md:py-8 border border-neutral-200 rounded-lg\">\n\n\t\t\t\t\t<h2 class=\"pl-2 border-l-2 border-l-primary-400 text-neutral-600 text-xl md:text-2xl font-semibold\">\n\t\t\t\tP\u00f3s-gradua\u00e7\u00e3o\t\t\t<\/h2>\n\t\t\n\t\t\t\t\t<p class=\"flex-1 text-base md:text-lg text-neutral-500\">\n\t\t\t\tConhe\u00e7a as op\u00e7\u00f5es de cursos e programas de p\u00f3s-gradua\u00e7\u00e3o ofertados na UFMG.\t\t\t<\/p>\n\t\t\n\t\t\t\t\t<a href=\"http:\/\/150.164.63.212:9000\/portal-novo-test\/cursos\/estude-na-ufmg\/pos-graduacao\/\" target=\"_blank\" rel=\"noopener noreferrer\"\t\t\t\tclass=\"w-fit ml-auto flex items-center gap-4 text-primary-300 font-lexend font-medium text-base md:text-lg\">\n\t\t\t\tAcesse aqui\t\t\t\t<i class=\"ti ti-chevron-right text-[1rem] md:text-[1.25rem]\"><\/i>\n\t\t\t<\/a>\n\t\t\t<\/div>\n\n\n\n\t<div class=\"flex flex-col gap-6 p-6 md:py-8 border border-neutral-200 rounded-lg\">\n\n\t\t\t\t\t<h2 class=\"pl-2 border-l-2 border-l-primary-400 text-neutral-600 text-xl md:text-2xl font-semibold\">\n\t\t\t\tExtens\u00e3o\t\t\t<\/h2>\n\t\t\n\t\t\t\t\t<p class=\"flex-1 text-base md:text-lg text-neutral-500\">\n\t\t\t\tConhe\u00e7a os cursos e atividades de extens\u00e3o ofertados na UFMG.\t\t\t<\/p>\n\t\t\n\t\t\t\t\t<a href=\"http:\/\/150.164.63.212:9000\/portal-novo-test\/cursos\/estude-na-ufmg\/cursos-de-extensao\/\" target=\"_blank\" rel=\"noopener noreferrer\"\t\t\t\tclass=\"w-fit ml-auto flex items-center gap-4 text-primary-300 font-lexend font-medium text-base md:text-lg\">\n\t\t\t\tAcesse aqui\t\t\t\t<i class=\"ti ti-chevron-right text-[1rem] md:text-[1.25rem]\"><\/i>\n\t\t\t<\/a>\n\t\t\t<\/div>\n<\/div>\n\n\n\n<div class=\"wp-block-ufmg-cards grid grid-cols-1 lg:grid-cols-cards gap-8\"><\/div>\n","protected":false},"excerpt":{"rendered":"<p>A forma\u00e7\u00e3o ofertada na UFMG conta com ensino, pesquisa e extens\u00e3o de excel\u00eancia, formando profissionais aptos a analisar os desafios que perpassam a sociedade.<\/p>\n","protected":false},"author":1,"featured_media":0,"parent":3641,"menu_order":0,"comment_status":"closed","ping_status":"closed","template":"","meta":{"_acf_changed":false,"footnotes":""},"class_list":["post-9276","page","type-page","status-publish","hentry"],"acf":[],"_links":{"self":[{"href":"http:\/\/150.164.63.212:9000\/portal-novo-test\/wp-json\/wp\/v2\/pages\/9276","targetHints":{"allow":["GET"]}}],"collection":[{"href":"http:\/\/150.164.63.212:9000\/portal-novo-test\/wp-json\/wp\/v2\/pages"}],"about":[{"href":"http:\/\/150.164.63.212:9000\/portal-novo-test\/wp-json\/wp\/v2\/types\/page"}],"author":[{"embeddable":true,"href":"http:\/\/150.164.63.212:9000\/portal-novo-test\/wp-json\/wp\/v2\/users\/1"}],"replies":[{"embeddable":true,"href":"http:\/\/150.164.63.212:9000\/portal-novo-test\/wp-json\/wp\/v2\/comments?post=9276"}],"version-history":[{"count":0,"href":"http:\/\/150.164.63.212:9000\/portal-novo-test\/wp-json\/wp\/v2\/pages\/9276\/revisions"}],"up":[{"embeddable":true,"href":"http:\/\/150.164.63.212:9000\/portal-novo-test\/wp-json\/wp\/v2\/pages\/3641"}],"wp:attachment":[{"href":"http:\/\/150.164.63.212:9000\/portal-novo-test\/wp-json\/wp\/v2\/media?parent=9276"}],"curies":[{"name":"wp","href":"https:\/\/api.w.org\/{rel}","templated":true}]}}