{"id":9856,"date":"2025-10-06T15:58:40","date_gmt":"2025-10-06T18:58:40","guid":{"rendered":"http:\/\/150.164.63.212:9000\/portal-novo-test\/?page_id=9856"},"modified":"2025-10-09T14:30:24","modified_gmt":"2025-10-09T17:30:24","slug":"apoio-a-permanencia","status":"publish","type":"page","link":"http:\/\/150.164.63.212:9000\/portal-novo-test\/vida-academica\/diversidade-e-inclusao\/apoio-a-permanencia\/","title":{"rendered":"Apoio \u00e0 Perman\u00eancia"},"content":{"rendered":"\n<p>A <a href=\"https:\/\/www.ufmg.br\/prae\/wp-content\/uploads\/2023\/08\/POLITICA-DE-PERMANENCIA-DE-ESTUDANTES-NA-UFMG-aprovado.pdf\" data-type=\"link\" data-id=\"https:\/\/www.ufmg.br\/prae\/wp-content\/uploads\/2023\/08\/POLITICA-DE-PERMANENCIA-DE-ESTUDANTES-NA-UFMG-aprovado.pdf\" target=\"_blank\" rel=\"noreferrer noopener\">Pol\u00edtica de Perman\u00eancia Estudantil da UFMG<\/a> \u00e9 implementada de forma integrada por diferentes inst\u00e2ncias da Universidade, em conformidade com a Resolu\u00e7\u00e3o do Conselho Universit\u00e1rio n\u00ba 11\/2014. Envolve a\u00e7\u00f5es conjuntas do Centro Pedag\u00f3gico, Col\u00e9gio T\u00e9cnico, Teatro Universit\u00e1rio, Diretoria de Rela\u00e7\u00f5es Internacionais, Pr\u00f3-reitoria de P\u00f3s-Gradua\u00e7\u00e3o, N\u00facleo de Acessibilidade e Inclus\u00e3o, entre outros setores que desenvolvem iniciativas voltadas \u00e0 perman\u00eancia estudantil.<\/p>\n\n\n\n<p>A <a href=\"https:\/\/www.ufmg.br\/prae\/\" data-type=\"link\" data-id=\"https:\/\/www.ufmg.br\/prae\/\" target=\"_blank\" rel=\"noreferrer noopener\">Pr\u00f3-reitoria de Assuntos Estudantis (PRAE) <\/a>atua na coordena\u00e7\u00e3o e articula\u00e7\u00e3o dessas a\u00e7\u00f5es, assegurando a execu\u00e7\u00e3o dos projetos em parceria com as funda\u00e7\u00f5es universit\u00e1rias, por meio de instrumentos espec\u00edficos de coopera\u00e7\u00e3o, como conv\u00eanios e termos de colabora\u00e7\u00e3o.<\/p>\n\n\n\n<h3 class=\"wp-block-heading\">Regime Acad\u00eamico Especial para Perman\u00eancia (RAEP)<\/h3>\n\n\n\n<p>O <a href=\"https:\/\/www.ufmg.br\/prograd\/regime-academico-especial-para-permanencia\/\" data-type=\"link\" data-id=\"https:\/\/www.ufmg.br\/prograd\/regime-academico-especial-para-permanencia\/\" target=\"_blank\" rel=\"noreferrer noopener\">Regime Acad\u00eamico Especial para Perman\u00eancia (RAEP)<\/a> tem por objetivo favorecer o prosseguimento dos estudos e a perman\u00eancia qualificada nas trajet\u00f3rias de forma\u00e7\u00e3o de estudantes de gradua\u00e7\u00e3o em situa\u00e7\u00f5es espec\u00edficas, por meio da flexibiliza\u00e7\u00e3o de regras do regime acad\u00eamico e da adapta\u00e7\u00e3o de estrat\u00e9gias pedag\u00f3gicas, de acordo com as possibilidades operacionais e pedag\u00f3gicas da Universidade.<br>O RAEP poder\u00e1 ser concedido ao estudante requerente que se encontrar em uma ou mais das seguintes condi\u00e7\u00f5es, permanentes ou transit\u00f3rias, que comprometam, significativamente, a sua capacidade de dar prosseguimento aos seus estudos no ritmo padr\u00e3o previsto na proposta formativa do curso de v\u00ednculo e manter a sua perman\u00eancia qualificada na Universidade:<\/p>\n\n\n\n<ol class=\"wp-block-list\">\n<li>I &#8211; Doen\u00e7a cr\u00f4nica ou prolongada;<\/li>\n\n\n\n<li>II &#8211; Defici\u00eancias;<\/li>\n\n\n\n<li>III &#8211; Sofrimento mental;<\/li>\n\n\n\n<li>IV &#8211; Gesta\u00e7\u00e3o;<\/li>\n\n\n\n<li>V &#8211; Guarda e companhia de filhos com menos de 4 (quatro) anos;<\/li>\n\n\n\n<li>VI &#8211; Responsabilidade legal por cuidados a pessoas doentes ou com defici\u00eancias; ou<\/li>\n\n\n\n<li>VII &#8211;  Outras situa\u00e7\u00f5es an\u00e1logas consideradas pertinentes.<\/li>\n<\/ol>\n\n\n<?xml encoding=\"utf-8\"?><ul class=\"wp-block-ufmg-hub-links [&amp;&gt;li_a]:flex [&amp;&gt;li_a]:items-center [&amp;&gt;li_a]:justify-between [&amp;&gt;li_a]:bg-neutral-50 [&amp;&gt;li_a]:px-4 [&amp;&gt;li_a]:py-3 md:[&amp;&gt;li_a]:py-5 [&amp;&gt;li_a]:border-b [&amp;&gt;li_a]:border-b-neutral-200 [&amp;&gt;li_a]:text-primary-300 [&amp;&gt;li_a]:text-base md:[&amp;&gt;li_a]:text-lg [&amp;&gt;li_a]:font-lexend [&amp;&gt;li_a]:font-medium [&amp;&gt;li_a]:transition-colors [&amp;&gt;li_a&gt;i]:text-[1rem] md:[&amp;&gt;li_a&gt;i]:text-[1.5rem] hover:[&amp;&gt;li_a]:bg-neutral-100 hover:[&amp;&gt;li_a]:border-b-primary-300\"><\/ul>\n\n\n\n<h3 class=\"wp-block-heading\">Funda\u00e7\u00e3o Universit\u00e1ria Mendes Pimentel<\/h3>\n\n\n\n<p>A <a href=\"https:\/\/fump.ufmg.br\/\" data-type=\"link\" data-id=\"https:\/\/fump.ufmg.br\/\" target=\"_blank\" rel=\"noreferrer noopener\">Funda\u00e7\u00e3o Universit\u00e1ria Mendes Pimentel<\/a> \u00e9 organiza\u00e7\u00e3o da sociedade civil sem fins lucrativos, de direito privado, institu\u00edda em 1927 e vinculada \u00e0 UFMG.  Nos Termos de Colabora\u00e7\u00e3o, a FUMP atua como colaboradora na execu\u00e7\u00e3o das atividades e projetos vinculados a Pol\u00edtica de Perman\u00eancia Estudantil da UFMG, coordenada pela PRAE\/UFMG, destinada a estudantes da UFMG, prioritariamente, em situa\u00e7\u00e3o de vulnerabilidade socioecon\u00f4mica e risco social e cultural, com os programas e as a\u00e7\u00f5es que a comp\u00f5em.<\/p>\n\n\n\n<h4 class=\"wp-block-heading\"><a href=\"https:\/\/portal.mec.gov.br\/pnaes\">Plano Nacional de Assist\u00eancia Estudantil (PNAES)<\/a><\/h4>\n\n\n\n<p>Os recursos para o desenvolvimento dos programas executados pela Fump s\u00e3o provenientes do&nbsp;<a href=\"http:\/\/portal.mec.gov.br\/component\/tags\/tag\/pnaes\" target=\"_blank\" rel=\"noreferrer noopener\">Plano Nacional de Assist\u00eancia Estudantil (PNAES)<\/a>, repassados \u00e0 UFMG a qual celebra parceria com a Funda\u00e7\u00e3o, atrav\u00e9s de <a href=\"https:\/\/portaldatransparencia.fump.ufmg.br\/?_gl=1*1l9e1q*_ga*Nzg3NTY3OTc4LjE3NTE0ODEwNTM.*_ga_CBJ97E1MPS*czE3NTkxNjY2NDgkbzExJGcxJHQxNzU5MTY2NzMyJGo1MyRsMCRoMA..\" data-type=\"link\" data-id=\"https:\/\/portaldatransparencia.fump.ufmg.br\/?_gl=1*1l9e1q*_ga*Nzg3NTY3OTc4LjE3NTE0ODEwNTM.*_ga_CBJ97E1MPS*czE3NTkxNjY2NDgkbzExJGcxJHQxNzU5MTY2NzMyJGo1MyRsMCRoMA..\" target=\"_blank\" rel=\"noreferrer noopener\">Termos de Colabora\u00e7\u00e3o<\/a>. Al\u00e9m destes, figuram como recursos para a execu\u00e7\u00e3o, os recursos pr\u00f3prios do or\u00e7amento da Universidade e da pr\u00f3pria Funda\u00e7\u00e3o.<\/p>\n\n\n\n<p>O PNAES apoia a perman\u00eancia de estudantes de baixa renda em cursos presenciais de gradua\u00e7\u00e3o nas Institui\u00e7\u00f5es Federais de Ensino Superior (Ifes), promovendo igualdade de oportunidades e redu\u00e7\u00e3o da evas\u00e3o. O plano oferece aux\u00edlio em \u00e1reas como moradia, alimenta\u00e7\u00e3o, transporte, sa\u00fade, inclus\u00e3o digital, cultura, esporte, creche e apoio pedag\u00f3gico. Sua execu\u00e7\u00e3o e avalia\u00e7\u00e3o ficam a cargo das institui\u00e7\u00f5es, que selecionam os beneficiados conforme crit\u00e9rios socioecon\u00f4micos e sua realidade local.<\/p>\n\n\n\n<h3 class=\"wp-block-heading\">Programas da Pol\u00edtica de Perman\u00eancia de Estudantes na UFMG<\/h3>\n\n\n\n<p>A Pol\u00edtica de Perman\u00eancia de Estudantes na UFMG est\u00e1 organizada em dois programas estruturantes e articulados entre si: o <a href=\"https:\/\/www.ufmg.br\/viverufmg\/\" data-type=\"link\" data-id=\"https:\/\/www.ufmg.br\/viverufmg\/\" target=\"_blank\" rel=\"noreferrer noopener\">Programa Viver UFMG<\/a> e o Programa UFMG Meu Lugar, apresentados e detalhados a seguir. Esses programas englobam a\u00e7\u00f5es destinadas a estudantes da educa\u00e7\u00e3o b\u00e1sica, superior e p\u00f3s-gradua\u00e7\u00e3o, considerando as especificidades e demandas de perman\u00eancia qualificada para estudantes de cada segmento. Ancoram-se ainda nos princ\u00edpios da equidade, justi\u00e7a corretiva, inclus\u00e3o preconizados e amparados na legisla\u00e7\u00e3o atual.<\/p>\n\n\n\n<h4 class=\"wp-block-heading\">Programa Viver a UFMG<\/h4>\n\n\n\n<p>O Programa Viver UFMG est\u00e1 organizado para oferecer a estudantes orienta\u00e7\u00f5es e encaminhamentos estruturantes para a sua vida estudantil e acad\u00eamica ao longo de toda a sua forma\u00e7\u00e3o. O programa engloba os seguintes programas: <a href=\"https:\/\/www.eba.ufmg.br\/index.php\/projeto-travessia-danca-na-ufmg\/2025\/01\/\" data-type=\"link\" data-id=\"https:\/\/www.eba.ufmg.br\/index.php\/projeto-travessia-danca-na-ufmg\/2025\/01\/\" target=\"_blank\" rel=\"noreferrer noopener\">Projeto Travessia UFMG<\/a>, Programa Imers\u00e3o Docente (PID) e Programa Forma\u00e7\u00e3o Acad\u00eamica Complementar (PFAC). <\/p>\n\n\n\n<h4 class=\"wp-block-heading\">Programa UFMG Meu Lugar<\/h4>\n\n\n\n<p>O <a href=\"https:\/\/www.ufmg.br\/prae\/assistencia-estudantil\/programas-de-assistencia-estudantil-da-ufmg\/\" data-type=\"link\" data-id=\"https:\/\/www.ufmg.br\/prae\/assistencia-estudantil\/programas-de-assistencia-estudantil-da-ufmg\/\" target=\"_blank\" rel=\"noreferrer noopener\">Programa UFMG Meu Lugar<\/a> \u00e9 organizado para oferecer a estudantes da educa\u00e7\u00e3o b\u00e1sica, t\u00e9cnica, gradua\u00e7\u00e3o e p\u00f3s-gradua\u00e7\u00e3o, considerando as suas demandas espec\u00edficas, um conjunto de suportes materiais e de a\u00e7\u00f5es visando a garantia de uma vida acad\u00eamica em condi\u00e7\u00f5es est\u00e1veis, de modo a estruturar e sustentar sua presen\u00e7a e perman\u00eancia na educa\u00e7\u00e3o b\u00e1sica e superior. <\/p>\n\n\n\n<p>Conhe\u00e7a mais sobre as a\u00e7\u00f5es do Programa UFMG Meu Lugar:<\/p>\n\n\n<?xml encoding=\"utf-8\"?><ul class=\"wp-block-ufmg-hub-links [&amp;&gt;li_a]:flex [&amp;&gt;li_a]:items-center [&amp;&gt;li_a]:justify-between [&amp;&gt;li_a]:bg-neutral-50 [&amp;&gt;li_a]:px-4 [&amp;&gt;li_a]:py-3 md:[&amp;&gt;li_a]:py-5 [&amp;&gt;li_a]:border-b [&amp;&gt;li_a]:border-b-neutral-200 [&amp;&gt;li_a]:text-primary-300 [&amp;&gt;li_a]:text-base md:[&amp;&gt;li_a]:text-lg [&amp;&gt;li_a]:font-lexend [&amp;&gt;li_a]:font-medium [&amp;&gt;li_a]:transition-colors [&amp;&gt;li_a&gt;i]:text-[1rem] md:[&amp;&gt;li_a&gt;i]:text-[1.5rem] hover:[&amp;&gt;li_a]:bg-neutral-100 hover:[&amp;&gt;li_a]:border-b-primary-300\"><li class=\" wp-block-navigation-item wp-block-navigation-link\"><a class=\"wp-block-navigation-item__content\" href=\"https:\/\/fump.ufmg.br\/auxilio-manutencao\/\" target=\"_blank\"><span class=\"wp-block-navigation-item__label\">Aux&iacute;lio Manuten&ccedil;&atilde;o<\/span><i class=\"ti ti-chevron-right\"><\/i><\/a><\/li>\n\n<li class=\" wp-block-navigation-item wp-block-navigation-link\"><a class=\"wp-block-navigation-item__content\" href=\"https:\/\/fump.ufmg.br\/auxilio-transporte\/\" target=\"_blank\"><span class=\"wp-block-navigation-item__label\">Aux&iacute;lio Transporte<\/span><i class=\"ti ti-chevron-right\"><\/i><\/a><\/li>\n\n<li class=\" wp-block-navigation-item wp-block-navigation-link\"><a class=\"wp-block-navigation-item__content\" href=\"https:\/\/fump.ufmg.br\/auxilio-a-estudantes-com-filho\/\" target=\"_blank\"><span class=\"wp-block-navigation-item__label\">Aux&iacute;lio a estudantes com filhos<\/span><i class=\"ti ti-chevron-right\"><\/i><\/a><\/li>\n\n<li class=\" wp-block-navigation-item wp-block-navigation-link\"><a class=\"wp-block-navigation-item__content\" href=\"https:\/\/fump.ufmg.br\/auxilio-inclusao-digital-tecnologia-assistiva-ta\/\" target=\"_blank\"><span class=\"wp-block-navigation-item__label\">Aux&iacute;lio Inclus&atilde;o Digital Tecnologia Assistiva (TA)<\/span><i class=\"ti ti-chevron-right\"><\/i><\/a><\/li>\n\n<li class=\" wp-block-navigation-item wp-block-navigation-link\"><a class=\"wp-block-navigation-item__content\" href=\"https:\/\/fump.ufmg.br\/auxilio-inclusao-digital-aquisicao-de-equipamentos-indigenas-quilombolas-e-campesinosas-2\/\" target=\"_blank\"><span class=\"wp-block-navigation-item__label\">Aux&iacute;lio inclus&atilde;o digital de estudantes de Cursos de Altern&acirc;ncia da UFMG<\/span><i class=\"ti ti-chevron-right\"><\/i><\/a><\/li>\n\n<li class=\" wp-block-navigation-item wp-block-navigation-link\"><a class=\"wp-block-navigation-item__content\" href=\"https:\/\/acoesafirmativas.fae.ufmg.br\/ereeq\/\" target=\"_blank\"><span class=\"wp-block-navigation-item__label\">Aux&iacute;lio Material Escolar e Acad&ecirc;mico<\/span><i class=\"ti ti-chevron-right\"><\/i><\/a><\/li>\n\n<li class=\" wp-block-navigation-item wp-block-navigation-link\"><a class=\"wp-block-navigation-item__content\" href=\"https:\/\/fump.ufmg.br\/auxilio-permanencia-para-estudantes-indigenas-e-quilombolas\/\" target=\"_blank\"><span class=\"wp-block-navigation-item__label\">Programa Bolsa Perman&ecirc;ncia<\/span><i class=\"ti ti-chevron-right\"><\/i><\/a><\/li>\n\n<li class=\" wp-block-navigation-item wp-block-navigation-link\"><a class=\"wp-block-navigation-item__content\" href=\"https:\/\/fump.ufmg.br\/programa-de-moradia\/\" target=\"_blank\"><span class=\"wp-block-navigation-item__label\">Programa Moradia<\/span><i class=\"ti ti-chevron-right\"><\/i><\/a><\/li>\n\n<li class=\" wp-block-navigation-item wp-block-navigation-link\"><a class=\"wp-block-navigation-item__content\" href=\"https:\/\/fump.ufmg.br\/saude\/\" target=\"_blank\"><span class=\"wp-block-navigation-item__label\">Programa de aten&ccedil;&atilde;o &agrave; S&aacute;ude do Estudante (PSE)<\/span><i class=\"ti ti-chevron-right\"><\/i><\/a><\/li>\n\n<li class=\" wp-block-navigation-item wp-block-navigation-link\"><a class=\"wp-block-navigation-item__content\" href=\"https:\/\/fump.ufmg.br\/programa-de-alimentacao\/\" target=\"_blank\"><span class=\"wp-block-navigation-item__label\">Programa Alimenta&ccedil;&atilde;o nos Restaurantes Universit&aacute;rios<\/span><i class=\"ti ti-chevron-right\"><\/i><\/a><\/li>\n\n<li class=\" wp-block-navigation-item wp-block-navigation-link\"><a class=\"wp-block-navigation-item__content\" href=\"https:\/\/www.ufmg.br\/nai\/projetos-pipa\/\" target=\"_blank\"><span class=\"wp-block-navigation-item__label\">Programa de Apoio a Inclus&atilde;o e Promo&ccedil;&atilde;o &agrave; Acessibilidade (PIPA)<\/span><i class=\"ti ti-chevron-right\"><\/i><\/a><\/li><\/ul>\n","protected":false},"excerpt":{"rendered":"<p>A Pol\u00edtica de Perman\u00eancia Estudantil da UFMG \u00e9 implementada de forma integrada por diferentes inst\u00e2ncias da Universidade, em conformidade com a Resolu\u00e7\u00e3o do Conselho Universit\u00e1rio n\u00ba 11\/2014. Envolve a\u00e7\u00f5es conjuntas do Centro Pedag\u00f3gico, Col\u00e9gio T\u00e9cnico, Teatro Universit\u00e1rio, Diretoria de Rela\u00e7\u00f5es Internacionais, Pr\u00f3-reitoria de P\u00f3s-Gradua\u00e7\u00e3o, N\u00facleo de Acessibilidade e Inclus\u00e3o, entre outros setores que desenvolvem iniciativas [&hellip;]<\/p>\n","protected":false},"author":1,"featured_media":0,"parent":9841,"menu_order":0,"comment_status":"closed","ping_status":"closed","template":"","meta":{"_acf_changed":false,"footnotes":""},"class_list":["post-9856","page","type-page","status-publish","hentry"],"acf":[],"_links":{"self":[{"href":"http:\/\/150.164.63.212:9000\/portal-novo-test\/wp-json\/wp\/v2\/pages\/9856","targetHints":{"allow":["GET"]}}],"collection":[{"href":"http:\/\/150.164.63.212:9000\/portal-novo-test\/wp-json\/wp\/v2\/pages"}],"about":[{"href":"http:\/\/150.164.63.212:9000\/portal-novo-test\/wp-json\/wp\/v2\/types\/page"}],"author":[{"embeddable":true,"href":"http:\/\/150.164.63.212:9000\/portal-novo-test\/wp-json\/wp\/v2\/users\/1"}],"replies":[{"embeddable":true,"href":"http:\/\/150.164.63.212:9000\/portal-novo-test\/wp-json\/wp\/v2\/comments?post=9856"}],"version-history":[{"count":0,"href":"http:\/\/150.164.63.212:9000\/portal-novo-test\/wp-json\/wp\/v2\/pages\/9856\/revisions"}],"up":[{"embeddable":true,"href":"http:\/\/150.164.63.212:9000\/portal-novo-test\/wp-json\/wp\/v2\/pages\/9841"}],"wp:attachment":[{"href":"http:\/\/150.164.63.212:9000\/portal-novo-test\/wp-json\/wp\/v2\/media?parent=9856"}],"curies":[{"name":"wp","href":"https:\/\/api.w.org\/{rel}","templated":true}]}}